{"id":9948,"date":"2022-11-25T11:10:30","date_gmt":"2022-11-25T10:10:30","guid":{"rendered":"https:\/\/blog.europapark.de\/wp-content\/uploads\/2022\/11\/IMG_9807.jpeg"},"modified":"2022-11-25T11:11:39","modified_gmt":"2022-11-25T10:11:39","slug":"img_9807","status":"inherit","type":"attachment","link":"https:\/\/blog.europapark.de\/fr\/portrait\/fan-deuropa-park-jusqua-construire-un-grand-huit-dans-son-jardin\/attachment\/img_9807\/","title":{"rendered":"Can est fier d&#8217;avoir fait d\u00e9couvrir ses cr\u00e9ations \u00e0 J\u00fcrgen (\u00e0 gauche) et Roland (\u00e0 droite) Mack."},"author":22,"featured_media":0,"comment_status":"open","ping_status":"closed","template":"","meta":{"_acf_changed":false},"class_list":["post-9948","attachment","type-attachment","status-inherit","hentry"],"acf":[],"yoast_head":"<!-- This site is optimized with the Yoast SEO plugin v26.9 - https:\/\/yoast.com\/product\/yoast-seo-wordpress\/ -->\n<title>Can est fier d&#039;avoir fait d\u00e9couvrir ses cr\u00e9ations \u00e0 J\u00fcrgen (\u00e0 gauche) et Roland (\u00e0 droite) Mack. - Le blog officiel d\u2019Europa-Park<\/title>\n<meta name=\"robots\" content=\"index, follow, max-snippet:-1, max-image-preview:large, max-video-preview:-1\" \/>\n<link rel=\"canonical\" href=\"https:\/\/blog.europapark.de\/fr\/portrait\/fan-deuropa-park-jusqua-construire-un-grand-huit-dans-son-jardin\/attachment\/img_9807\/\" \/>\n<meta property=\"og:locale\" content=\"fr_FR\" \/>\n<meta property=\"og:type\" content=\"article\" \/>\n<meta property=\"og:title\" content=\"Can est fier d&#039;avoir fait d\u00e9couvrir ses cr\u00e9ations \u00e0 J\u00fcrgen (\u00e0 gauche) et Roland (\u00e0 droite) Mack. - Le blog officiel d\u2019Europa-Park\" \/>\n<meta property=\"og:description\" content=\"Can est fier d&#039;avoir fait d\u00e9couvrir ses cr\u00e9ations \u00e0 J\u00fcrgen (\u00e0 gauche) et Roland (\u00e0 droite) Mack.\" \/>\n<meta property=\"og:url\" content=\"https:\/\/blog.europapark.de\/fr\/portrait\/fan-deuropa-park-jusqua-construire-un-grand-huit-dans-son-jardin\/attachment\/img_9807\/\" \/>\n<meta property=\"og:site_name\" content=\"Le blog officiel d\u2019Europa-Park\" \/>\n<meta property=\"article:modified_time\" content=\"2022-11-25T10:11:39+00:00\" \/>\n<meta property=\"og:image\" content=\"https:\/\/blog.europapark.de\/wp-content\/uploads\/2022\/11\/IMG_9807.jpeg\" \/>\n\t<meta property=\"og:image:width\" content=\"2382\" \/>\n\t<meta property=\"og:image:height\" content=\"1170\" \/>\n\t<meta property=\"og:image:type\" content=\"image\/jpeg\" \/>\n<meta name=\"twitter:card\" content=\"summary_large_image\" \/>\n<script type=\"application\/ld+json\" class=\"yoast-schema-graph\">{\"@context\":\"https:\/\/schema.org\",\"@graph\":[{\"@type\":\"WebPage\",\"@id\":\"https:\/\/blog.europapark.de\/fr\/portrait\/fan-deuropa-park-jusqua-construire-un-grand-huit-dans-son-jardin\/attachment\/img_9807\/\",\"url\":\"https:\/\/blog.europapark.de\/fr\/portrait\/fan-deuropa-park-jusqua-construire-un-grand-huit-dans-son-jardin\/attachment\/img_9807\/\",\"name\":\"Can est fier d'avoir fait d\u00e9couvrir ses cr\u00e9ations \u00e0 J\u00fcrgen (\u00e0 gauche) et Roland (\u00e0 droite) Mack. - Le blog officiel d\u2019Europa-Park\",\"isPartOf\":{\"@id\":\"https:\/\/blog.europapark.de\/fr\/#website\"},\"datePublished\":\"2022-11-25T10:10:30+00:00\",\"dateModified\":\"2022-11-25T10:11:39+00:00\",\"breadcrumb\":{\"@id\":\"https:\/\/blog.europapark.de\/fr\/portrait\/fan-deuropa-park-jusqua-construire-un-grand-huit-dans-son-jardin\/attachment\/img_9807\/#breadcrumb\"},\"inLanguage\":\"fr-FR\",\"potentialAction\":[{\"@type\":\"ReadAction\",\"target\":[\"https:\/\/blog.europapark.de\/fr\/portrait\/fan-deuropa-park-jusqua-construire-un-grand-huit-dans-son-jardin\/attachment\/img_9807\/\"]}]},{\"@type\":\"BreadcrumbList\",\"@id\":\"https:\/\/blog.europapark.de\/fr\/portrait\/fan-deuropa-park-jusqua-construire-un-grand-huit-dans-son-jardin\/attachment\/img_9807\/#breadcrumb\",\"itemListElement\":[{\"@type\":\"ListItem\",\"position\":1,\"name\":\"Accueil\",\"item\":\"https:\/\/blog.europapark.de\/fr\/\"},{\"@type\":\"ListItem\",\"position\":2,\"name\":\"Fan d&#8217;Europa-Park jusqu&#8217;\u00e0 construire un grand huit dans son jardin !\",\"item\":\"https:\/\/blog.europapark.de\/fr\/portrait\/fan-deuropa-park-jusqua-construire-un-grand-huit-dans-son-jardin\/\"},{\"@type\":\"ListItem\",\"position\":3,\"name\":\"Can est fier d&#8217;avoir fait d\u00e9couvrir ses cr\u00e9ations \u00e0 J\u00fcrgen (\u00e0 gauche) et Roland (\u00e0 droite) Mack.\"}]},{\"@type\":\"WebSite\",\"@id\":\"https:\/\/blog.europapark.de\/fr\/#website\",\"url\":\"https:\/\/blog.europapark.de\/fr\/\",\"name\":\"Le blog officiel d\u2019Europa-Park\",\"description\":\"\",\"potentialAction\":[{\"@type\":\"SearchAction\",\"target\":{\"@type\":\"EntryPoint\",\"urlTemplate\":\"https:\/\/blog.europapark.de\/fr\/?s={search_term_string}\"},\"query-input\":{\"@type\":\"PropertyValueSpecification\",\"valueRequired\":true,\"valueName\":\"search_term_string\"}}],\"inLanguage\":\"fr-FR\"}]}<\/script>\n<!-- \/ Yoast SEO plugin. -->","yoast_head_json":{"title":"Can est fier d'avoir fait d\u00e9couvrir ses cr\u00e9ations \u00e0 J\u00fcrgen (\u00e0 gauche) et Roland (\u00e0 droite) Mack. - Le blog officiel d\u2019Europa-Park","robots":{"index":"index","follow":"follow","max-snippet":"max-snippet:-1","max-image-preview":"max-image-preview:large","max-video-preview":"max-video-preview:-1"},"canonical":"https:\/\/blog.europapark.de\/fr\/portrait\/fan-deuropa-park-jusqua-construire-un-grand-huit-dans-son-jardin\/attachment\/img_9807\/","og_locale":"fr_FR","og_type":"article","og_title":"Can est fier d'avoir fait d\u00e9couvrir ses cr\u00e9ations \u00e0 J\u00fcrgen (\u00e0 gauche) et Roland (\u00e0 droite) Mack. - Le blog officiel d\u2019Europa-Park","og_description":"Can est fier d'avoir fait d\u00e9couvrir ses cr\u00e9ations \u00e0 J\u00fcrgen (\u00e0 gauche) et Roland (\u00e0 droite) Mack.","og_url":"https:\/\/blog.europapark.de\/fr\/portrait\/fan-deuropa-park-jusqua-construire-un-grand-huit-dans-son-jardin\/attachment\/img_9807\/","og_site_name":"Le blog officiel d\u2019Europa-Park","article_modified_time":"2022-11-25T10:11:39+00:00","og_image":[{"width":2382,"height":1170,"url":"https:\/\/blog.europapark.de\/wp-content\/uploads\/2022\/11\/IMG_9807.jpeg","type":"image\/jpeg"}],"twitter_card":"summary_large_image","schema":{"@context":"https:\/\/schema.org","@graph":[{"@type":"WebPage","@id":"https:\/\/blog.europapark.de\/fr\/portrait\/fan-deuropa-park-jusqua-construire-un-grand-huit-dans-son-jardin\/attachment\/img_9807\/","url":"https:\/\/blog.europapark.de\/fr\/portrait\/fan-deuropa-park-jusqua-construire-un-grand-huit-dans-son-jardin\/attachment\/img_9807\/","name":"Can est fier d'avoir fait d\u00e9couvrir ses cr\u00e9ations \u00e0 J\u00fcrgen (\u00e0 gauche) et Roland (\u00e0 droite) Mack. - Le blog officiel d\u2019Europa-Park","isPartOf":{"@id":"https:\/\/blog.europapark.de\/fr\/#website"},"datePublished":"2022-11-25T10:10:30+00:00","dateModified":"2022-11-25T10:11:39+00:00","breadcrumb":{"@id":"https:\/\/blog.europapark.de\/fr\/portrait\/fan-deuropa-park-jusqua-construire-un-grand-huit-dans-son-jardin\/attachment\/img_9807\/#breadcrumb"},"inLanguage":"fr-FR","potentialAction":[{"@type":"ReadAction","target":["https:\/\/blog.europapark.de\/fr\/portrait\/fan-deuropa-park-jusqua-construire-un-grand-huit-dans-son-jardin\/attachment\/img_9807\/"]}]},{"@type":"BreadcrumbList","@id":"https:\/\/blog.europapark.de\/fr\/portrait\/fan-deuropa-park-jusqua-construire-un-grand-huit-dans-son-jardin\/attachment\/img_9807\/#breadcrumb","itemListElement":[{"@type":"ListItem","position":1,"name":"Accueil","item":"https:\/\/blog.europapark.de\/fr\/"},{"@type":"ListItem","position":2,"name":"Fan d&#8217;Europa-Park jusqu&#8217;\u00e0 construire un grand huit dans son jardin !","item":"https:\/\/blog.europapark.de\/fr\/portrait\/fan-deuropa-park-jusqua-construire-un-grand-huit-dans-son-jardin\/"},{"@type":"ListItem","position":3,"name":"Can est fier d&#8217;avoir fait d\u00e9couvrir ses cr\u00e9ations \u00e0 J\u00fcrgen (\u00e0 gauche) et Roland (\u00e0 droite) Mack."}]},{"@type":"WebSite","@id":"https:\/\/blog.europapark.de\/fr\/#website","url":"https:\/\/blog.europapark.de\/fr\/","name":"Le blog officiel d\u2019Europa-Park","description":"","potentialAction":[{"@type":"SearchAction","target":{"@type":"EntryPoint","urlTemplate":"https:\/\/blog.europapark.de\/fr\/?s={search_term_string}"},"query-input":{"@type":"PropertyValueSpecification","valueRequired":true,"valueName":"search_term_string"}}],"inLanguage":"fr-FR"}]}},"description":{"rendered":"<p class=\"attachment\"><a href='https:\/\/blog.europapark.de\/wp-content\/uploads\/2022\/11\/IMG_9807.jpeg'><img loading=\"lazy\" decoding=\"async\" width=\"400\" height=\"196\" src=\"https:\/\/blog.europapark.de\/wp-content\/uploads\/2022\/11\/IMG_9807-400x196.jpeg\" class=\"attachment-medium size-medium\" alt=\"Can est fier d&#039;avoir fait d\u00e9couvrir ses cr\u00e9ations \u00e0 J\u00fcrgen (\u00e0 gauche) et Roland (\u00e0 droite) Mack.\" srcset=\"https:\/\/blog.europapark.de\/wp-content\/uploads\/2022\/11\/IMG_9807-400x196.jpeg 400w, https:\/\/blog.europapark.de\/wp-content\/uploads\/2022\/11\/IMG_9807-1024x503.jpeg 1024w, https:\/\/blog.europapark.de\/wp-content\/uploads\/2022\/11\/IMG_9807-768x377.jpeg 768w, https:\/\/blog.europapark.de\/wp-content\/uploads\/2022\/11\/IMG_9807-1536x754.jpeg 1536w, https:\/\/blog.europapark.de\/wp-content\/uploads\/2022\/11\/IMG_9807-2048x1006.jpeg 2048w, https:\/\/blog.europapark.de\/wp-content\/uploads\/2022\/11\/IMG_9807-1700x835.jpeg 1700w\" sizes=\"auto, (max-width: 400px) 100vw, 400px\" \/><\/a><\/p>\n<p>Can est fier d&#8217;avoir fait d\u00e9couvrir ses cr\u00e9ations \u00e0 J\u00fcrgen (\u00e0 gauche) et Roland (\u00e0 droite) Mack.<\/p>\n"},"caption":{"rendered":"<p>Can est fier d&#8217;avoir fait d\u00e9couvrir ses cr\u00e9ations \u00e0 J\u00fcrgen (\u00e0 gauche) et Roland (\u00e0 droite) Mack.<\/p>\n"},"alt_text":"Can est fier d'avoir fait d\u00e9couvrir ses cr\u00e9ations \u00e0 J\u00fcrgen (\u00e0 gauche) et Roland (\u00e0 droite) Mack.","media_type":"image","mime_type":"image\/jpeg","media_details":{"width":2382,"height":1170,"file":"2022\/11\/IMG_9807.jpeg","filesize":529839,"sizes":{"medium":{"file":"IMG_9807-400x196.jpeg","width":400,"height":196,"filesize":19087,"mime_type":"image\/jpeg","source_url":"https:\/\/blog.europapark.de\/wp-content\/uploads\/2022\/11\/IMG_9807-400x196.jpeg"},"large":{"file":"IMG_9807-1024x503.jpeg","width":1024,"height":503,"filesize":87445,"mime_type":"image\/jpeg","source_url":"https:\/\/blog.europapark.de\/wp-content\/uploads\/2022\/11\/IMG_9807-1024x503.jpeg"},"thumbnail":{"file":"IMG_9807-150x150.jpeg","width":150,"height":150,"filesize":6947,"mime_type":"image\/jpeg","source_url":"https:\/\/blog.europapark.de\/wp-content\/uploads\/2022\/11\/IMG_9807-150x150.jpeg"},"medium_large":{"file":"IMG_9807-768x377.jpeg","width":768,"height":377,"filesize":55212,"mime_type":"image\/jpeg","source_url":"https:\/\/blog.europapark.de\/wp-content\/uploads\/2022\/11\/IMG_9807-768x377.jpeg"},"1536x1536":{"file":"IMG_9807-1536x754.jpeg","width":1536,"height":754,"filesize":166209,"mime_type":"image\/jpeg","source_url":"https:\/\/blog.europapark.de\/wp-content\/uploads\/2022\/11\/IMG_9807-1536x754.jpeg"},"2048x2048":{"file":"IMG_9807-2048x1006.jpeg","width":2048,"height":1006,"filesize":258423,"mime_type":"image\/jpeg","source_url":"https:\/\/blog.europapark.de\/wp-content\/uploads\/2022\/11\/IMG_9807-2048x1006.jpeg"},"header-thumb":{"file":"IMG_9807-1700x835.jpeg","width":1700,"height":835,"filesize":195242,"mime_type":"image\/jpeg","source_url":"https:\/\/blog.europapark.de\/wp-content\/uploads\/2022\/11\/IMG_9807-1700x835.jpeg"},"full":{"file":"IMG_9807.jpeg","width":2382,"height":1170,"mime_type":"image\/jpeg","source_url":"https:\/\/blog.europapark.de\/wp-content\/uploads\/2022\/11\/IMG_9807.jpeg"}},"image_meta":{"aperture":"0","credit":"","camera":"","caption":"","created_timestamp":"1659105922","copyright":"","focal_length":"0","iso":"0","shutter_speed":"0","title":"","orientation":"1","keywords":[]}},"post":9897,"source_url":"https:\/\/blog.europapark.de\/wp-content\/uploads\/2022\/11\/IMG_9807.jpeg","_links":{"self":[{"href":"https:\/\/blog.europapark.de\/fr\/wp-json\/wp\/v2\/media\/9948","targetHints":{"allow":["GET"]}}],"collection":[{"href":"https:\/\/blog.europapark.de\/fr\/wp-json\/wp\/v2\/media"}],"about":[{"href":"https:\/\/blog.europapark.de\/fr\/wp-json\/wp\/v2\/types\/attachment"}],"author":[{"embeddable":true,"href":"https:\/\/blog.europapark.de\/fr\/wp-json\/wp\/v2\/users\/22"}],"replies":[{"embeddable":true,"href":"https:\/\/blog.europapark.de\/fr\/wp-json\/wp\/v2\/comments?post=9948"}],"wp:attached-to":[{"embeddable":true,"post_type":"post","id":9897,"href":"https:\/\/blog.europapark.de\/fr\/wp-json\/wp\/v2\/posts\/9897"}],"curies":[{"name":"wp","href":"https:\/\/api.w.org\/{rel}","templated":true}]}}

Can est fier d&#8217;avoir fait découvrir ses créations à Jürgen (à gauche) et Roland (à droite) Mack.

<!-- This site is optimized with the Yoast SEO plugin v26.9 - https://yoast.com/product/yoast-seo-wordpress/ -->
<title>Can est fier d&#039;avoir fait découvrir ses créations à Jürgen (à gauche) et Roland (à droite) Mack. - Le blog officiel d’Europa-Park</title>
<meta name="robots" content="index, follow, max-snippet:-1, max-image-preview:large, max-video-preview:-1" />
<link rel="canonical" href="https://blog.europapark.de/fr/portrait/fan-deuropa-park-jusqua-construire-un-grand-huit-dans-son-jardin/attachment/img_9807/" />
<meta property="og:locale" content="fr_FR" />
<meta property="og:type" content="article" />
<meta property="og:title" content="Can est fier d&#039;avoir fait découvrir ses créations à Jürgen (à gauche) et Roland (à droite) Mack. - Le blog officiel d’Europa-Park" />
<meta property="og:description" content="Can est fier d&#039;avoir fait découvrir ses créations à Jürgen (à gauche) et Roland (à droite) Mack." />
<meta property="og:url" content="https://blog.europapark.de/fr/portrait/fan-deuropa-park-jusqua-construire-un-grand-huit-dans-son-jardin/attachment/img_9807/" />
<meta property="og:site_name" content="Le blog officiel d’Europa-Park" />
<meta property="article:modified_time" content="2022-11-25T10:11:39+00:00" />
<meta property="og:image" content="https://blog.europapark.de/wp-content/uploads/2022/11/IMG_9807.jpeg" />
	<meta property="og:image:width" content="2382" />
	<meta property="og:image:height" content="1170" />
	<meta property="og:image:type" content="image/jpeg" />
<meta name="twitter:card" content="summary_large_image" />
<script type="application/ld+json" class="yoast-schema-graph">{"@context":"https://schema.org","@graph":[{"@type":"WebPage","@id":"https://blog.europapark.de/fr/portrait/fan-deuropa-park-jusqua-construire-un-grand-huit-dans-son-jardin/attachment/img_9807/","url":"https://blog.europapark.de/fr/portrait/fan-deuropa-park-jusqua-construire-un-grand-huit-dans-son-jardin/attachment/img_9807/","name":"Can est fier d'avoir fait découvrir ses créations à Jürgen (à gauche) et Roland (à droite) Mack. - Le blog officiel d’Europa-Park","isPartOf":{"@id":"https://blog.europapark.de/fr/#website"},"datePublished":"2022-11-25T10:10:30+00:00","dateModified":"2022-11-25T10:11:39+00:00","breadcrumb":{"@id":"https://blog.europapark.de/fr/portrait/fan-deuropa-park-jusqua-construire-un-grand-huit-dans-son-jardin/attachment/img_9807/#breadcrumb"},"inLanguage":"fr-FR","potentialAction":[{"@type":"ReadAction","target":["https://blog.europapark.de/fr/portrait/fan-deuropa-park-jusqua-construire-un-grand-huit-dans-son-jardin/attachment/img_9807/"]}]},{"@type":"BreadcrumbList","@id":"https://blog.europapark.de/fr/portrait/fan-deuropa-park-jusqua-construire-un-grand-huit-dans-son-jardin/attachment/img_9807/#breadcrumb","itemListElement":[{"@type":"ListItem","position":1,"name":"Accueil","item":"https://blog.europapark.de/fr/"},{"@type":"ListItem","position":2,"name":"Fan d&#8217;Europa-Park jusqu&#8217;à construire un grand huit dans son jardin !","item":"https://blog.europapark.de/fr/portrait/fan-deuropa-park-jusqua-construire-un-grand-huit-dans-son-jardin/"},{"@type":"ListItem","position":3,"name":"Can est fier d&#8217;avoir fait découvrir ses créations à Jürgen (à gauche) et Roland (à droite) Mack."}]},{"@type":"WebSite","@id":"https://blog.europapark.de/fr/#website","url":"https://blog.europapark.de/fr/","name":"Le blog officiel d’Europa-Park","description":"","potentialAction":[{"@type":"SearchAction","target":{"@type":"EntryPoint","urlTemplate":"https://blog.europapark.de/fr/?s={search_term_string}"},"query-input":{"@type":"PropertyValueSpecification","valueRequired":true,"valueName":"search_term_string"}}],"inLanguage":"fr-FR"}]}</script>
<!-- / Yoast SEO plugin. -->

Can est fier d'avoir fait découvrir ses créations à Jürgen (à gauche) et Roland (à droite) Mack. - Le blog officiel d’Europa-Park

Can est fier d'avoir fait découvrir ses créations à Jürgen (à gauche) et Roland (à droite) Mack.

Fan d&#8217;Europa-Park jusqu&#8217;à construire un grand huit dans son jardin !

<p class="attachment"><a href='https://blog.europapark.de/wp-content/uploads/2022/11/IMG_9807.jpeg'><img loading="lazy" decoding="async" width="400" height="196" src="https://blog.europapark.de/wp-content/uploads/2022/11/IMG_9807-400x196.jpeg" class="attachment-medium size-medium" alt="Can est fier d&#039;avoir fait découvrir ses créations à Jürgen (à gauche) et Roland (à droite) Mack." srcset="https://blog.europapark.de/wp-content/uploads/2022/11/IMG_9807-400x196.jpeg 400w, https://blog.europapark.de/wp-content/uploads/2022/11/IMG_9807-1024x503.jpeg 1024w, https://blog.europapark.de/wp-content/uploads/2022/11/IMG_9807-768x377.jpeg 768w, https://blog.europapark.de/wp-content/uploads/2022/11/IMG_9807-1536x754.jpeg 1536w, https://blog.europapark.de/wp-content/uploads/2022/11/IMG_9807-2048x1006.jpeg 2048w, https://blog.europapark.de/wp-content/uploads/2022/11/IMG_9807-1700x835.jpeg 1700w" sizes="auto, (max-width: 400px) 100vw, 400px" /></a></p>
<p>Can est fier d&#8217;avoir fait découvrir ses créations à Jürgen (à gauche) et Roland (à droite) Mack.</p>

<p>Can est fier d&#8217;avoir fait découvrir ses créations à Jürgen (à gauche) et Roland (à droite) Mack.</p>
