{"id":9402,"date":"2022-08-25T16:53:00","date_gmt":"2022-08-25T14:53:00","guid":{"rendered":"https:\/\/blog.europapark.de\/wp-content\/uploads\/2022\/08\/DSC08363-2.jpg"},"modified":"2022-08-25T16:53:11","modified_gmt":"2022-08-25T14:53:11","slug":"dsc08363-2","status":"inherit","type":"attachment","link":"https:\/\/blog.europapark.de\/fr\/europa-park-fr\/les-francais-deuropa-park-10-loic-schneider-de-saisonnier-a-chef-dequipe-a-blue-fire-megacoaster\/attachment\/dsc08363-2\/","title":{"rendered":""},"author":22,"featured_media":0,"comment_status":"open","ping_status":"closed","template":"","meta":{"_acf_changed":false},"class_list":["post-9402","attachment","type-attachment","status-inherit","hentry"],"acf":[],"yoast_head":"<!-- This site is optimized with the Yoast SEO plugin v26.9 - https:\/\/yoast.com\/product\/yoast-seo-wordpress\/ -->\n<title>- Le blog officiel d\u2019Europa-Park<\/title>\n<meta name=\"robots\" content=\"index, follow, max-snippet:-1, max-image-preview:large, max-video-preview:-1\" \/>\n<link rel=\"canonical\" href=\"https:\/\/blog.europapark.de\/fr\/europa-park-fr\/les-francais-deuropa-park-10-loic-schneider-de-saisonnier-a-chef-dequipe-a-blue-fire-megacoaster\/attachment\/dsc08363-2\/\" \/>\n<meta property=\"og:locale\" content=\"fr_FR\" \/>\n<meta property=\"og:type\" content=\"article\" \/>\n<meta property=\"og:title\" content=\"- Le blog officiel d\u2019Europa-Park\" \/>\n<meta property=\"og:url\" content=\"https:\/\/blog.europapark.de\/fr\/europa-park-fr\/les-francais-deuropa-park-10-loic-schneider-de-saisonnier-a-chef-dequipe-a-blue-fire-megacoaster\/attachment\/dsc08363-2\/\" \/>\n<meta property=\"og:site_name\" content=\"Le blog officiel d\u2019Europa-Park\" \/>\n<meta property=\"article:modified_time\" content=\"2022-08-25T14:53:11+00:00\" \/>\n<meta property=\"og:image\" content=\"https:\/\/blog.europapark.de\/wp-content\/uploads\/2022\/08\/DSC08363-2.jpg\" \/>\n\t<meta property=\"og:image:width\" content=\"2048\" \/>\n\t<meta property=\"og:image:height\" content=\"1152\" \/>\n\t<meta property=\"og:image:type\" content=\"image\/jpeg\" \/>\n<meta name=\"twitter:card\" content=\"summary_large_image\" \/>\n<script type=\"application\/ld+json\" class=\"yoast-schema-graph\">{\"@context\":\"https:\/\/schema.org\",\"@graph\":[{\"@type\":\"WebPage\",\"@id\":\"https:\/\/blog.europapark.de\/fr\/europa-park-fr\/les-francais-deuropa-park-10-loic-schneider-de-saisonnier-a-chef-dequipe-a-blue-fire-megacoaster\/attachment\/dsc08363-2\/\",\"url\":\"https:\/\/blog.europapark.de\/fr\/europa-park-fr\/les-francais-deuropa-park-10-loic-schneider-de-saisonnier-a-chef-dequipe-a-blue-fire-megacoaster\/attachment\/dsc08363-2\/\",\"name\":\"- Le blog officiel d\u2019Europa-Park\",\"isPartOf\":{\"@id\":\"https:\/\/blog.europapark.de\/fr\/#website\"},\"datePublished\":\"2022-08-25T14:53:00+00:00\",\"dateModified\":\"2022-08-25T14:53:11+00:00\",\"breadcrumb\":{\"@id\":\"https:\/\/blog.europapark.de\/fr\/europa-park-fr\/les-francais-deuropa-park-10-loic-schneider-de-saisonnier-a-chef-dequipe-a-blue-fire-megacoaster\/attachment\/dsc08363-2\/#breadcrumb\"},\"inLanguage\":\"fr-FR\",\"potentialAction\":[{\"@type\":\"ReadAction\",\"target\":[\"https:\/\/blog.europapark.de\/fr\/europa-park-fr\/les-francais-deuropa-park-10-loic-schneider-de-saisonnier-a-chef-dequipe-a-blue-fire-megacoaster\/attachment\/dsc08363-2\/\"]}]},{\"@type\":\"BreadcrumbList\",\"@id\":\"https:\/\/blog.europapark.de\/fr\/europa-park-fr\/les-francais-deuropa-park-10-loic-schneider-de-saisonnier-a-chef-dequipe-a-blue-fire-megacoaster\/attachment\/dsc08363-2\/#breadcrumb\",\"itemListElement\":[{\"@type\":\"ListItem\",\"position\":1,\"name\":\"Accueil\",\"item\":\"https:\/\/blog.europapark.de\/fr\/\"},{\"@type\":\"ListItem\",\"position\":2,\"name\":\"Les Fran\u00e7ais d\u2019Europa-Park #10 : Lo\u00efc Schneider, de saisonnier \u00e0 chef d&#8217;\u00e9quipe \u00e0 blue fire Megacoaster\",\"item\":\"https:\/\/blog.europapark.de\/fr\/europa-park-fr\/les-francais-deuropa-park-10-loic-schneider-de-saisonnier-a-chef-dequipe-a-blue-fire-megacoaster\/\"}]},{\"@type\":\"WebSite\",\"@id\":\"https:\/\/blog.europapark.de\/fr\/#website\",\"url\":\"https:\/\/blog.europapark.de\/fr\/\",\"name\":\"Le blog officiel d\u2019Europa-Park\",\"description\":\"\",\"potentialAction\":[{\"@type\":\"SearchAction\",\"target\":{\"@type\":\"EntryPoint\",\"urlTemplate\":\"https:\/\/blog.europapark.de\/fr\/?s={search_term_string}\"},\"query-input\":{\"@type\":\"PropertyValueSpecification\",\"valueRequired\":true,\"valueName\":\"search_term_string\"}}],\"inLanguage\":\"fr-FR\"}]}<\/script>\n<!-- \/ Yoast SEO plugin. -->","yoast_head_json":{"title":"- Le blog officiel d\u2019Europa-Park","robots":{"index":"index","follow":"follow","max-snippet":"max-snippet:-1","max-image-preview":"max-image-preview:large","max-video-preview":"max-video-preview:-1"},"canonical":"https:\/\/blog.europapark.de\/fr\/europa-park-fr\/les-francais-deuropa-park-10-loic-schneider-de-saisonnier-a-chef-dequipe-a-blue-fire-megacoaster\/attachment\/dsc08363-2\/","og_locale":"fr_FR","og_type":"article","og_title":"- Le blog officiel d\u2019Europa-Park","og_url":"https:\/\/blog.europapark.de\/fr\/europa-park-fr\/les-francais-deuropa-park-10-loic-schneider-de-saisonnier-a-chef-dequipe-a-blue-fire-megacoaster\/attachment\/dsc08363-2\/","og_site_name":"Le blog officiel d\u2019Europa-Park","article_modified_time":"2022-08-25T14:53:11+00:00","og_image":[{"width":2048,"height":1152,"url":"https:\/\/blog.europapark.de\/wp-content\/uploads\/2022\/08\/DSC08363-2.jpg","type":"image\/jpeg"}],"twitter_card":"summary_large_image","schema":{"@context":"https:\/\/schema.org","@graph":[{"@type":"WebPage","@id":"https:\/\/blog.europapark.de\/fr\/europa-park-fr\/les-francais-deuropa-park-10-loic-schneider-de-saisonnier-a-chef-dequipe-a-blue-fire-megacoaster\/attachment\/dsc08363-2\/","url":"https:\/\/blog.europapark.de\/fr\/europa-park-fr\/les-francais-deuropa-park-10-loic-schneider-de-saisonnier-a-chef-dequipe-a-blue-fire-megacoaster\/attachment\/dsc08363-2\/","name":"- Le blog officiel d\u2019Europa-Park","isPartOf":{"@id":"https:\/\/blog.europapark.de\/fr\/#website"},"datePublished":"2022-08-25T14:53:00+00:00","dateModified":"2022-08-25T14:53:11+00:00","breadcrumb":{"@id":"https:\/\/blog.europapark.de\/fr\/europa-park-fr\/les-francais-deuropa-park-10-loic-schneider-de-saisonnier-a-chef-dequipe-a-blue-fire-megacoaster\/attachment\/dsc08363-2\/#breadcrumb"},"inLanguage":"fr-FR","potentialAction":[{"@type":"ReadAction","target":["https:\/\/blog.europapark.de\/fr\/europa-park-fr\/les-francais-deuropa-park-10-loic-schneider-de-saisonnier-a-chef-dequipe-a-blue-fire-megacoaster\/attachment\/dsc08363-2\/"]}]},{"@type":"BreadcrumbList","@id":"https:\/\/blog.europapark.de\/fr\/europa-park-fr\/les-francais-deuropa-park-10-loic-schneider-de-saisonnier-a-chef-dequipe-a-blue-fire-megacoaster\/attachment\/dsc08363-2\/#breadcrumb","itemListElement":[{"@type":"ListItem","position":1,"name":"Accueil","item":"https:\/\/blog.europapark.de\/fr\/"},{"@type":"ListItem","position":2,"name":"Les Fran\u00e7ais d\u2019Europa-Park #10 : Lo\u00efc Schneider, de saisonnier \u00e0 chef d&#8217;\u00e9quipe \u00e0 blue fire Megacoaster","item":"https:\/\/blog.europapark.de\/fr\/europa-park-fr\/les-francais-deuropa-park-10-loic-schneider-de-saisonnier-a-chef-dequipe-a-blue-fire-megacoaster\/"}]},{"@type":"WebSite","@id":"https:\/\/blog.europapark.de\/fr\/#website","url":"https:\/\/blog.europapark.de\/fr\/","name":"Le blog officiel d\u2019Europa-Park","description":"","potentialAction":[{"@type":"SearchAction","target":{"@type":"EntryPoint","urlTemplate":"https:\/\/blog.europapark.de\/fr\/?s={search_term_string}"},"query-input":{"@type":"PropertyValueSpecification","valueRequired":true,"valueName":"search_term_string"}}],"inLanguage":"fr-FR"}]}},"description":{"rendered":"<p class=\"attachment\"><a href='https:\/\/blog.europapark.de\/wp-content\/uploads\/2022\/08\/DSC08363-2.jpg'><img loading=\"lazy\" decoding=\"async\" width=\"400\" height=\"225\" src=\"https:\/\/blog.europapark.de\/wp-content\/uploads\/2022\/08\/DSC08363-2-400x225.jpg\" class=\"attachment-medium size-medium\" alt=\"\" srcset=\"https:\/\/blog.europapark.de\/wp-content\/uploads\/2022\/08\/DSC08363-2-400x225.jpg 400w, https:\/\/blog.europapark.de\/wp-content\/uploads\/2022\/08\/DSC08363-2-1024x576.jpg 1024w, https:\/\/blog.europapark.de\/wp-content\/uploads\/2022\/08\/DSC08363-2-768x432.jpg 768w, https:\/\/blog.europapark.de\/wp-content\/uploads\/2022\/08\/DSC08363-2-1536x864.jpg 1536w, https:\/\/blog.europapark.de\/wp-content\/uploads\/2022\/08\/DSC08363-2-1700x956.jpg 1700w, https:\/\/blog.europapark.de\/wp-content\/uploads\/2022\/08\/DSC08363-2.jpg 2048w\" sizes=\"auto, (max-width: 400px) 100vw, 400px\" \/><\/a><\/p>\n"},"caption":{"rendered":""},"alt_text":"","media_type":"image","mime_type":"image\/jpeg","media_details":{"width":2048,"height":1152,"file":"2022\/08\/DSC08363-2.jpg","filesize":1994165,"sizes":{"medium":{"file":"DSC08363-2-400x225.jpg","width":400,"height":225,"filesize":60265,"mime_type":"image\/jpeg","source_url":"https:\/\/blog.europapark.de\/wp-content\/uploads\/2022\/08\/DSC08363-2-400x225.jpg"},"large":{"file":"DSC08363-2-1024x576.jpg","width":1024,"height":576,"filesize":177855,"mime_type":"image\/jpeg","source_url":"https:\/\/blog.europapark.de\/wp-content\/uploads\/2022\/08\/DSC08363-2-1024x576.jpg"},"thumbnail":{"file":"DSC08363-2-150x150.jpg","width":150,"height":150,"filesize":38295,"mime_type":"image\/jpeg","source_url":"https:\/\/blog.europapark.de\/wp-content\/uploads\/2022\/08\/DSC08363-2-150x150.jpg"},"medium_large":{"file":"DSC08363-2-768x432.jpg","width":768,"height":432,"filesize":122219,"mime_type":"image\/jpeg","source_url":"https:\/\/blog.europapark.de\/wp-content\/uploads\/2022\/08\/DSC08363-2-768x432.jpg"},"1536x1536":{"file":"DSC08363-2-1536x864.jpg","width":1536,"height":864,"filesize":321008,"mime_type":"image\/jpeg","source_url":"https:\/\/blog.europapark.de\/wp-content\/uploads\/2022\/08\/DSC08363-2-1536x864.jpg"},"header-thumb":{"file":"DSC08363-2-1700x956.jpg","width":1700,"height":956,"filesize":376570,"mime_type":"image\/jpeg","source_url":"https:\/\/blog.europapark.de\/wp-content\/uploads\/2022\/08\/DSC08363-2-1700x956.jpg"},"full":{"file":"DSC08363-2.jpg","width":2048,"height":1152,"mime_type":"image\/jpeg","source_url":"https:\/\/blog.europapark.de\/wp-content\/uploads\/2022\/08\/DSC08363-2.jpg"}},"image_meta":{"aperture":"0","credit":"","camera":"","caption":"","created_timestamp":"1661440532","copyright":"","focal_length":"0","iso":"0","shutter_speed":"0","title":"","orientation":"0","keywords":[]}},"post":9369,"source_url":"https:\/\/blog.europapark.de\/wp-content\/uploads\/2022\/08\/DSC08363-2.jpg","_links":{"self":[{"href":"https:\/\/blog.europapark.de\/fr\/wp-json\/wp\/v2\/media\/9402","targetHints":{"allow":["GET"]}}],"collection":[{"href":"https:\/\/blog.europapark.de\/fr\/wp-json\/wp\/v2\/media"}],"about":[{"href":"https:\/\/blog.europapark.de\/fr\/wp-json\/wp\/v2\/types\/attachment"}],"author":[{"embeddable":true,"href":"https:\/\/blog.europapark.de\/fr\/wp-json\/wp\/v2\/users\/22"}],"replies":[{"embeddable":true,"href":"https:\/\/blog.europapark.de\/fr\/wp-json\/wp\/v2\/comments?post=9402"}],"wp:attached-to":[{"embeddable":true,"post_type":"post","id":9369,"href":"https:\/\/blog.europapark.de\/fr\/wp-json\/wp\/v2\/posts\/9369"}],"curies":[{"name":"wp","href":"https:\/\/api.w.org\/{rel}","templated":true}]}}

<!-- This site is optimized with the Yoast SEO plugin v26.9 - https://yoast.com/product/yoast-seo-wordpress/ -->
<title>- Le blog officiel d’Europa-Park</title>
<meta name="robots" content="index, follow, max-snippet:-1, max-image-preview:large, max-video-preview:-1" />
<link rel="canonical" href="https://blog.europapark.de/fr/europa-park-fr/les-francais-deuropa-park-10-loic-schneider-de-saisonnier-a-chef-dequipe-a-blue-fire-megacoaster/attachment/dsc08363-2/" />
<meta property="og:locale" content="fr_FR" />
<meta property="og:type" content="article" />
<meta property="og:title" content="- Le blog officiel d’Europa-Park" />
<meta property="og:url" content="https://blog.europapark.de/fr/europa-park-fr/les-francais-deuropa-park-10-loic-schneider-de-saisonnier-a-chef-dequipe-a-blue-fire-megacoaster/attachment/dsc08363-2/" />
<meta property="og:site_name" content="Le blog officiel d’Europa-Park" />
<meta property="article:modified_time" content="2022-08-25T14:53:11+00:00" />
<meta property="og:image" content="https://blog.europapark.de/wp-content/uploads/2022/08/DSC08363-2.jpg" />
	<meta property="og:image:width" content="2048" />
	<meta property="og:image:height" content="1152" />
	<meta property="og:image:type" content="image/jpeg" />
<meta name="twitter:card" content="summary_large_image" />
<script type="application/ld+json" class="yoast-schema-graph">{"@context":"https://schema.org","@graph":[{"@type":"WebPage","@id":"https://blog.europapark.de/fr/europa-park-fr/les-francais-deuropa-park-10-loic-schneider-de-saisonnier-a-chef-dequipe-a-blue-fire-megacoaster/attachment/dsc08363-2/","url":"https://blog.europapark.de/fr/europa-park-fr/les-francais-deuropa-park-10-loic-schneider-de-saisonnier-a-chef-dequipe-a-blue-fire-megacoaster/attachment/dsc08363-2/","name":"- Le blog officiel d’Europa-Park","isPartOf":{"@id":"https://blog.europapark.de/fr/#website"},"datePublished":"2022-08-25T14:53:00+00:00","dateModified":"2022-08-25T14:53:11+00:00","breadcrumb":{"@id":"https://blog.europapark.de/fr/europa-park-fr/les-francais-deuropa-park-10-loic-schneider-de-saisonnier-a-chef-dequipe-a-blue-fire-megacoaster/attachment/dsc08363-2/#breadcrumb"},"inLanguage":"fr-FR","potentialAction":[{"@type":"ReadAction","target":["https://blog.europapark.de/fr/europa-park-fr/les-francais-deuropa-park-10-loic-schneider-de-saisonnier-a-chef-dequipe-a-blue-fire-megacoaster/attachment/dsc08363-2/"]}]},{"@type":"BreadcrumbList","@id":"https://blog.europapark.de/fr/europa-park-fr/les-francais-deuropa-park-10-loic-schneider-de-saisonnier-a-chef-dequipe-a-blue-fire-megacoaster/attachment/dsc08363-2/#breadcrumb","itemListElement":[{"@type":"ListItem","position":1,"name":"Accueil","item":"https://blog.europapark.de/fr/"},{"@type":"ListItem","position":2,"name":"Les Français d’Europa-Park #10 : Loïc Schneider, de saisonnier à chef d&#8217;équipe à blue fire Megacoaster","item":"https://blog.europapark.de/fr/europa-park-fr/les-francais-deuropa-park-10-loic-schneider-de-saisonnier-a-chef-dequipe-a-blue-fire-megacoaster/"}]},{"@type":"WebSite","@id":"https://blog.europapark.de/fr/#website","url":"https://blog.europapark.de/fr/","name":"Le blog officiel d’Europa-Park","description":"","potentialAction":[{"@type":"SearchAction","target":{"@type":"EntryPoint","urlTemplate":"https://blog.europapark.de/fr/?s={search_term_string}"},"query-input":{"@type":"PropertyValueSpecification","valueRequired":true,"valueName":"search_term_string"}}],"inLanguage":"fr-FR"}]}</script>
<!-- / Yoast SEO plugin. -->

Les Français d’Europa-Park #10 : Loïc Schneider, de saisonnier à chef d&#8217;équipe à blue fire Megacoaster
