{"id":9361,"date":"2022-08-15T18:03:53","date_gmt":"2022-08-15T16:03:53","guid":{"rendered":"https:\/\/blog.europapark.de\/wp-content\/uploads\/2022\/08\/EP09_Island_Blue_fire_Ballons_02.jpg"},"modified":"2022-08-15T18:03:53","modified_gmt":"2022-08-15T16:03:53","slug":"ep09_island_blue_fire_ballons_02","status":"inherit","type":"attachment","link":"https:\/\/blog.europapark.de\/fr\/europa-park-fr\/celebrons-la-journee-mondiale-des-grands-huit\/attachment\/ep09_island_blue_fire_ballons_02\/","title":{"rendered":"EP09 Island Blue Fire Ballons 02"},"author":12,"featured_media":0,"comment_status":"open","ping_status":"closed","template":"","meta":{"_acf_changed":false},"class_list":["post-9361","attachment","type-attachment","status-inherit","hentry"],"acf":[],"yoast_head":"<!-- This site is optimized with the Yoast SEO plugin v26.9 - https:\/\/yoast.com\/product\/yoast-seo-wordpress\/ -->\n<title>EP09 Island Blue Fire Ballons 02 - Le blog officiel d\u2019Europa-Park<\/title>\n<meta name=\"robots\" content=\"index, follow, max-snippet:-1, max-image-preview:large, max-video-preview:-1\" \/>\n<link rel=\"canonical\" href=\"https:\/\/blog.europapark.de\/fr\/europa-park-fr\/celebrons-la-journee-mondiale-des-grands-huit\/attachment\/ep09_island_blue_fire_ballons_02\/\" \/>\n<meta property=\"og:locale\" content=\"fr_FR\" \/>\n<meta property=\"og:type\" content=\"article\" \/>\n<meta property=\"og:title\" content=\"EP09 Island Blue Fire Ballons 02 - Le blog officiel d\u2019Europa-Park\" \/>\n<meta property=\"og:url\" content=\"https:\/\/blog.europapark.de\/fr\/europa-park-fr\/celebrons-la-journee-mondiale-des-grands-huit\/attachment\/ep09_island_blue_fire_ballons_02\/\" \/>\n<meta property=\"og:site_name\" content=\"Le blog officiel d\u2019Europa-Park\" \/>\n<meta property=\"og:image\" content=\"https:\/\/blog.europapark.de\/wp-content\/uploads\/2022\/08\/EP09_Island_Blue_fire_Ballons_02-scaled-e1660579470939.jpg\" \/>\n\t<meta property=\"og:image:width\" content=\"2560\" \/>\n\t<meta property=\"og:image:height\" content=\"1292\" \/>\n\t<meta property=\"og:image:type\" content=\"image\/jpeg\" \/>\n<meta name=\"twitter:card\" content=\"summary_large_image\" \/>\n<script type=\"application\/ld+json\" class=\"yoast-schema-graph\">{\"@context\":\"https:\/\/schema.org\",\"@graph\":[{\"@type\":\"WebPage\",\"@id\":\"https:\/\/blog.europapark.de\/fr\/europa-park-fr\/celebrons-la-journee-mondiale-des-grands-huit\/attachment\/ep09_island_blue_fire_ballons_02\/\",\"url\":\"https:\/\/blog.europapark.de\/fr\/europa-park-fr\/celebrons-la-journee-mondiale-des-grands-huit\/attachment\/ep09_island_blue_fire_ballons_02\/\",\"name\":\"EP09 Island Blue Fire Ballons 02 - Le blog officiel d\u2019Europa-Park\",\"isPartOf\":{\"@id\":\"https:\/\/blog.europapark.de\/fr\/#website\"},\"datePublished\":\"2022-08-15T16:03:53+00:00\",\"breadcrumb\":{\"@id\":\"https:\/\/blog.europapark.de\/fr\/europa-park-fr\/celebrons-la-journee-mondiale-des-grands-huit\/attachment\/ep09_island_blue_fire_ballons_02\/#breadcrumb\"},\"inLanguage\":\"fr-FR\",\"potentialAction\":[{\"@type\":\"ReadAction\",\"target\":[\"https:\/\/blog.europapark.de\/fr\/europa-park-fr\/celebrons-la-journee-mondiale-des-grands-huit\/attachment\/ep09_island_blue_fire_ballons_02\/\"]}]},{\"@type\":\"BreadcrumbList\",\"@id\":\"https:\/\/blog.europapark.de\/fr\/europa-park-fr\/celebrons-la-journee-mondiale-des-grands-huit\/attachment\/ep09_island_blue_fire_ballons_02\/#breadcrumb\",\"itemListElement\":[{\"@type\":\"ListItem\",\"position\":1,\"name\":\"Accueil\",\"item\":\"https:\/\/blog.europapark.de\/fr\/\"},{\"@type\":\"ListItem\",\"position\":2,\"name\":\"C\u00e9l\u00e9brons la journ\u00e9e mondiale des grands huit !\",\"item\":\"https:\/\/blog.europapark.de\/fr\/europa-park-fr\/celebrons-la-journee-mondiale-des-grands-huit\/\"},{\"@type\":\"ListItem\",\"position\":3,\"name\":\"EP09_Island_Blue_fire_Ballons_02\"}]},{\"@type\":\"WebSite\",\"@id\":\"https:\/\/blog.europapark.de\/fr\/#website\",\"url\":\"https:\/\/blog.europapark.de\/fr\/\",\"name\":\"Le blog officiel d\u2019Europa-Park\",\"description\":\"\",\"potentialAction\":[{\"@type\":\"SearchAction\",\"target\":{\"@type\":\"EntryPoint\",\"urlTemplate\":\"https:\/\/blog.europapark.de\/fr\/?s={search_term_string}\"},\"query-input\":{\"@type\":\"PropertyValueSpecification\",\"valueRequired\":true,\"valueName\":\"search_term_string\"}}],\"inLanguage\":\"fr-FR\"}]}<\/script>\n<!-- \/ Yoast SEO plugin. -->","yoast_head_json":{"title":"EP09 Island Blue Fire Ballons 02 - Le blog officiel d\u2019Europa-Park","robots":{"index":"index","follow":"follow","max-snippet":"max-snippet:-1","max-image-preview":"max-image-preview:large","max-video-preview":"max-video-preview:-1"},"canonical":"https:\/\/blog.europapark.de\/fr\/europa-park-fr\/celebrons-la-journee-mondiale-des-grands-huit\/attachment\/ep09_island_blue_fire_ballons_02\/","og_locale":"fr_FR","og_type":"article","og_title":"EP09 Island Blue Fire Ballons 02 - Le blog officiel d\u2019Europa-Park","og_url":"https:\/\/blog.europapark.de\/fr\/europa-park-fr\/celebrons-la-journee-mondiale-des-grands-huit\/attachment\/ep09_island_blue_fire_ballons_02\/","og_site_name":"Le blog officiel d\u2019Europa-Park","og_image":[{"width":2560,"height":1292,"url":"https:\/\/blog.europapark.de\/wp-content\/uploads\/2022\/08\/EP09_Island_Blue_fire_Ballons_02-scaled-e1660579470939.jpg","type":"image\/jpeg"}],"twitter_card":"summary_large_image","schema":{"@context":"https:\/\/schema.org","@graph":[{"@type":"WebPage","@id":"https:\/\/blog.europapark.de\/fr\/europa-park-fr\/celebrons-la-journee-mondiale-des-grands-huit\/attachment\/ep09_island_blue_fire_ballons_02\/","url":"https:\/\/blog.europapark.de\/fr\/europa-park-fr\/celebrons-la-journee-mondiale-des-grands-huit\/attachment\/ep09_island_blue_fire_ballons_02\/","name":"EP09 Island Blue Fire Ballons 02 - Le blog officiel d\u2019Europa-Park","isPartOf":{"@id":"https:\/\/blog.europapark.de\/fr\/#website"},"datePublished":"2022-08-15T16:03:53+00:00","breadcrumb":{"@id":"https:\/\/blog.europapark.de\/fr\/europa-park-fr\/celebrons-la-journee-mondiale-des-grands-huit\/attachment\/ep09_island_blue_fire_ballons_02\/#breadcrumb"},"inLanguage":"fr-FR","potentialAction":[{"@type":"ReadAction","target":["https:\/\/blog.europapark.de\/fr\/europa-park-fr\/celebrons-la-journee-mondiale-des-grands-huit\/attachment\/ep09_island_blue_fire_ballons_02\/"]}]},{"@type":"BreadcrumbList","@id":"https:\/\/blog.europapark.de\/fr\/europa-park-fr\/celebrons-la-journee-mondiale-des-grands-huit\/attachment\/ep09_island_blue_fire_ballons_02\/#breadcrumb","itemListElement":[{"@type":"ListItem","position":1,"name":"Accueil","item":"https:\/\/blog.europapark.de\/fr\/"},{"@type":"ListItem","position":2,"name":"C\u00e9l\u00e9brons la journ\u00e9e mondiale des grands huit !","item":"https:\/\/blog.europapark.de\/fr\/europa-park-fr\/celebrons-la-journee-mondiale-des-grands-huit\/"},{"@type":"ListItem","position":3,"name":"EP09_Island_Blue_fire_Ballons_02"}]},{"@type":"WebSite","@id":"https:\/\/blog.europapark.de\/fr\/#website","url":"https:\/\/blog.europapark.de\/fr\/","name":"Le blog officiel d\u2019Europa-Park","description":"","potentialAction":[{"@type":"SearchAction","target":{"@type":"EntryPoint","urlTemplate":"https:\/\/blog.europapark.de\/fr\/?s={search_term_string}"},"query-input":{"@type":"PropertyValueSpecification","valueRequired":true,"valueName":"search_term_string"}}],"inLanguage":"fr-FR"}]}},"description":{"rendered":"<p class=\"attachment\"><a href='https:\/\/blog.europapark.de\/wp-content\/uploads\/2022\/08\/EP09_Island_Blue_fire_Ballons_02-scaled-e1660579470939.jpg'><img loading=\"lazy\" decoding=\"async\" width=\"400\" height=\"202\" src=\"https:\/\/blog.europapark.de\/wp-content\/uploads\/2022\/08\/EP09_Island_Blue_fire_Ballons_02-scaled-e1660579470939-400x202.jpg\" class=\"attachment-medium size-medium\" alt=\"\" srcset=\"https:\/\/blog.europapark.de\/wp-content\/uploads\/2022\/08\/EP09_Island_Blue_fire_Ballons_02-scaled-e1660579470939-400x202.jpg 400w, https:\/\/blog.europapark.de\/wp-content\/uploads\/2022\/08\/EP09_Island_Blue_fire_Ballons_02-scaled-e1660579470939-1024x517.jpg 1024w, https:\/\/blog.europapark.de\/wp-content\/uploads\/2022\/08\/EP09_Island_Blue_fire_Ballons_02-scaled-e1660579470939-768x388.jpg 768w, https:\/\/blog.europapark.de\/wp-content\/uploads\/2022\/08\/EP09_Island_Blue_fire_Ballons_02-scaled-e1660579470939-1536x775.jpg 1536w, https:\/\/blog.europapark.de\/wp-content\/uploads\/2022\/08\/EP09_Island_Blue_fire_Ballons_02-scaled-e1660579470939-2048x1034.jpg 2048w, https:\/\/blog.europapark.de\/wp-content\/uploads\/2022\/08\/EP09_Island_Blue_fire_Ballons_02-scaled-e1660579470939-1700x858.jpg 1700w\" sizes=\"auto, (max-width: 400px) 100vw, 400px\" \/><\/a><\/p>\n"},"caption":{"rendered":""},"alt_text":"","media_type":"image","mime_type":"image\/jpeg","media_details":{"width":2560,"height":1292,"file":"2022\/08\/EP09_Island_Blue_fire_Ballons_02-scaled-e1660579470939.jpg","filesize":454524,"sizes":{"medium":{"file":"EP09_Island_Blue_fire_Ballons_02-scaled-e1660579470939-400x202.jpg","width":400,"height":202,"filesize":37596,"mime_type":"image\/jpeg","source_url":"https:\/\/blog.europapark.de\/wp-content\/uploads\/2022\/08\/EP09_Island_Blue_fire_Ballons_02-scaled-e1660579470939-400x202.jpg"},"large":{"file":"EP09_Island_Blue_fire_Ballons_02-scaled-e1660579470939-1024x517.jpg","width":1024,"height":517,"filesize":110330,"mime_type":"image\/jpeg","source_url":"https:\/\/blog.europapark.de\/wp-content\/uploads\/2022\/08\/EP09_Island_Blue_fire_Ballons_02-scaled-e1660579470939-1024x517.jpg"},"thumbnail":{"file":"EP09_Island_Blue_fire_Ballons_02-scaled-e1660579470939-150x150.jpg","width":150,"height":150,"filesize":25794,"mime_type":"image\/jpeg","source_url":"https:\/\/blog.europapark.de\/wp-content\/uploads\/2022\/08\/EP09_Island_Blue_fire_Ballons_02-scaled-e1660579470939-150x150.jpg"},"medium_large":{"file":"EP09_Island_Blue_fire_Ballons_02-scaled-e1660579470939-768x388.jpg","width":768,"height":388,"filesize":75964,"mime_type":"image\/jpeg","source_url":"https:\/\/blog.europapark.de\/wp-content\/uploads\/2022\/08\/EP09_Island_Blue_fire_Ballons_02-scaled-e1660579470939-768x388.jpg"},"1536x1536":{"file":"EP09_Island_Blue_fire_Ballons_02-scaled-e1660579470939-1536x775.jpg","width":1536,"height":775,"filesize":196581,"mime_type":"image\/jpeg","source_url":"https:\/\/blog.europapark.de\/wp-content\/uploads\/2022\/08\/EP09_Island_Blue_fire_Ballons_02-scaled-e1660579470939-1536x775.jpg"},"2048x2048":{"file":"EP09_Island_Blue_fire_Ballons_02-scaled-e1660579470939-2048x1034.jpg","width":2048,"height":1034,"filesize":302992,"mime_type":"image\/jpeg","source_url":"https:\/\/blog.europapark.de\/wp-content\/uploads\/2022\/08\/EP09_Island_Blue_fire_Ballons_02-scaled-e1660579470939-2048x1034.jpg"},"header-thumb":{"file":"EP09_Island_Blue_fire_Ballons_02-scaled-e1660579470939-1700x858.jpg","width":1700,"height":858,"filesize":230299,"mime_type":"image\/jpeg","source_url":"https:\/\/blog.europapark.de\/wp-content\/uploads\/2022\/08\/EP09_Island_Blue_fire_Ballons_02-scaled-e1660579470939-1700x858.jpg"},"full":{"file":"EP09_Island_Blue_fire_Ballons_02-scaled-e1660579470939.jpg","width":2560,"height":1292,"mime_type":"image\/jpeg","source_url":"https:\/\/blog.europapark.de\/wp-content\/uploads\/2022\/08\/EP09_Island_Blue_fire_Ballons_02-scaled-e1660579470939.jpg"}},"image_meta":{"aperture":"9","credit":"","camera":"Canon EOS-1Ds Mark III","caption":"","created_timestamp":"1253376624","copyright":"","focal_length":"16","iso":"250","shutter_speed":"0.000625","title":"","orientation":"1","keywords":[]},"original_image":"EP09_Island_Blue_fire_Ballons_02.jpg"},"post":9338,"source_url":"https:\/\/blog.europapark.de\/wp-content\/uploads\/2022\/08\/EP09_Island_Blue_fire_Ballons_02-scaled-e1660579470939.jpg","_links":{"self":[{"href":"https:\/\/blog.europapark.de\/fr\/wp-json\/wp\/v2\/media\/9361","targetHints":{"allow":["GET"]}}],"collection":[{"href":"https:\/\/blog.europapark.de\/fr\/wp-json\/wp\/v2\/media"}],"about":[{"href":"https:\/\/blog.europapark.de\/fr\/wp-json\/wp\/v2\/types\/attachment"}],"author":[{"embeddable":true,"href":"https:\/\/blog.europapark.de\/fr\/wp-json\/wp\/v2\/users\/12"}],"replies":[{"embeddable":true,"href":"https:\/\/blog.europapark.de\/fr\/wp-json\/wp\/v2\/comments?post=9361"}],"wp:attached-to":[{"embeddable":true,"post_type":"post","id":9338,"href":"https:\/\/blog.europapark.de\/fr\/wp-json\/wp\/v2\/posts\/9338"}],"curies":[{"name":"wp","href":"https:\/\/api.w.org\/{rel}","templated":true}]}}

<!-- This site is optimized with the Yoast SEO plugin v26.9 - https://yoast.com/product/yoast-seo-wordpress/ -->
<title>EP09 Island Blue Fire Ballons 02 - Le blog officiel d’Europa-Park</title>
<meta name="robots" content="index, follow, max-snippet:-1, max-image-preview:large, max-video-preview:-1" />
<link rel="canonical" href="https://blog.europapark.de/fr/europa-park-fr/celebrons-la-journee-mondiale-des-grands-huit/attachment/ep09_island_blue_fire_ballons_02/" />
<meta property="og:locale" content="fr_FR" />
<meta property="og:type" content="article" />
<meta property="og:title" content="EP09 Island Blue Fire Ballons 02 - Le blog officiel d’Europa-Park" />
<meta property="og:url" content="https://blog.europapark.de/fr/europa-park-fr/celebrons-la-journee-mondiale-des-grands-huit/attachment/ep09_island_blue_fire_ballons_02/" />
<meta property="og:site_name" content="Le blog officiel d’Europa-Park" />
<meta property="og:image" content="https://blog.europapark.de/wp-content/uploads/2022/08/EP09_Island_Blue_fire_Ballons_02-scaled-e1660579470939.jpg" />
	<meta property="og:image:width" content="2560" />
	<meta property="og:image:height" content="1292" />
	<meta property="og:image:type" content="image/jpeg" />
<meta name="twitter:card" content="summary_large_image" />
<script type="application/ld+json" class="yoast-schema-graph">{"@context":"https://schema.org","@graph":[{"@type":"WebPage","@id":"https://blog.europapark.de/fr/europa-park-fr/celebrons-la-journee-mondiale-des-grands-huit/attachment/ep09_island_blue_fire_ballons_02/","url":"https://blog.europapark.de/fr/europa-park-fr/celebrons-la-journee-mondiale-des-grands-huit/attachment/ep09_island_blue_fire_ballons_02/","name":"EP09 Island Blue Fire Ballons 02 - Le blog officiel d’Europa-Park","isPartOf":{"@id":"https://blog.europapark.de/fr/#website"},"datePublished":"2022-08-15T16:03:53+00:00","breadcrumb":{"@id":"https://blog.europapark.de/fr/europa-park-fr/celebrons-la-journee-mondiale-des-grands-huit/attachment/ep09_island_blue_fire_ballons_02/#breadcrumb"},"inLanguage":"fr-FR","potentialAction":[{"@type":"ReadAction","target":["https://blog.europapark.de/fr/europa-park-fr/celebrons-la-journee-mondiale-des-grands-huit/attachment/ep09_island_blue_fire_ballons_02/"]}]},{"@type":"BreadcrumbList","@id":"https://blog.europapark.de/fr/europa-park-fr/celebrons-la-journee-mondiale-des-grands-huit/attachment/ep09_island_blue_fire_ballons_02/#breadcrumb","itemListElement":[{"@type":"ListItem","position":1,"name":"Accueil","item":"https://blog.europapark.de/fr/"},{"@type":"ListItem","position":2,"name":"Célébrons la journée mondiale des grands huit !","item":"https://blog.europapark.de/fr/europa-park-fr/celebrons-la-journee-mondiale-des-grands-huit/"},{"@type":"ListItem","position":3,"name":"EP09_Island_Blue_fire_Ballons_02"}]},{"@type":"WebSite","@id":"https://blog.europapark.de/fr/#website","url":"https://blog.europapark.de/fr/","name":"Le blog officiel d’Europa-Park","description":"","potentialAction":[{"@type":"SearchAction","target":{"@type":"EntryPoint","urlTemplate":"https://blog.europapark.de/fr/?s={search_term_string}"},"query-input":{"@type":"PropertyValueSpecification","valueRequired":true,"valueName":"search_term_string"}}],"inLanguage":"fr-FR"}]}</script>
<!-- / Yoast SEO plugin. -->

Célébrons la journée mondiale des grands huit !
