{"id":9348,"date":"2022-08-15T17:52:47","date_gmt":"2022-08-15T15:52:47","guid":{"rendered":"https:\/\/blog.europapark.de\/wp-content\/uploads\/2022\/08\/1984_005.jpg"},"modified":"2022-08-15T17:53:27","modified_gmt":"2022-08-15T15:53:27","slug":"1984_005","status":"inherit","type":"attachment","link":"https:\/\/blog.europapark.de\/fr\/europa-park-fr\/celebrons-la-journee-mondiale-des-grands-huit\/attachment\/1984_005\/","title":{"rendered":""},"author":12,"featured_media":0,"comment_status":"open","ping_status":"closed","template":"","meta":{"_acf_changed":false},"class_list":["post-9348","attachment","type-attachment","status-inherit","hentry"],"acf":[],"yoast_head":"<!-- This site is optimized with the Yoast SEO plugin v26.9 - https:\/\/yoast.com\/product\/yoast-seo-wordpress\/ -->\n<title>- Le blog officiel d\u2019Europa-Park<\/title>\n<meta name=\"robots\" content=\"index, follow, max-snippet:-1, max-image-preview:large, max-video-preview:-1\" \/>\n<link rel=\"canonical\" href=\"https:\/\/blog.europapark.de\/fr\/europa-park-fr\/celebrons-la-journee-mondiale-des-grands-huit\/attachment\/1984_005\/\" \/>\n<meta property=\"og:locale\" content=\"fr_FR\" \/>\n<meta property=\"og:type\" content=\"article\" \/>\n<meta property=\"og:title\" content=\"- Le blog officiel d\u2019Europa-Park\" \/>\n<meta property=\"og:description\" content=\"L&#039;Express des Alpes l&#039;ann\u00e9e de son ouverture en 1984.\" \/>\n<meta property=\"og:url\" content=\"https:\/\/blog.europapark.de\/fr\/europa-park-fr\/celebrons-la-journee-mondiale-des-grands-huit\/attachment\/1984_005\/\" \/>\n<meta property=\"og:site_name\" content=\"Le blog officiel d\u2019Europa-Park\" \/>\n<meta property=\"article:modified_time\" content=\"2022-08-15T15:53:27+00:00\" \/>\n<meta property=\"og:image\" content=\"https:\/\/blog.europapark.de\/wp-content\/uploads\/2022\/08\/1984_005.jpg\" \/>\n\t<meta property=\"og:image:width\" content=\"1223\" \/>\n\t<meta property=\"og:image:height\" content=\"582\" \/>\n\t<meta property=\"og:image:type\" content=\"image\/jpeg\" \/>\n<meta name=\"twitter:card\" content=\"summary_large_image\" \/>\n<script type=\"application\/ld+json\" class=\"yoast-schema-graph\">{\"@context\":\"https:\/\/schema.org\",\"@graph\":[{\"@type\":\"WebPage\",\"@id\":\"https:\/\/blog.europapark.de\/fr\/europa-park-fr\/celebrons-la-journee-mondiale-des-grands-huit\/attachment\/1984_005\/\",\"url\":\"https:\/\/blog.europapark.de\/fr\/europa-park-fr\/celebrons-la-journee-mondiale-des-grands-huit\/attachment\/1984_005\/\",\"name\":\"- Le blog officiel d\u2019Europa-Park\",\"isPartOf\":{\"@id\":\"https:\/\/blog.europapark.de\/fr\/#website\"},\"datePublished\":\"2022-08-15T15:52:47+00:00\",\"dateModified\":\"2022-08-15T15:53:27+00:00\",\"breadcrumb\":{\"@id\":\"https:\/\/blog.europapark.de\/fr\/europa-park-fr\/celebrons-la-journee-mondiale-des-grands-huit\/attachment\/1984_005\/#breadcrumb\"},\"inLanguage\":\"fr-FR\",\"potentialAction\":[{\"@type\":\"ReadAction\",\"target\":[\"https:\/\/blog.europapark.de\/fr\/europa-park-fr\/celebrons-la-journee-mondiale-des-grands-huit\/attachment\/1984_005\/\"]}]},{\"@type\":\"BreadcrumbList\",\"@id\":\"https:\/\/blog.europapark.de\/fr\/europa-park-fr\/celebrons-la-journee-mondiale-des-grands-huit\/attachment\/1984_005\/#breadcrumb\",\"itemListElement\":[{\"@type\":\"ListItem\",\"position\":1,\"name\":\"Accueil\",\"item\":\"https:\/\/blog.europapark.de\/fr\/\"},{\"@type\":\"ListItem\",\"position\":2,\"name\":\"C\u00e9l\u00e9brons la journ\u00e9e mondiale des grands huit !\",\"item\":\"https:\/\/blog.europapark.de\/fr\/europa-park-fr\/celebrons-la-journee-mondiale-des-grands-huit\/\"}]},{\"@type\":\"WebSite\",\"@id\":\"https:\/\/blog.europapark.de\/fr\/#website\",\"url\":\"https:\/\/blog.europapark.de\/fr\/\",\"name\":\"Le blog officiel d\u2019Europa-Park\",\"description\":\"\",\"potentialAction\":[{\"@type\":\"SearchAction\",\"target\":{\"@type\":\"EntryPoint\",\"urlTemplate\":\"https:\/\/blog.europapark.de\/fr\/?s={search_term_string}\"},\"query-input\":{\"@type\":\"PropertyValueSpecification\",\"valueRequired\":true,\"valueName\":\"search_term_string\"}}],\"inLanguage\":\"fr-FR\"}]}<\/script>\n<!-- \/ Yoast SEO plugin. -->","yoast_head_json":{"title":"- Le blog officiel d\u2019Europa-Park","robots":{"index":"index","follow":"follow","max-snippet":"max-snippet:-1","max-image-preview":"max-image-preview:large","max-video-preview":"max-video-preview:-1"},"canonical":"https:\/\/blog.europapark.de\/fr\/europa-park-fr\/celebrons-la-journee-mondiale-des-grands-huit\/attachment\/1984_005\/","og_locale":"fr_FR","og_type":"article","og_title":"- Le blog officiel d\u2019Europa-Park","og_description":"L'Express des Alpes l'ann\u00e9e de son ouverture en 1984.","og_url":"https:\/\/blog.europapark.de\/fr\/europa-park-fr\/celebrons-la-journee-mondiale-des-grands-huit\/attachment\/1984_005\/","og_site_name":"Le blog officiel d\u2019Europa-Park","article_modified_time":"2022-08-15T15:53:27+00:00","og_image":[{"width":1223,"height":582,"url":"https:\/\/blog.europapark.de\/wp-content\/uploads\/2022\/08\/1984_005.jpg","type":"image\/jpeg"}],"twitter_card":"summary_large_image","schema":{"@context":"https:\/\/schema.org","@graph":[{"@type":"WebPage","@id":"https:\/\/blog.europapark.de\/fr\/europa-park-fr\/celebrons-la-journee-mondiale-des-grands-huit\/attachment\/1984_005\/","url":"https:\/\/blog.europapark.de\/fr\/europa-park-fr\/celebrons-la-journee-mondiale-des-grands-huit\/attachment\/1984_005\/","name":"- Le blog officiel d\u2019Europa-Park","isPartOf":{"@id":"https:\/\/blog.europapark.de\/fr\/#website"},"datePublished":"2022-08-15T15:52:47+00:00","dateModified":"2022-08-15T15:53:27+00:00","breadcrumb":{"@id":"https:\/\/blog.europapark.de\/fr\/europa-park-fr\/celebrons-la-journee-mondiale-des-grands-huit\/attachment\/1984_005\/#breadcrumb"},"inLanguage":"fr-FR","potentialAction":[{"@type":"ReadAction","target":["https:\/\/blog.europapark.de\/fr\/europa-park-fr\/celebrons-la-journee-mondiale-des-grands-huit\/attachment\/1984_005\/"]}]},{"@type":"BreadcrumbList","@id":"https:\/\/blog.europapark.de\/fr\/europa-park-fr\/celebrons-la-journee-mondiale-des-grands-huit\/attachment\/1984_005\/#breadcrumb","itemListElement":[{"@type":"ListItem","position":1,"name":"Accueil","item":"https:\/\/blog.europapark.de\/fr\/"},{"@type":"ListItem","position":2,"name":"C\u00e9l\u00e9brons la journ\u00e9e mondiale des grands huit !","item":"https:\/\/blog.europapark.de\/fr\/europa-park-fr\/celebrons-la-journee-mondiale-des-grands-huit\/"}]},{"@type":"WebSite","@id":"https:\/\/blog.europapark.de\/fr\/#website","url":"https:\/\/blog.europapark.de\/fr\/","name":"Le blog officiel d\u2019Europa-Park","description":"","potentialAction":[{"@type":"SearchAction","target":{"@type":"EntryPoint","urlTemplate":"https:\/\/blog.europapark.de\/fr\/?s={search_term_string}"},"query-input":{"@type":"PropertyValueSpecification","valueRequired":true,"valueName":"search_term_string"}}],"inLanguage":"fr-FR"}]}},"description":{"rendered":"<p class=\"attachment\"><a href='https:\/\/blog.europapark.de\/wp-content\/uploads\/2022\/08\/1984_005.jpg'><img loading=\"lazy\" decoding=\"async\" width=\"400\" height=\"190\" src=\"https:\/\/blog.europapark.de\/wp-content\/uploads\/2022\/08\/1984_005-400x190.jpg\" class=\"attachment-medium size-medium\" alt=\"\" srcset=\"https:\/\/blog.europapark.de\/wp-content\/uploads\/2022\/08\/1984_005-400x190.jpg 400w, https:\/\/blog.europapark.de\/wp-content\/uploads\/2022\/08\/1984_005-1024x487.jpg 1024w, https:\/\/blog.europapark.de\/wp-content\/uploads\/2022\/08\/1984_005-768x365.jpg 768w, https:\/\/blog.europapark.de\/wp-content\/uploads\/2022\/08\/1984_005.jpg 1223w\" sizes=\"auto, (max-width: 400px) 100vw, 400px\" \/><\/a><\/p>\n"},"caption":{"rendered":"<p>L&#8217;Express des Alpes l&#8217;ann\u00e9e de son ouverture en 1984.<\/p>\n"},"alt_text":"","media_type":"image","mime_type":"image\/jpeg","media_details":{"width":1223,"height":582,"file":"2022\/08\/1984_005.jpg","filesize":545071,"sizes":{"medium":{"file":"1984_005-400x190.jpg","width":400,"height":190,"filesize":39526,"mime_type":"image\/jpeg","source_url":"https:\/\/blog.europapark.de\/wp-content\/uploads\/2022\/08\/1984_005-400x190.jpg"},"large":{"file":"1984_005-1024x487.jpg","width":1024,"height":487,"filesize":141396,"mime_type":"image\/jpeg","source_url":"https:\/\/blog.europapark.de\/wp-content\/uploads\/2022\/08\/1984_005-1024x487.jpg"},"thumbnail":{"file":"1984_005-150x150.jpg","width":150,"height":150,"filesize":22147,"mime_type":"image\/jpeg","source_url":"https:\/\/blog.europapark.de\/wp-content\/uploads\/2022\/08\/1984_005-150x150.jpg"},"medium_large":{"file":"1984_005-768x365.jpg","width":768,"height":365,"filesize":94343,"mime_type":"image\/jpeg","source_url":"https:\/\/blog.europapark.de\/wp-content\/uploads\/2022\/08\/1984_005-768x365.jpg"},"full":{"file":"1984_005.jpg","width":1223,"height":582,"mime_type":"image\/jpeg","source_url":"https:\/\/blog.europapark.de\/wp-content\/uploads\/2022\/08\/1984_005.jpg"}},"image_meta":{"aperture":"0","credit":"","camera":"","caption":"","created_timestamp":"0","copyright":"","focal_length":"0","iso":"0","shutter_speed":"0","title":"","orientation":"1","keywords":[]}},"post":9338,"source_url":"https:\/\/blog.europapark.de\/wp-content\/uploads\/2022\/08\/1984_005.jpg","_links":{"self":[{"href":"https:\/\/blog.europapark.de\/fr\/wp-json\/wp\/v2\/media\/9348","targetHints":{"allow":["GET"]}}],"collection":[{"href":"https:\/\/blog.europapark.de\/fr\/wp-json\/wp\/v2\/media"}],"about":[{"href":"https:\/\/blog.europapark.de\/fr\/wp-json\/wp\/v2\/types\/attachment"}],"author":[{"embeddable":true,"href":"https:\/\/blog.europapark.de\/fr\/wp-json\/wp\/v2\/users\/12"}],"replies":[{"embeddable":true,"href":"https:\/\/blog.europapark.de\/fr\/wp-json\/wp\/v2\/comments?post=9348"}],"wp:attached-to":[{"embeddable":true,"post_type":"post","id":9338,"href":"https:\/\/blog.europapark.de\/fr\/wp-json\/wp\/v2\/posts\/9338"}],"curies":[{"name":"wp","href":"https:\/\/api.w.org\/{rel}","templated":true}]}}

<!-- This site is optimized with the Yoast SEO plugin v26.9 - https://yoast.com/product/yoast-seo-wordpress/ -->
<title>- Le blog officiel d’Europa-Park</title>
<meta name="robots" content="index, follow, max-snippet:-1, max-image-preview:large, max-video-preview:-1" />
<link rel="canonical" href="https://blog.europapark.de/fr/europa-park-fr/celebrons-la-journee-mondiale-des-grands-huit/attachment/1984_005/" />
<meta property="og:locale" content="fr_FR" />
<meta property="og:type" content="article" />
<meta property="og:title" content="- Le blog officiel d’Europa-Park" />
<meta property="og:description" content="L&#039;Express des Alpes l&#039;année de son ouverture en 1984." />
<meta property="og:url" content="https://blog.europapark.de/fr/europa-park-fr/celebrons-la-journee-mondiale-des-grands-huit/attachment/1984_005/" />
<meta property="og:site_name" content="Le blog officiel d’Europa-Park" />
<meta property="article:modified_time" content="2022-08-15T15:53:27+00:00" />
<meta property="og:image" content="https://blog.europapark.de/wp-content/uploads/2022/08/1984_005.jpg" />
	<meta property="og:image:width" content="1223" />
	<meta property="og:image:height" content="582" />
	<meta property="og:image:type" content="image/jpeg" />
<meta name="twitter:card" content="summary_large_image" />
<script type="application/ld+json" class="yoast-schema-graph">{"@context":"https://schema.org","@graph":[{"@type":"WebPage","@id":"https://blog.europapark.de/fr/europa-park-fr/celebrons-la-journee-mondiale-des-grands-huit/attachment/1984_005/","url":"https://blog.europapark.de/fr/europa-park-fr/celebrons-la-journee-mondiale-des-grands-huit/attachment/1984_005/","name":"- Le blog officiel d’Europa-Park","isPartOf":{"@id":"https://blog.europapark.de/fr/#website"},"datePublished":"2022-08-15T15:52:47+00:00","dateModified":"2022-08-15T15:53:27+00:00","breadcrumb":{"@id":"https://blog.europapark.de/fr/europa-park-fr/celebrons-la-journee-mondiale-des-grands-huit/attachment/1984_005/#breadcrumb"},"inLanguage":"fr-FR","potentialAction":[{"@type":"ReadAction","target":["https://blog.europapark.de/fr/europa-park-fr/celebrons-la-journee-mondiale-des-grands-huit/attachment/1984_005/"]}]},{"@type":"BreadcrumbList","@id":"https://blog.europapark.de/fr/europa-park-fr/celebrons-la-journee-mondiale-des-grands-huit/attachment/1984_005/#breadcrumb","itemListElement":[{"@type":"ListItem","position":1,"name":"Accueil","item":"https://blog.europapark.de/fr/"},{"@type":"ListItem","position":2,"name":"Célébrons la journée mondiale des grands huit !","item":"https://blog.europapark.de/fr/europa-park-fr/celebrons-la-journee-mondiale-des-grands-huit/"}]},{"@type":"WebSite","@id":"https://blog.europapark.de/fr/#website","url":"https://blog.europapark.de/fr/","name":"Le blog officiel d’Europa-Park","description":"","potentialAction":[{"@type":"SearchAction","target":{"@type":"EntryPoint","urlTemplate":"https://blog.europapark.de/fr/?s={search_term_string}"},"query-input":{"@type":"PropertyValueSpecification","valueRequired":true,"valueName":"search_term_string"}}],"inLanguage":"fr-FR"}]}</script>
<!-- / Yoast SEO plugin. -->

L'Express des Alpes l'année de son ouverture en 1984.

Célébrons la journée mondiale des grands huit !

<p>L&#8217;Express des Alpes l&#8217;année de son ouverture en 1984.</p>
