{"id":8794,"date":"2022-05-09T15:51:48","date_gmt":"2022-05-09T13:51:48","guid":{"rendered":"https:\/\/blog.europapark.de\/wp-content\/uploads\/2022\/05\/EP21_Hotels_Kronasar_8603_19.jpg"},"modified":"2022-05-09T15:52:25","modified_gmt":"2022-05-09T13:52:25","slug":"ep21_hotels_kronasar_8603_19","status":"inherit","type":"attachment","link":"https:\/\/blog.europapark.de\/fr\/hotels\/les-francais-deuropa-park-8-celine-hurstel-assistante-chef-de-reception-a-lhotel-kronasar\/attachment\/ep21_hotels_kronasar_8603_19\/","title":{"rendered":"Il y a m\u00eame des suites en duplex !"},"author":22,"featured_media":0,"comment_status":"open","ping_status":"closed","template":"","meta":{"_acf_changed":false},"class_list":["post-8794","attachment","type-attachment","status-inherit","hentry"],"acf":[],"yoast_head":"<!-- This site is optimized with the Yoast SEO plugin v26.9 - https:\/\/yoast.com\/product\/yoast-seo-wordpress\/ -->\n<title>Il y a m\u00eame des suites en duplex ! - Le blog officiel d\u2019Europa-Park<\/title>\n<meta name=\"robots\" content=\"index, follow, max-snippet:-1, max-image-preview:large, max-video-preview:-1\" \/>\n<link rel=\"canonical\" href=\"https:\/\/blog.europapark.de\/fr\/hotels\/les-francais-deuropa-park-8-celine-hurstel-assistante-chef-de-reception-a-lhotel-kronasar\/attachment\/ep21_hotels_kronasar_8603_19\/\" \/>\n<meta property=\"og:locale\" content=\"fr_FR\" \/>\n<meta property=\"og:type\" content=\"article\" \/>\n<meta property=\"og:title\" content=\"Il y a m\u00eame des suites en duplex ! - Le blog officiel d\u2019Europa-Park\" \/>\n<meta property=\"og:description\" content=\"Il y a m\u00eame des suites en duplex !\" \/>\n<meta property=\"og:url\" content=\"https:\/\/blog.europapark.de\/fr\/hotels\/les-francais-deuropa-park-8-celine-hurstel-assistante-chef-de-reception-a-lhotel-kronasar\/attachment\/ep21_hotels_kronasar_8603_19\/\" \/>\n<meta property=\"og:site_name\" content=\"Le blog officiel d\u2019Europa-Park\" \/>\n<meta property=\"article:modified_time\" content=\"2022-05-09T13:52:25+00:00\" \/>\n<meta property=\"og:image\" content=\"https:\/\/blog.europapark.de\/wp-content\/uploads\/2022\/05\/EP21_Hotels_Kronasar_8603_19.jpg\" \/>\n\t<meta property=\"og:image:width\" content=\"2560\" \/>\n\t<meta property=\"og:image:height\" content=\"1708\" \/>\n\t<meta property=\"og:image:type\" content=\"image\/jpeg\" \/>\n<meta name=\"twitter:card\" content=\"summary_large_image\" \/>\n<script type=\"application\/ld+json\" class=\"yoast-schema-graph\">{\"@context\":\"https:\/\/schema.org\",\"@graph\":[{\"@type\":\"WebPage\",\"@id\":\"https:\/\/blog.europapark.de\/fr\/hotels\/les-francais-deuropa-park-8-celine-hurstel-assistante-chef-de-reception-a-lhotel-kronasar\/attachment\/ep21_hotels_kronasar_8603_19\/\",\"url\":\"https:\/\/blog.europapark.de\/fr\/hotels\/les-francais-deuropa-park-8-celine-hurstel-assistante-chef-de-reception-a-lhotel-kronasar\/attachment\/ep21_hotels_kronasar_8603_19\/\",\"name\":\"Il y a m\u00eame des suites en duplex ! - Le blog officiel d\u2019Europa-Park\",\"isPartOf\":{\"@id\":\"https:\/\/blog.europapark.de\/fr\/#website\"},\"datePublished\":\"2022-05-09T13:51:48+00:00\",\"dateModified\":\"2022-05-09T13:52:25+00:00\",\"breadcrumb\":{\"@id\":\"https:\/\/blog.europapark.de\/fr\/hotels\/les-francais-deuropa-park-8-celine-hurstel-assistante-chef-de-reception-a-lhotel-kronasar\/attachment\/ep21_hotels_kronasar_8603_19\/#breadcrumb\"},\"inLanguage\":\"fr-FR\",\"potentialAction\":[{\"@type\":\"ReadAction\",\"target\":[\"https:\/\/blog.europapark.de\/fr\/hotels\/les-francais-deuropa-park-8-celine-hurstel-assistante-chef-de-reception-a-lhotel-kronasar\/attachment\/ep21_hotels_kronasar_8603_19\/\"]}]},{\"@type\":\"BreadcrumbList\",\"@id\":\"https:\/\/blog.europapark.de\/fr\/hotels\/les-francais-deuropa-park-8-celine-hurstel-assistante-chef-de-reception-a-lhotel-kronasar\/attachment\/ep21_hotels_kronasar_8603_19\/#breadcrumb\",\"itemListElement\":[{\"@type\":\"ListItem\",\"position\":1,\"name\":\"Accueil\",\"item\":\"https:\/\/blog.europapark.de\/fr\/\"},{\"@type\":\"ListItem\",\"position\":2,\"name\":\"Les Fran\u00e7ais d\u2019Europa-Park #8 : C\u00e9line Hurstel, assistante chef de r\u00e9ception \u00e0 l\u2019h\u00f4tel Kr\u00f8nas\u00e5r\",\"item\":\"https:\/\/blog.europapark.de\/fr\/hotels\/les-francais-deuropa-park-8-celine-hurstel-assistante-chef-de-reception-a-lhotel-kronasar\/\"},{\"@type\":\"ListItem\",\"position\":3,\"name\":\"Il y a m\u00eame des suites en duplex !\"}]},{\"@type\":\"WebSite\",\"@id\":\"https:\/\/blog.europapark.de\/fr\/#website\",\"url\":\"https:\/\/blog.europapark.de\/fr\/\",\"name\":\"Le blog officiel d\u2019Europa-Park\",\"description\":\"\",\"potentialAction\":[{\"@type\":\"SearchAction\",\"target\":{\"@type\":\"EntryPoint\",\"urlTemplate\":\"https:\/\/blog.europapark.de\/fr\/?s={search_term_string}\"},\"query-input\":{\"@type\":\"PropertyValueSpecification\",\"valueRequired\":true,\"valueName\":\"search_term_string\"}}],\"inLanguage\":\"fr-FR\"}]}<\/script>\n<!-- \/ Yoast SEO plugin. -->","yoast_head_json":{"title":"Il y a m\u00eame des suites en duplex ! - Le blog officiel d\u2019Europa-Park","robots":{"index":"index","follow":"follow","max-snippet":"max-snippet:-1","max-image-preview":"max-image-preview:large","max-video-preview":"max-video-preview:-1"},"canonical":"https:\/\/blog.europapark.de\/fr\/hotels\/les-francais-deuropa-park-8-celine-hurstel-assistante-chef-de-reception-a-lhotel-kronasar\/attachment\/ep21_hotels_kronasar_8603_19\/","og_locale":"fr_FR","og_type":"article","og_title":"Il y a m\u00eame des suites en duplex ! - Le blog officiel d\u2019Europa-Park","og_description":"Il y a m\u00eame des suites en duplex !","og_url":"https:\/\/blog.europapark.de\/fr\/hotels\/les-francais-deuropa-park-8-celine-hurstel-assistante-chef-de-reception-a-lhotel-kronasar\/attachment\/ep21_hotels_kronasar_8603_19\/","og_site_name":"Le blog officiel d\u2019Europa-Park","article_modified_time":"2022-05-09T13:52:25+00:00","og_image":[{"width":2560,"height":1708,"url":"https:\/\/blog.europapark.de\/wp-content\/uploads\/2022\/05\/EP21_Hotels_Kronasar_8603_19.jpg","type":"image\/jpeg"}],"twitter_card":"summary_large_image","schema":{"@context":"https:\/\/schema.org","@graph":[{"@type":"WebPage","@id":"https:\/\/blog.europapark.de\/fr\/hotels\/les-francais-deuropa-park-8-celine-hurstel-assistante-chef-de-reception-a-lhotel-kronasar\/attachment\/ep21_hotels_kronasar_8603_19\/","url":"https:\/\/blog.europapark.de\/fr\/hotels\/les-francais-deuropa-park-8-celine-hurstel-assistante-chef-de-reception-a-lhotel-kronasar\/attachment\/ep21_hotels_kronasar_8603_19\/","name":"Il y a m\u00eame des suites en duplex ! - Le blog officiel d\u2019Europa-Park","isPartOf":{"@id":"https:\/\/blog.europapark.de\/fr\/#website"},"datePublished":"2022-05-09T13:51:48+00:00","dateModified":"2022-05-09T13:52:25+00:00","breadcrumb":{"@id":"https:\/\/blog.europapark.de\/fr\/hotels\/les-francais-deuropa-park-8-celine-hurstel-assistante-chef-de-reception-a-lhotel-kronasar\/attachment\/ep21_hotels_kronasar_8603_19\/#breadcrumb"},"inLanguage":"fr-FR","potentialAction":[{"@type":"ReadAction","target":["https:\/\/blog.europapark.de\/fr\/hotels\/les-francais-deuropa-park-8-celine-hurstel-assistante-chef-de-reception-a-lhotel-kronasar\/attachment\/ep21_hotels_kronasar_8603_19\/"]}]},{"@type":"BreadcrumbList","@id":"https:\/\/blog.europapark.de\/fr\/hotels\/les-francais-deuropa-park-8-celine-hurstel-assistante-chef-de-reception-a-lhotel-kronasar\/attachment\/ep21_hotels_kronasar_8603_19\/#breadcrumb","itemListElement":[{"@type":"ListItem","position":1,"name":"Accueil","item":"https:\/\/blog.europapark.de\/fr\/"},{"@type":"ListItem","position":2,"name":"Les Fran\u00e7ais d\u2019Europa-Park #8 : C\u00e9line Hurstel, assistante chef de r\u00e9ception \u00e0 l\u2019h\u00f4tel Kr\u00f8nas\u00e5r","item":"https:\/\/blog.europapark.de\/fr\/hotels\/les-francais-deuropa-park-8-celine-hurstel-assistante-chef-de-reception-a-lhotel-kronasar\/"},{"@type":"ListItem","position":3,"name":"Il y a m\u00eame des suites en duplex !"}]},{"@type":"WebSite","@id":"https:\/\/blog.europapark.de\/fr\/#website","url":"https:\/\/blog.europapark.de\/fr\/","name":"Le blog officiel d\u2019Europa-Park","description":"","potentialAction":[{"@type":"SearchAction","target":{"@type":"EntryPoint","urlTemplate":"https:\/\/blog.europapark.de\/fr\/?s={search_term_string}"},"query-input":{"@type":"PropertyValueSpecification","valueRequired":true,"valueName":"search_term_string"}}],"inLanguage":"fr-FR"}]}},"description":{"rendered":"<p class=\"attachment\"><a href='https:\/\/blog.europapark.de\/wp-content\/uploads\/2022\/05\/EP21_Hotels_Kronasar_8603_19.jpg'><img loading=\"lazy\" decoding=\"async\" width=\"400\" height=\"267\" src=\"https:\/\/blog.europapark.de\/wp-content\/uploads\/2022\/05\/EP21_Hotels_Kronasar_8603_19-400x267.jpg\" class=\"attachment-medium size-medium\" alt=\"Il y a m\u00eame des suites en duplex !\" srcset=\"https:\/\/blog.europapark.de\/wp-content\/uploads\/2022\/05\/EP21_Hotels_Kronasar_8603_19-400x267.jpg 400w, https:\/\/blog.europapark.de\/wp-content\/uploads\/2022\/05\/EP21_Hotels_Kronasar_8603_19-1024x683.jpg 1024w, https:\/\/blog.europapark.de\/wp-content\/uploads\/2022\/05\/EP21_Hotels_Kronasar_8603_19-768x512.jpg 768w, https:\/\/blog.europapark.de\/wp-content\/uploads\/2022\/05\/EP21_Hotels_Kronasar_8603_19-1536x1025.jpg 1536w, https:\/\/blog.europapark.de\/wp-content\/uploads\/2022\/05\/EP21_Hotels_Kronasar_8603_19-2048x1366.jpg 2048w, https:\/\/blog.europapark.de\/wp-content\/uploads\/2022\/05\/EP21_Hotels_Kronasar_8603_19-1700x1134.jpg 1700w\" sizes=\"auto, (max-width: 400px) 100vw, 400px\" \/><\/a><\/p>\n<p>Il y a m\u00eame des suites en duplex !<\/p>\n"},"caption":{"rendered":"<p>Il y a m\u00eame des suites en duplex !<\/p>\n"},"alt_text":"Il y a m\u00eame des suites en duplex !","media_type":"image","mime_type":"image\/jpeg","media_details":{"width":2560,"height":1708,"file":"2022\/05\/EP21_Hotels_Kronasar_8603_19.jpg","sizes":{"medium":{"file":"EP21_Hotels_Kronasar_8603_19-400x267.jpg","width":400,"height":267,"mime_type":"image\/jpeg","source_url":"https:\/\/blog.europapark.de\/wp-content\/uploads\/2022\/05\/EP21_Hotels_Kronasar_8603_19-400x267.jpg"},"large":{"file":"EP21_Hotels_Kronasar_8603_19-1024x683.jpg","width":1024,"height":683,"mime_type":"image\/jpeg","source_url":"https:\/\/blog.europapark.de\/wp-content\/uploads\/2022\/05\/EP21_Hotels_Kronasar_8603_19-1024x683.jpg"},"thumbnail":{"file":"EP21_Hotels_Kronasar_8603_19-150x150.jpg","width":150,"height":150,"mime_type":"image\/jpeg","source_url":"https:\/\/blog.europapark.de\/wp-content\/uploads\/2022\/05\/EP21_Hotels_Kronasar_8603_19-150x150.jpg"},"medium_large":{"file":"EP21_Hotels_Kronasar_8603_19-768x512.jpg","width":768,"height":512,"mime_type":"image\/jpeg","source_url":"https:\/\/blog.europapark.de\/wp-content\/uploads\/2022\/05\/EP21_Hotels_Kronasar_8603_19-768x512.jpg"},"1536x1536":{"file":"EP21_Hotels_Kronasar_8603_19-1536x1025.jpg","width":1536,"height":1025,"mime_type":"image\/jpeg","source_url":"https:\/\/blog.europapark.de\/wp-content\/uploads\/2022\/05\/EP21_Hotels_Kronasar_8603_19-1536x1025.jpg"},"2048x2048":{"file":"EP21_Hotels_Kronasar_8603_19-2048x1366.jpg","width":2048,"height":1366,"mime_type":"image\/jpeg","source_url":"https:\/\/blog.europapark.de\/wp-content\/uploads\/2022\/05\/EP21_Hotels_Kronasar_8603_19-2048x1366.jpg"},"header-thumb":{"file":"EP21_Hotels_Kronasar_8603_19-1700x1134.jpg","width":1700,"height":1134,"mime_type":"image\/jpeg","source_url":"https:\/\/blog.europapark.de\/wp-content\/uploads\/2022\/05\/EP21_Hotels_Kronasar_8603_19-1700x1134.jpg"},"full":{"file":"EP21_Hotels_Kronasar_8603_19.jpg","width":2560,"height":1708,"mime_type":"image\/jpeg","source_url":"https:\/\/blog.europapark.de\/wp-content\/uploads\/2022\/05\/EP21_Hotels_Kronasar_8603_19.jpg"}},"image_meta":{"aperture":"0","credit":"","camera":"","caption":"","created_timestamp":"0","copyright":"","focal_length":"0","iso":"0","shutter_speed":"0","title":"","orientation":"0","keywords":[]}},"post":8691,"source_url":"https:\/\/blog.europapark.de\/wp-content\/uploads\/2022\/05\/EP21_Hotels_Kronasar_8603_19.jpg","_links":{"self":[{"href":"https:\/\/blog.europapark.de\/fr\/wp-json\/wp\/v2\/media\/8794","targetHints":{"allow":["GET"]}}],"collection":[{"href":"https:\/\/blog.europapark.de\/fr\/wp-json\/wp\/v2\/media"}],"about":[{"href":"https:\/\/blog.europapark.de\/fr\/wp-json\/wp\/v2\/types\/attachment"}],"author":[{"embeddable":true,"href":"https:\/\/blog.europapark.de\/fr\/wp-json\/wp\/v2\/users\/22"}],"replies":[{"embeddable":true,"href":"https:\/\/blog.europapark.de\/fr\/wp-json\/wp\/v2\/comments?post=8794"}],"wp:attached-to":[{"embeddable":true,"post_type":"post","id":8691,"href":"https:\/\/blog.europapark.de\/fr\/wp-json\/wp\/v2\/posts\/8691"}],"curies":[{"name":"wp","href":"https:\/\/api.w.org\/{rel}","templated":true}]}}

Il y a même des suites en duplex !

<!-- This site is optimized with the Yoast SEO plugin v26.9 - https://yoast.com/product/yoast-seo-wordpress/ -->
<title>Il y a même des suites en duplex ! - Le blog officiel d’Europa-Park</title>
<meta name="robots" content="index, follow, max-snippet:-1, max-image-preview:large, max-video-preview:-1" />
<link rel="canonical" href="https://blog.europapark.de/fr/hotels/les-francais-deuropa-park-8-celine-hurstel-assistante-chef-de-reception-a-lhotel-kronasar/attachment/ep21_hotels_kronasar_8603_19/" />
<meta property="og:locale" content="fr_FR" />
<meta property="og:type" content="article" />
<meta property="og:title" content="Il y a même des suites en duplex ! - Le blog officiel d’Europa-Park" />
<meta property="og:description" content="Il y a même des suites en duplex !" />
<meta property="og:url" content="https://blog.europapark.de/fr/hotels/les-francais-deuropa-park-8-celine-hurstel-assistante-chef-de-reception-a-lhotel-kronasar/attachment/ep21_hotels_kronasar_8603_19/" />
<meta property="og:site_name" content="Le blog officiel d’Europa-Park" />
<meta property="article:modified_time" content="2022-05-09T13:52:25+00:00" />
<meta property="og:image" content="https://blog.europapark.de/wp-content/uploads/2022/05/EP21_Hotels_Kronasar_8603_19.jpg" />
	<meta property="og:image:width" content="2560" />
	<meta property="og:image:height" content="1708" />
	<meta property="og:image:type" content="image/jpeg" />
<meta name="twitter:card" content="summary_large_image" />
<script type="application/ld+json" class="yoast-schema-graph">{"@context":"https://schema.org","@graph":[{"@type":"WebPage","@id":"https://blog.europapark.de/fr/hotels/les-francais-deuropa-park-8-celine-hurstel-assistante-chef-de-reception-a-lhotel-kronasar/attachment/ep21_hotels_kronasar_8603_19/","url":"https://blog.europapark.de/fr/hotels/les-francais-deuropa-park-8-celine-hurstel-assistante-chef-de-reception-a-lhotel-kronasar/attachment/ep21_hotels_kronasar_8603_19/","name":"Il y a même des suites en duplex ! - Le blog officiel d’Europa-Park","isPartOf":{"@id":"https://blog.europapark.de/fr/#website"},"datePublished":"2022-05-09T13:51:48+00:00","dateModified":"2022-05-09T13:52:25+00:00","breadcrumb":{"@id":"https://blog.europapark.de/fr/hotels/les-francais-deuropa-park-8-celine-hurstel-assistante-chef-de-reception-a-lhotel-kronasar/attachment/ep21_hotels_kronasar_8603_19/#breadcrumb"},"inLanguage":"fr-FR","potentialAction":[{"@type":"ReadAction","target":["https://blog.europapark.de/fr/hotels/les-francais-deuropa-park-8-celine-hurstel-assistante-chef-de-reception-a-lhotel-kronasar/attachment/ep21_hotels_kronasar_8603_19/"]}]},{"@type":"BreadcrumbList","@id":"https://blog.europapark.de/fr/hotels/les-francais-deuropa-park-8-celine-hurstel-assistante-chef-de-reception-a-lhotel-kronasar/attachment/ep21_hotels_kronasar_8603_19/#breadcrumb","itemListElement":[{"@type":"ListItem","position":1,"name":"Accueil","item":"https://blog.europapark.de/fr/"},{"@type":"ListItem","position":2,"name":"Les Français d’Europa-Park #8 : Céline Hurstel, assistante chef de réception à l’hôtel Krønasår","item":"https://blog.europapark.de/fr/hotels/les-francais-deuropa-park-8-celine-hurstel-assistante-chef-de-reception-a-lhotel-kronasar/"},{"@type":"ListItem","position":3,"name":"Il y a même des suites en duplex !"}]},{"@type":"WebSite","@id":"https://blog.europapark.de/fr/#website","url":"https://blog.europapark.de/fr/","name":"Le blog officiel d’Europa-Park","description":"","potentialAction":[{"@type":"SearchAction","target":{"@type":"EntryPoint","urlTemplate":"https://blog.europapark.de/fr/?s={search_term_string}"},"query-input":{"@type":"PropertyValueSpecification","valueRequired":true,"valueName":"search_term_string"}}],"inLanguage":"fr-FR"}]}</script>
<!-- / Yoast SEO plugin. -->

Il y a même des suites en duplex ! - Le blog officiel d’Europa-Park

Les Français d’Europa-Park #8 : Céline Hurstel, assistante chef de réception à l’hôtel Krønasår

<p class="attachment"><a href='https://blog.europapark.de/wp-content/uploads/2022/05/EP21_Hotels_Kronasar_8603_19.jpg'><img loading="lazy" decoding="async" width="400" height="267" src="https://blog.europapark.de/wp-content/uploads/2022/05/EP21_Hotels_Kronasar_8603_19-400x267.jpg" class="attachment-medium size-medium" alt="Il y a même des suites en duplex !" srcset="https://blog.europapark.de/wp-content/uploads/2022/05/EP21_Hotels_Kronasar_8603_19-400x267.jpg 400w, https://blog.europapark.de/wp-content/uploads/2022/05/EP21_Hotels_Kronasar_8603_19-1024x683.jpg 1024w, https://blog.europapark.de/wp-content/uploads/2022/05/EP21_Hotels_Kronasar_8603_19-768x512.jpg 768w, https://blog.europapark.de/wp-content/uploads/2022/05/EP21_Hotels_Kronasar_8603_19-1536x1025.jpg 1536w, https://blog.europapark.de/wp-content/uploads/2022/05/EP21_Hotels_Kronasar_8603_19-2048x1366.jpg 2048w, https://blog.europapark.de/wp-content/uploads/2022/05/EP21_Hotels_Kronasar_8603_19-1700x1134.jpg 1700w" sizes="auto, (max-width: 400px) 100vw, 400px" /></a></p>
<p>Il y a même des suites en duplex !</p>

<p>Il y a même des suites en duplex !</p>
