{"id":8104,"date":"2022-01-14T08:54:33","date_gmt":"2022-01-14T07:54:33","guid":{"rendered":"https:\/\/blog.europapark.de\/wp-content\/uploads\/2022\/01\/IMG_3783.jpg"},"modified":"2022-01-14T08:55:02","modified_gmt":"2022-01-14T07:55:02","slug":"img_3783","status":"inherit","type":"attachment","link":"https:\/\/blog.europapark.de\/fr\/europa-park-fr\/les-francais-deuropa-park-5-nicolas-mecanicien-a-voletarium-en-pleine-action-pendant-la-basse-saison\/attachment\/img_3783\/","title":{"rendered":"La basse saison est une p\u00e9riode tr\u00e8s charg\u00e9e pour Nicolas !"},"author":22,"featured_media":0,"comment_status":"open","ping_status":"closed","template":"","meta":{"_acf_changed":false},"class_list":["post-8104","attachment","type-attachment","status-inherit","hentry"],"acf":[],"yoast_head":"<!-- This site is optimized with the Yoast SEO plugin v26.9 - https:\/\/yoast.com\/product\/yoast-seo-wordpress\/ -->\n<title>La basse saison est une p\u00e9riode tr\u00e8s charg\u00e9e pour Nicolas ! - Le blog officiel d\u2019Europa-Park<\/title>\n<meta name=\"robots\" content=\"index, follow, max-snippet:-1, max-image-preview:large, max-video-preview:-1\" \/>\n<link rel=\"canonical\" href=\"https:\/\/blog.europapark.de\/fr\/europa-park-fr\/les-francais-deuropa-park-5-nicolas-mecanicien-a-voletarium-en-pleine-action-pendant-la-basse-saison\/attachment\/img_3783\/\" \/>\n<meta property=\"og:locale\" content=\"fr_FR\" \/>\n<meta property=\"og:type\" content=\"article\" \/>\n<meta property=\"og:title\" content=\"La basse saison est une p\u00e9riode tr\u00e8s charg\u00e9e pour Nicolas ! - Le blog officiel d\u2019Europa-Park\" \/>\n<meta property=\"og:description\" content=\"La basse saison est une p\u00e9riode tr\u00e8s charg\u00e9e pour Nicolas !\" \/>\n<meta property=\"og:url\" content=\"https:\/\/blog.europapark.de\/fr\/europa-park-fr\/les-francais-deuropa-park-5-nicolas-mecanicien-a-voletarium-en-pleine-action-pendant-la-basse-saison\/attachment\/img_3783\/\" \/>\n<meta property=\"og:site_name\" content=\"Le blog officiel d\u2019Europa-Park\" \/>\n<meta property=\"article:modified_time\" content=\"2022-01-14T07:55:02+00:00\" \/>\n<meta property=\"og:image\" content=\"https:\/\/blog.europapark.de\/wp-content\/uploads\/2022\/01\/IMG_3783.jpg\" \/>\n\t<meta property=\"og:image:width\" content=\"2048\" \/>\n\t<meta property=\"og:image:height\" content=\"1536\" \/>\n\t<meta property=\"og:image:type\" content=\"image\/jpeg\" \/>\n<meta name=\"twitter:card\" content=\"summary_large_image\" \/>\n<script type=\"application\/ld+json\" class=\"yoast-schema-graph\">{\"@context\":\"https:\/\/schema.org\",\"@graph\":[{\"@type\":\"WebPage\",\"@id\":\"https:\/\/blog.europapark.de\/fr\/europa-park-fr\/les-francais-deuropa-park-5-nicolas-mecanicien-a-voletarium-en-pleine-action-pendant-la-basse-saison\/attachment\/img_3783\/\",\"url\":\"https:\/\/blog.europapark.de\/fr\/europa-park-fr\/les-francais-deuropa-park-5-nicolas-mecanicien-a-voletarium-en-pleine-action-pendant-la-basse-saison\/attachment\/img_3783\/\",\"name\":\"La basse saison est une p\u00e9riode tr\u00e8s charg\u00e9e pour Nicolas ! - Le blog officiel d\u2019Europa-Park\",\"isPartOf\":{\"@id\":\"https:\/\/blog.europapark.de\/fr\/#website\"},\"datePublished\":\"2022-01-14T07:54:33+00:00\",\"dateModified\":\"2022-01-14T07:55:02+00:00\",\"breadcrumb\":{\"@id\":\"https:\/\/blog.europapark.de\/fr\/europa-park-fr\/les-francais-deuropa-park-5-nicolas-mecanicien-a-voletarium-en-pleine-action-pendant-la-basse-saison\/attachment\/img_3783\/#breadcrumb\"},\"inLanguage\":\"fr-FR\",\"potentialAction\":[{\"@type\":\"ReadAction\",\"target\":[\"https:\/\/blog.europapark.de\/fr\/europa-park-fr\/les-francais-deuropa-park-5-nicolas-mecanicien-a-voletarium-en-pleine-action-pendant-la-basse-saison\/attachment\/img_3783\/\"]}]},{\"@type\":\"BreadcrumbList\",\"@id\":\"https:\/\/blog.europapark.de\/fr\/europa-park-fr\/les-francais-deuropa-park-5-nicolas-mecanicien-a-voletarium-en-pleine-action-pendant-la-basse-saison\/attachment\/img_3783\/#breadcrumb\",\"itemListElement\":[{\"@type\":\"ListItem\",\"position\":1,\"name\":\"Accueil\",\"item\":\"https:\/\/blog.europapark.de\/fr\/\"},{\"@type\":\"ListItem\",\"position\":2,\"name\":\"Les Fran\u00e7ais d\u2019Europa-Park #5 : Nicolas, m\u00e9canicien \u00e0 Voletarium en pleine action pendant la basse saison\",\"item\":\"https:\/\/blog.europapark.de\/fr\/europa-park-fr\/les-francais-deuropa-park-5-nicolas-mecanicien-a-voletarium-en-pleine-action-pendant-la-basse-saison\/\"},{\"@type\":\"ListItem\",\"position\":3,\"name\":\"La basse saison est une p\u00e9riode tr\u00e8s charg\u00e9e pour Nicolas !\"}]},{\"@type\":\"WebSite\",\"@id\":\"https:\/\/blog.europapark.de\/fr\/#website\",\"url\":\"https:\/\/blog.europapark.de\/fr\/\",\"name\":\"Le blog officiel d\u2019Europa-Park\",\"description\":\"\",\"potentialAction\":[{\"@type\":\"SearchAction\",\"target\":{\"@type\":\"EntryPoint\",\"urlTemplate\":\"https:\/\/blog.europapark.de\/fr\/?s={search_term_string}\"},\"query-input\":{\"@type\":\"PropertyValueSpecification\",\"valueRequired\":true,\"valueName\":\"search_term_string\"}}],\"inLanguage\":\"fr-FR\"}]}<\/script>\n<!-- \/ Yoast SEO plugin. -->","yoast_head_json":{"title":"La basse saison est une p\u00e9riode tr\u00e8s charg\u00e9e pour Nicolas ! - Le blog officiel d\u2019Europa-Park","robots":{"index":"index","follow":"follow","max-snippet":"max-snippet:-1","max-image-preview":"max-image-preview:large","max-video-preview":"max-video-preview:-1"},"canonical":"https:\/\/blog.europapark.de\/fr\/europa-park-fr\/les-francais-deuropa-park-5-nicolas-mecanicien-a-voletarium-en-pleine-action-pendant-la-basse-saison\/attachment\/img_3783\/","og_locale":"fr_FR","og_type":"article","og_title":"La basse saison est une p\u00e9riode tr\u00e8s charg\u00e9e pour Nicolas ! - Le blog officiel d\u2019Europa-Park","og_description":"La basse saison est une p\u00e9riode tr\u00e8s charg\u00e9e pour Nicolas !","og_url":"https:\/\/blog.europapark.de\/fr\/europa-park-fr\/les-francais-deuropa-park-5-nicolas-mecanicien-a-voletarium-en-pleine-action-pendant-la-basse-saison\/attachment\/img_3783\/","og_site_name":"Le blog officiel d\u2019Europa-Park","article_modified_time":"2022-01-14T07:55:02+00:00","og_image":[{"width":2048,"height":1536,"url":"https:\/\/blog.europapark.de\/wp-content\/uploads\/2022\/01\/IMG_3783.jpg","type":"image\/jpeg"}],"twitter_card":"summary_large_image","schema":{"@context":"https:\/\/schema.org","@graph":[{"@type":"WebPage","@id":"https:\/\/blog.europapark.de\/fr\/europa-park-fr\/les-francais-deuropa-park-5-nicolas-mecanicien-a-voletarium-en-pleine-action-pendant-la-basse-saison\/attachment\/img_3783\/","url":"https:\/\/blog.europapark.de\/fr\/europa-park-fr\/les-francais-deuropa-park-5-nicolas-mecanicien-a-voletarium-en-pleine-action-pendant-la-basse-saison\/attachment\/img_3783\/","name":"La basse saison est une p\u00e9riode tr\u00e8s charg\u00e9e pour Nicolas ! - Le blog officiel d\u2019Europa-Park","isPartOf":{"@id":"https:\/\/blog.europapark.de\/fr\/#website"},"datePublished":"2022-01-14T07:54:33+00:00","dateModified":"2022-01-14T07:55:02+00:00","breadcrumb":{"@id":"https:\/\/blog.europapark.de\/fr\/europa-park-fr\/les-francais-deuropa-park-5-nicolas-mecanicien-a-voletarium-en-pleine-action-pendant-la-basse-saison\/attachment\/img_3783\/#breadcrumb"},"inLanguage":"fr-FR","potentialAction":[{"@type":"ReadAction","target":["https:\/\/blog.europapark.de\/fr\/europa-park-fr\/les-francais-deuropa-park-5-nicolas-mecanicien-a-voletarium-en-pleine-action-pendant-la-basse-saison\/attachment\/img_3783\/"]}]},{"@type":"BreadcrumbList","@id":"https:\/\/blog.europapark.de\/fr\/europa-park-fr\/les-francais-deuropa-park-5-nicolas-mecanicien-a-voletarium-en-pleine-action-pendant-la-basse-saison\/attachment\/img_3783\/#breadcrumb","itemListElement":[{"@type":"ListItem","position":1,"name":"Accueil","item":"https:\/\/blog.europapark.de\/fr\/"},{"@type":"ListItem","position":2,"name":"Les Fran\u00e7ais d\u2019Europa-Park #5 : Nicolas, m\u00e9canicien \u00e0 Voletarium en pleine action pendant la basse saison","item":"https:\/\/blog.europapark.de\/fr\/europa-park-fr\/les-francais-deuropa-park-5-nicolas-mecanicien-a-voletarium-en-pleine-action-pendant-la-basse-saison\/"},{"@type":"ListItem","position":3,"name":"La basse saison est une p\u00e9riode tr\u00e8s charg\u00e9e pour Nicolas !"}]},{"@type":"WebSite","@id":"https:\/\/blog.europapark.de\/fr\/#website","url":"https:\/\/blog.europapark.de\/fr\/","name":"Le blog officiel d\u2019Europa-Park","description":"","potentialAction":[{"@type":"SearchAction","target":{"@type":"EntryPoint","urlTemplate":"https:\/\/blog.europapark.de\/fr\/?s={search_term_string}"},"query-input":{"@type":"PropertyValueSpecification","valueRequired":true,"valueName":"search_term_string"}}],"inLanguage":"fr-FR"}]}},"description":{"rendered":"<p class=\"attachment\"><a href='https:\/\/blog.europapark.de\/wp-content\/uploads\/2022\/01\/IMG_3783.jpg'><img loading=\"lazy\" decoding=\"async\" width=\"400\" height=\"300\" src=\"https:\/\/blog.europapark.de\/wp-content\/uploads\/2022\/01\/IMG_3783-400x300.jpg\" class=\"attachment-medium size-medium\" alt=\"La basse saison est une p\u00e9riode tr\u00e8s charg\u00e9e pour Nicolas !\" srcset=\"https:\/\/blog.europapark.de\/wp-content\/uploads\/2022\/01\/IMG_3783-400x300.jpg 400w, https:\/\/blog.europapark.de\/wp-content\/uploads\/2022\/01\/IMG_3783-1024x768.jpg 1024w, https:\/\/blog.europapark.de\/wp-content\/uploads\/2022\/01\/IMG_3783-768x576.jpg 768w, https:\/\/blog.europapark.de\/wp-content\/uploads\/2022\/01\/IMG_3783-1536x1152.jpg 1536w, https:\/\/blog.europapark.de\/wp-content\/uploads\/2022\/01\/IMG_3783-1700x1275.jpg 1700w, https:\/\/blog.europapark.de\/wp-content\/uploads\/2022\/01\/IMG_3783.jpg 2048w\" sizes=\"auto, (max-width: 400px) 100vw, 400px\" \/><\/a><\/p>\n<p>La basse saison est une p\u00e9riode tr\u00e8s charg\u00e9e pour Nicolas !<\/p>\n"},"caption":{"rendered":"<p>La basse saison est une p\u00e9riode tr\u00e8s charg\u00e9e pour Nicolas !<\/p>\n"},"alt_text":"La basse saison est une p\u00e9riode tr\u00e8s charg\u00e9e pour Nicolas !","media_type":"image","mime_type":"image\/jpeg","media_details":{"width":2048,"height":1536,"file":"2022\/01\/IMG_3783.jpg","sizes":{"medium":{"file":"IMG_3783-400x300.jpg","width":400,"height":300,"mime_type":"image\/jpeg","source_url":"https:\/\/blog.europapark.de\/wp-content\/uploads\/2022\/01\/IMG_3783-400x300.jpg"},"large":{"file":"IMG_3783-1024x768.jpg","width":1024,"height":768,"mime_type":"image\/jpeg","source_url":"https:\/\/blog.europapark.de\/wp-content\/uploads\/2022\/01\/IMG_3783-1024x768.jpg"},"thumbnail":{"file":"IMG_3783-150x150.jpg","width":150,"height":150,"mime_type":"image\/jpeg","source_url":"https:\/\/blog.europapark.de\/wp-content\/uploads\/2022\/01\/IMG_3783-150x150.jpg"},"medium_large":{"file":"IMG_3783-768x576.jpg","width":768,"height":576,"mime_type":"image\/jpeg","source_url":"https:\/\/blog.europapark.de\/wp-content\/uploads\/2022\/01\/IMG_3783-768x576.jpg"},"1536x1536":{"file":"IMG_3783-1536x1152.jpg","width":1536,"height":1152,"mime_type":"image\/jpeg","source_url":"https:\/\/blog.europapark.de\/wp-content\/uploads\/2022\/01\/IMG_3783-1536x1152.jpg"},"header-thumb":{"file":"IMG_3783-1700x1275.jpg","width":1700,"height":1275,"mime_type":"image\/jpeg","source_url":"https:\/\/blog.europapark.de\/wp-content\/uploads\/2022\/01\/IMG_3783-1700x1275.jpg"},"full":{"file":"IMG_3783.jpg","width":2048,"height":1536,"mime_type":"image\/jpeg","source_url":"https:\/\/blog.europapark.de\/wp-content\/uploads\/2022\/01\/IMG_3783.jpg"}},"image_meta":{"aperture":"1.8","credit":"","camera":"iPhone XS","caption":"","created_timestamp":"1641909465","copyright":"","focal_length":"4.25","iso":"500","shutter_speed":"0.04","title":"","orientation":"0","keywords":[]}},"post":8054,"source_url":"https:\/\/blog.europapark.de\/wp-content\/uploads\/2022\/01\/IMG_3783.jpg","_links":{"self":[{"href":"https:\/\/blog.europapark.de\/fr\/wp-json\/wp\/v2\/media\/8104","targetHints":{"allow":["GET"]}}],"collection":[{"href":"https:\/\/blog.europapark.de\/fr\/wp-json\/wp\/v2\/media"}],"about":[{"href":"https:\/\/blog.europapark.de\/fr\/wp-json\/wp\/v2\/types\/attachment"}],"author":[{"embeddable":true,"href":"https:\/\/blog.europapark.de\/fr\/wp-json\/wp\/v2\/users\/22"}],"replies":[{"embeddable":true,"href":"https:\/\/blog.europapark.de\/fr\/wp-json\/wp\/v2\/comments?post=8104"}],"wp:attached-to":[{"embeddable":true,"post_type":"post","id":8054,"href":"https:\/\/blog.europapark.de\/fr\/wp-json\/wp\/v2\/posts\/8054"}],"curies":[{"name":"wp","href":"https:\/\/api.w.org\/{rel}","templated":true}]}}

La basse saison est une période très chargée pour Nicolas !

<!-- This site is optimized with the Yoast SEO plugin v26.9 - https://yoast.com/product/yoast-seo-wordpress/ -->
<title>La basse saison est une période très chargée pour Nicolas ! - Le blog officiel d’Europa-Park</title>
<meta name="robots" content="index, follow, max-snippet:-1, max-image-preview:large, max-video-preview:-1" />
<link rel="canonical" href="https://blog.europapark.de/fr/europa-park-fr/les-francais-deuropa-park-5-nicolas-mecanicien-a-voletarium-en-pleine-action-pendant-la-basse-saison/attachment/img_3783/" />
<meta property="og:locale" content="fr_FR" />
<meta property="og:type" content="article" />
<meta property="og:title" content="La basse saison est une période très chargée pour Nicolas ! - Le blog officiel d’Europa-Park" />
<meta property="og:description" content="La basse saison est une période très chargée pour Nicolas !" />
<meta property="og:url" content="https://blog.europapark.de/fr/europa-park-fr/les-francais-deuropa-park-5-nicolas-mecanicien-a-voletarium-en-pleine-action-pendant-la-basse-saison/attachment/img_3783/" />
<meta property="og:site_name" content="Le blog officiel d’Europa-Park" />
<meta property="article:modified_time" content="2022-01-14T07:55:02+00:00" />
<meta property="og:image" content="https://blog.europapark.de/wp-content/uploads/2022/01/IMG_3783.jpg" />
	<meta property="og:image:width" content="2048" />
	<meta property="og:image:height" content="1536" />
	<meta property="og:image:type" content="image/jpeg" />
<meta name="twitter:card" content="summary_large_image" />
<script type="application/ld+json" class="yoast-schema-graph">{"@context":"https://schema.org","@graph":[{"@type":"WebPage","@id":"https://blog.europapark.de/fr/europa-park-fr/les-francais-deuropa-park-5-nicolas-mecanicien-a-voletarium-en-pleine-action-pendant-la-basse-saison/attachment/img_3783/","url":"https://blog.europapark.de/fr/europa-park-fr/les-francais-deuropa-park-5-nicolas-mecanicien-a-voletarium-en-pleine-action-pendant-la-basse-saison/attachment/img_3783/","name":"La basse saison est une période très chargée pour Nicolas ! - Le blog officiel d’Europa-Park","isPartOf":{"@id":"https://blog.europapark.de/fr/#website"},"datePublished":"2022-01-14T07:54:33+00:00","dateModified":"2022-01-14T07:55:02+00:00","breadcrumb":{"@id":"https://blog.europapark.de/fr/europa-park-fr/les-francais-deuropa-park-5-nicolas-mecanicien-a-voletarium-en-pleine-action-pendant-la-basse-saison/attachment/img_3783/#breadcrumb"},"inLanguage":"fr-FR","potentialAction":[{"@type":"ReadAction","target":["https://blog.europapark.de/fr/europa-park-fr/les-francais-deuropa-park-5-nicolas-mecanicien-a-voletarium-en-pleine-action-pendant-la-basse-saison/attachment/img_3783/"]}]},{"@type":"BreadcrumbList","@id":"https://blog.europapark.de/fr/europa-park-fr/les-francais-deuropa-park-5-nicolas-mecanicien-a-voletarium-en-pleine-action-pendant-la-basse-saison/attachment/img_3783/#breadcrumb","itemListElement":[{"@type":"ListItem","position":1,"name":"Accueil","item":"https://blog.europapark.de/fr/"},{"@type":"ListItem","position":2,"name":"Les Français d’Europa-Park #5 : Nicolas, mécanicien à Voletarium en pleine action pendant la basse saison","item":"https://blog.europapark.de/fr/europa-park-fr/les-francais-deuropa-park-5-nicolas-mecanicien-a-voletarium-en-pleine-action-pendant-la-basse-saison/"},{"@type":"ListItem","position":3,"name":"La basse saison est une période très chargée pour Nicolas !"}]},{"@type":"WebSite","@id":"https://blog.europapark.de/fr/#website","url":"https://blog.europapark.de/fr/","name":"Le blog officiel d’Europa-Park","description":"","potentialAction":[{"@type":"SearchAction","target":{"@type":"EntryPoint","urlTemplate":"https://blog.europapark.de/fr/?s={search_term_string}"},"query-input":{"@type":"PropertyValueSpecification","valueRequired":true,"valueName":"search_term_string"}}],"inLanguage":"fr-FR"}]}</script>
<!-- / Yoast SEO plugin. -->

La basse saison est une période très chargée pour Nicolas ! - Le blog officiel d’Europa-Park

Les Français d’Europa-Park #5 : Nicolas, mécanicien à Voletarium en pleine action pendant la basse saison

<p class="attachment"><a href='https://blog.europapark.de/wp-content/uploads/2022/01/IMG_3783.jpg'><img loading="lazy" decoding="async" width="400" height="300" src="https://blog.europapark.de/wp-content/uploads/2022/01/IMG_3783-400x300.jpg" class="attachment-medium size-medium" alt="La basse saison est une période très chargée pour Nicolas !" srcset="https://blog.europapark.de/wp-content/uploads/2022/01/IMG_3783-400x300.jpg 400w, https://blog.europapark.de/wp-content/uploads/2022/01/IMG_3783-1024x768.jpg 1024w, https://blog.europapark.de/wp-content/uploads/2022/01/IMG_3783-768x576.jpg 768w, https://blog.europapark.de/wp-content/uploads/2022/01/IMG_3783-1536x1152.jpg 1536w, https://blog.europapark.de/wp-content/uploads/2022/01/IMG_3783-1700x1275.jpg 1700w, https://blog.europapark.de/wp-content/uploads/2022/01/IMG_3783.jpg 2048w" sizes="auto, (max-width: 400px) 100vw, 400px" /></a></p>
<p>La basse saison est une période très chargée pour Nicolas !</p>

<p>La basse saison est une période très chargée pour Nicolas !</p>
