{"id":2737,"date":"2019-07-27T22:52:01","date_gmt":"2019-07-27T20:52:01","guid":{"rendered":"https:\/\/blog.europapark.de\/wp-content\/uploads\/2019\/07\/EP10_Park_Schweiz_Gastro_002_51122.jpg"},"modified":"2019-07-27T22:52:01","modified_gmt":"2019-07-27T20:52:01","slug":"ep10_park_schweiz_gastro_002_51122","status":"inherit","type":"attachment","link":"https:\/\/blog.europapark.de\/fr\/europa-park-fr\/5-experiences-culinaires-a-vivre-a-europa-park-resort\/attachment\/ep10_park_schweiz_gastro_002_51122\/","title":{"rendered":"EP10_Park_Schweiz_Gastro_002_51122"},"author":15,"featured_media":0,"comment_status":"open","ping_status":"closed","template":"","meta":{"_acf_changed":false},"class_list":["post-2737","attachment","type-attachment","status-inherit","hentry"],"acf":[],"yoast_head":"<!-- This site is optimized with the Yoast SEO plugin v26.9 - https:\/\/yoast.com\/product\/yoast-seo-wordpress\/ -->\n<title>EP10_Park_Schweiz_Gastro_002_51122 - Le blog officiel d\u2019Europa-Park<\/title>\n<meta name=\"robots\" content=\"index, follow, max-snippet:-1, max-image-preview:large, max-video-preview:-1\" \/>\n<link rel=\"canonical\" href=\"https:\/\/blog.europapark.de\/fr\/europa-park-fr\/5-experiences-culinaires-a-vivre-a-europa-park-resort\/attachment\/ep10_park_schweiz_gastro_002_51122\/\" \/>\n<meta property=\"og:locale\" content=\"fr_FR\" \/>\n<meta property=\"og:type\" content=\"article\" \/>\n<meta property=\"og:title\" content=\"EP10_Park_Schweiz_Gastro_002_51122 - Le blog officiel d\u2019Europa-Park\" \/>\n<meta property=\"og:url\" content=\"https:\/\/blog.europapark.de\/fr\/europa-park-fr\/5-experiences-culinaires-a-vivre-a-europa-park-resort\/attachment\/ep10_park_schweiz_gastro_002_51122\/\" \/>\n<meta property=\"og:site_name\" content=\"Le blog officiel d\u2019Europa-Park\" \/>\n<meta property=\"og:image\" content=\"https:\/\/blog.europapark.de\/wp-content\/uploads\/2019\/07\/EP10_Park_Schweiz_Gastro_002_51122.jpg\" \/>\n\t<meta property=\"og:image:width\" content=\"2362\" \/>\n\t<meta property=\"og:image:height\" content=\"1575\" \/>\n\t<meta property=\"og:image:type\" content=\"image\/jpeg\" \/>\n<meta name=\"twitter:card\" content=\"summary_large_image\" \/>\n<script type=\"application\/ld+json\" class=\"yoast-schema-graph\">{\"@context\":\"https:\/\/schema.org\",\"@graph\":[{\"@type\":\"WebPage\",\"@id\":\"https:\/\/blog.europapark.de\/fr\/europa-park-fr\/5-experiences-culinaires-a-vivre-a-europa-park-resort\/attachment\/ep10_park_schweiz_gastro_002_51122\/\",\"url\":\"https:\/\/blog.europapark.de\/fr\/europa-park-fr\/5-experiences-culinaires-a-vivre-a-europa-park-resort\/attachment\/ep10_park_schweiz_gastro_002_51122\/\",\"name\":\"EP10_Park_Schweiz_Gastro_002_51122 - Le blog officiel d\u2019Europa-Park\",\"isPartOf\":{\"@id\":\"https:\/\/blog.europapark.de\/fr\/#website\"},\"datePublished\":\"2019-07-27T20:52:01+00:00\",\"breadcrumb\":{\"@id\":\"https:\/\/blog.europapark.de\/fr\/europa-park-fr\/5-experiences-culinaires-a-vivre-a-europa-park-resort\/attachment\/ep10_park_schweiz_gastro_002_51122\/#breadcrumb\"},\"inLanguage\":\"fr-FR\",\"potentialAction\":[{\"@type\":\"ReadAction\",\"target\":[\"https:\/\/blog.europapark.de\/fr\/europa-park-fr\/5-experiences-culinaires-a-vivre-a-europa-park-resort\/attachment\/ep10_park_schweiz_gastro_002_51122\/\"]}]},{\"@type\":\"BreadcrumbList\",\"@id\":\"https:\/\/blog.europapark.de\/fr\/europa-park-fr\/5-experiences-culinaires-a-vivre-a-europa-park-resort\/attachment\/ep10_park_schweiz_gastro_002_51122\/#breadcrumb\",\"itemListElement\":[{\"@type\":\"ListItem\",\"position\":1,\"name\":\"Accueil\",\"item\":\"https:\/\/blog.europapark.de\/fr\/\"},{\"@type\":\"ListItem\",\"position\":2,\"name\":\"5 exp\u00e9riences culinaires \u00e0 vivre \u00e0 Europa-Park Resort\",\"item\":\"https:\/\/blog.europapark.de\/fr\/europa-park-fr\/5-experiences-culinaires-a-vivre-a-europa-park-resort\/\"},{\"@type\":\"ListItem\",\"position\":3,\"name\":\"EP10_Park_Schweiz_Gastro_002_51122\"}]},{\"@type\":\"WebSite\",\"@id\":\"https:\/\/blog.europapark.de\/fr\/#website\",\"url\":\"https:\/\/blog.europapark.de\/fr\/\",\"name\":\"Le blog officiel d\u2019Europa-Park\",\"description\":\"\",\"potentialAction\":[{\"@type\":\"SearchAction\",\"target\":{\"@type\":\"EntryPoint\",\"urlTemplate\":\"https:\/\/blog.europapark.de\/fr\/?s={search_term_string}\"},\"query-input\":{\"@type\":\"PropertyValueSpecification\",\"valueRequired\":true,\"valueName\":\"search_term_string\"}}],\"inLanguage\":\"fr-FR\"}]}<\/script>\n<!-- \/ Yoast SEO plugin. -->","yoast_head_json":{"title":"EP10_Park_Schweiz_Gastro_002_51122 - Le blog officiel d\u2019Europa-Park","robots":{"index":"index","follow":"follow","max-snippet":"max-snippet:-1","max-image-preview":"max-image-preview:large","max-video-preview":"max-video-preview:-1"},"canonical":"https:\/\/blog.europapark.de\/fr\/europa-park-fr\/5-experiences-culinaires-a-vivre-a-europa-park-resort\/attachment\/ep10_park_schweiz_gastro_002_51122\/","og_locale":"fr_FR","og_type":"article","og_title":"EP10_Park_Schweiz_Gastro_002_51122 - Le blog officiel d\u2019Europa-Park","og_url":"https:\/\/blog.europapark.de\/fr\/europa-park-fr\/5-experiences-culinaires-a-vivre-a-europa-park-resort\/attachment\/ep10_park_schweiz_gastro_002_51122\/","og_site_name":"Le blog officiel d\u2019Europa-Park","og_image":[{"width":2362,"height":1575,"url":"https:\/\/blog.europapark.de\/wp-content\/uploads\/2019\/07\/EP10_Park_Schweiz_Gastro_002_51122.jpg","type":"image\/jpeg"}],"twitter_card":"summary_large_image","schema":{"@context":"https:\/\/schema.org","@graph":[{"@type":"WebPage","@id":"https:\/\/blog.europapark.de\/fr\/europa-park-fr\/5-experiences-culinaires-a-vivre-a-europa-park-resort\/attachment\/ep10_park_schweiz_gastro_002_51122\/","url":"https:\/\/blog.europapark.de\/fr\/europa-park-fr\/5-experiences-culinaires-a-vivre-a-europa-park-resort\/attachment\/ep10_park_schweiz_gastro_002_51122\/","name":"EP10_Park_Schweiz_Gastro_002_51122 - Le blog officiel d\u2019Europa-Park","isPartOf":{"@id":"https:\/\/blog.europapark.de\/fr\/#website"},"datePublished":"2019-07-27T20:52:01+00:00","breadcrumb":{"@id":"https:\/\/blog.europapark.de\/fr\/europa-park-fr\/5-experiences-culinaires-a-vivre-a-europa-park-resort\/attachment\/ep10_park_schweiz_gastro_002_51122\/#breadcrumb"},"inLanguage":"fr-FR","potentialAction":[{"@type":"ReadAction","target":["https:\/\/blog.europapark.de\/fr\/europa-park-fr\/5-experiences-culinaires-a-vivre-a-europa-park-resort\/attachment\/ep10_park_schweiz_gastro_002_51122\/"]}]},{"@type":"BreadcrumbList","@id":"https:\/\/blog.europapark.de\/fr\/europa-park-fr\/5-experiences-culinaires-a-vivre-a-europa-park-resort\/attachment\/ep10_park_schweiz_gastro_002_51122\/#breadcrumb","itemListElement":[{"@type":"ListItem","position":1,"name":"Accueil","item":"https:\/\/blog.europapark.de\/fr\/"},{"@type":"ListItem","position":2,"name":"5 exp\u00e9riences culinaires \u00e0 vivre \u00e0 Europa-Park Resort","item":"https:\/\/blog.europapark.de\/fr\/europa-park-fr\/5-experiences-culinaires-a-vivre-a-europa-park-resort\/"},{"@type":"ListItem","position":3,"name":"EP10_Park_Schweiz_Gastro_002_51122"}]},{"@type":"WebSite","@id":"https:\/\/blog.europapark.de\/fr\/#website","url":"https:\/\/blog.europapark.de\/fr\/","name":"Le blog officiel d\u2019Europa-Park","description":"","potentialAction":[{"@type":"SearchAction","target":{"@type":"EntryPoint","urlTemplate":"https:\/\/blog.europapark.de\/fr\/?s={search_term_string}"},"query-input":{"@type":"PropertyValueSpecification","valueRequired":true,"valueName":"search_term_string"}}],"inLanguage":"fr-FR"}]}},"description":{"rendered":"<p class=\"attachment\"><a href='https:\/\/blog.europapark.de\/wp-content\/uploads\/2019\/07\/EP10_Park_Schweiz_Gastro_002_51122.jpg'><img loading=\"lazy\" decoding=\"async\" width=\"400\" height=\"267\" src=\"https:\/\/blog.europapark.de\/wp-content\/uploads\/2019\/07\/EP10_Park_Schweiz_Gastro_002_51122-400x267.jpg\" class=\"attachment-medium size-medium\" alt=\"\" srcset=\"https:\/\/blog.europapark.de\/wp-content\/uploads\/2019\/07\/EP10_Park_Schweiz_Gastro_002_51122-400x267.jpg 400w, https:\/\/blog.europapark.de\/wp-content\/uploads\/2019\/07\/EP10_Park_Schweiz_Gastro_002_51122-768x512.jpg 768w, https:\/\/blog.europapark.de\/wp-content\/uploads\/2019\/07\/EP10_Park_Schweiz_Gastro_002_51122-1024x683.jpg 1024w, https:\/\/blog.europapark.de\/wp-content\/uploads\/2019\/07\/EP10_Park_Schweiz_Gastro_002_51122-1700x1134.jpg 1700w\" sizes=\"auto, (max-width: 400px) 100vw, 400px\" \/><\/a><\/p>\n"},"caption":{"rendered":""},"alt_text":"","media_type":"image","mime_type":"image\/jpeg","media_details":{"width":2362,"height":1575,"file":"2019\/07\/EP10_Park_Schweiz_Gastro_002_51122.jpg","sizes":{"thumbnail":{"file":"EP10_Park_Schweiz_Gastro_002_51122-150x150.jpg","width":150,"height":150,"mime_type":"image\/jpeg","source_url":"https:\/\/blog.europapark.de\/wp-content\/uploads\/2019\/07\/EP10_Park_Schweiz_Gastro_002_51122-150x150.jpg"},"medium":{"file":"EP10_Park_Schweiz_Gastro_002_51122-400x267.jpg","width":400,"height":267,"mime_type":"image\/jpeg","source_url":"https:\/\/blog.europapark.de\/wp-content\/uploads\/2019\/07\/EP10_Park_Schweiz_Gastro_002_51122-400x267.jpg"},"medium_large":{"file":"EP10_Park_Schweiz_Gastro_002_51122-768x512.jpg","width":768,"height":512,"mime_type":"image\/jpeg","source_url":"https:\/\/blog.europapark.de\/wp-content\/uploads\/2019\/07\/EP10_Park_Schweiz_Gastro_002_51122-768x512.jpg"},"large":{"file":"EP10_Park_Schweiz_Gastro_002_51122-1024x683.jpg","width":1024,"height":683,"mime_type":"image\/jpeg","source_url":"https:\/\/blog.europapark.de\/wp-content\/uploads\/2019\/07\/EP10_Park_Schweiz_Gastro_002_51122-1024x683.jpg"},"header-thumb":{"file":"EP10_Park_Schweiz_Gastro_002_51122-1700x1134.jpg","width":1700,"height":1134,"mime_type":"image\/jpeg","source_url":"https:\/\/blog.europapark.de\/wp-content\/uploads\/2019\/07\/EP10_Park_Schweiz_Gastro_002_51122-1700x1134.jpg"},"full":{"file":"EP10_Park_Schweiz_Gastro_002_51122.jpg","width":2362,"height":1575,"mime_type":"image\/jpeg","source_url":"https:\/\/blog.europapark.de\/wp-content\/uploads\/2019\/07\/EP10_Park_Schweiz_Gastro_002_51122.jpg"}},"image_meta":{"aperture":"6.3","credit":"","camera":"Canon EOS-1Ds Mark III","caption":"","created_timestamp":"1249136710","copyright":"","focal_length":"17","iso":"400","shutter_speed":"0.0008","title":"","orientation":"1","keywords":[]}},"post":2730,"source_url":"https:\/\/blog.europapark.de\/wp-content\/uploads\/2019\/07\/EP10_Park_Schweiz_Gastro_002_51122.jpg","_links":{"self":[{"href":"https:\/\/blog.europapark.de\/fr\/wp-json\/wp\/v2\/media\/2737","targetHints":{"allow":["GET"]}}],"collection":[{"href":"https:\/\/blog.europapark.de\/fr\/wp-json\/wp\/v2\/media"}],"about":[{"href":"https:\/\/blog.europapark.de\/fr\/wp-json\/wp\/v2\/types\/attachment"}],"author":[{"embeddable":true,"href":"https:\/\/blog.europapark.de\/fr\/wp-json\/wp\/v2\/users\/15"}],"replies":[{"embeddable":true,"href":"https:\/\/blog.europapark.de\/fr\/wp-json\/wp\/v2\/comments?post=2737"}],"wp:attached-to":[{"embeddable":true,"post_type":"post","id":2730,"href":"https:\/\/blog.europapark.de\/fr\/wp-json\/wp\/v2\/posts\/2730"}],"curies":[{"name":"wp","href":"https:\/\/api.w.org\/{rel}","templated":true}]}}

<!-- This site is optimized with the Yoast SEO plugin v26.9 - https://yoast.com/product/yoast-seo-wordpress/ -->
<title>EP10_Park_Schweiz_Gastro_002_51122 - Le blog officiel d’Europa-Park</title>
<meta name="robots" content="index, follow, max-snippet:-1, max-image-preview:large, max-video-preview:-1" />
<link rel="canonical" href="https://blog.europapark.de/fr/europa-park-fr/5-experiences-culinaires-a-vivre-a-europa-park-resort/attachment/ep10_park_schweiz_gastro_002_51122/" />
<meta property="og:locale" content="fr_FR" />
<meta property="og:type" content="article" />
<meta property="og:title" content="EP10_Park_Schweiz_Gastro_002_51122 - Le blog officiel d’Europa-Park" />
<meta property="og:url" content="https://blog.europapark.de/fr/europa-park-fr/5-experiences-culinaires-a-vivre-a-europa-park-resort/attachment/ep10_park_schweiz_gastro_002_51122/" />
<meta property="og:site_name" content="Le blog officiel d’Europa-Park" />
<meta property="og:image" content="https://blog.europapark.de/wp-content/uploads/2019/07/EP10_Park_Schweiz_Gastro_002_51122.jpg" />
	<meta property="og:image:width" content="2362" />
	<meta property="og:image:height" content="1575" />
	<meta property="og:image:type" content="image/jpeg" />
<meta name="twitter:card" content="summary_large_image" />
<script type="application/ld+json" class="yoast-schema-graph">{"@context":"https://schema.org","@graph":[{"@type":"WebPage","@id":"https://blog.europapark.de/fr/europa-park-fr/5-experiences-culinaires-a-vivre-a-europa-park-resort/attachment/ep10_park_schweiz_gastro_002_51122/","url":"https://blog.europapark.de/fr/europa-park-fr/5-experiences-culinaires-a-vivre-a-europa-park-resort/attachment/ep10_park_schweiz_gastro_002_51122/","name":"EP10_Park_Schweiz_Gastro_002_51122 - Le blog officiel d’Europa-Park","isPartOf":{"@id":"https://blog.europapark.de/fr/#website"},"datePublished":"2019-07-27T20:52:01+00:00","breadcrumb":{"@id":"https://blog.europapark.de/fr/europa-park-fr/5-experiences-culinaires-a-vivre-a-europa-park-resort/attachment/ep10_park_schweiz_gastro_002_51122/#breadcrumb"},"inLanguage":"fr-FR","potentialAction":[{"@type":"ReadAction","target":["https://blog.europapark.de/fr/europa-park-fr/5-experiences-culinaires-a-vivre-a-europa-park-resort/attachment/ep10_park_schweiz_gastro_002_51122/"]}]},{"@type":"BreadcrumbList","@id":"https://blog.europapark.de/fr/europa-park-fr/5-experiences-culinaires-a-vivre-a-europa-park-resort/attachment/ep10_park_schweiz_gastro_002_51122/#breadcrumb","itemListElement":[{"@type":"ListItem","position":1,"name":"Accueil","item":"https://blog.europapark.de/fr/"},{"@type":"ListItem","position":2,"name":"5 expériences culinaires à vivre à Europa-Park Resort","item":"https://blog.europapark.de/fr/europa-park-fr/5-experiences-culinaires-a-vivre-a-europa-park-resort/"},{"@type":"ListItem","position":3,"name":"EP10_Park_Schweiz_Gastro_002_51122"}]},{"@type":"WebSite","@id":"https://blog.europapark.de/fr/#website","url":"https://blog.europapark.de/fr/","name":"Le blog officiel d’Europa-Park","description":"","potentialAction":[{"@type":"SearchAction","target":{"@type":"EntryPoint","urlTemplate":"https://blog.europapark.de/fr/?s={search_term_string}"},"query-input":{"@type":"PropertyValueSpecification","valueRequired":true,"valueName":"search_term_string"}}],"inLanguage":"fr-FR"}]}</script>
<!-- / Yoast SEO plugin. -->

5 expériences culinaires à vivre à Europa-Park Resort
