{"id":15684,"date":"2026-02-10T11:20:49","date_gmt":"2026-02-10T10:20:49","guid":{"rendered":"https:\/\/blog.europapark.de\/wp-content\/uploads\/2026\/02\/0182-SKUB-8572-1.jpg"},"modified":"2026-02-11T12:58:17","modified_gmt":"2026-02-11T11:58:17","slug":"0182-skub-8572-2-2","status":"inherit","type":"attachment","link":"https:\/\/blog.europapark.de\/fr\/europa-park-fr\/voici-comment-europa-park-a-celebre-son-50eme-anniversaire\/attachment\/0182-skub-8572-2-2\/","title":{"rendered":"0182-SKUB-8572"},"author":30,"featured_media":0,"comment_status":"closed","ping_status":"closed","template":"","meta":{"_acf_changed":false},"class_list":["post-15684","attachment","type-attachment","status-inherit","hentry"],"acf":[],"yoast_head":"<!-- This site is optimized with the Yoast SEO plugin v26.9 - https:\/\/yoast.com\/product\/yoast-seo-wordpress\/ -->\n<title>0182-SKUB-8572 - Le blog officiel d\u2019Europa-Park<\/title>\n<meta name=\"robots\" content=\"index, follow, max-snippet:-1, max-image-preview:large, max-video-preview:-1\" \/>\n<link rel=\"canonical\" href=\"https:\/\/blog.europapark.de\/fr\/europa-park-fr\/voici-comment-europa-park-a-celebre-son-50eme-anniversaire\/attachment\/0182-skub-8572-2-2\/\" \/>\n<meta property=\"og:locale\" content=\"fr_FR\" \/>\n<meta property=\"og:type\" content=\"article\" \/>\n<meta property=\"og:title\" content=\"0182-SKUB-8572 - Le blog officiel d\u2019Europa-Park\" \/>\n<meta property=\"og:url\" content=\"https:\/\/blog.europapark.de\/fr\/europa-park-fr\/voici-comment-europa-park-a-celebre-son-50eme-anniversaire\/attachment\/0182-skub-8572-2-2\/\" \/>\n<meta property=\"og:site_name\" content=\"Le blog officiel d\u2019Europa-Park\" \/>\n<meta property=\"article:modified_time\" content=\"2026-02-11T11:58:17+00:00\" \/>\n<meta property=\"og:image\" content=\"https:\/\/blog.europapark.de\/wp-content\/uploads\/2026\/02\/0182-SKUB-8572-1-1024x681.jpg\" \/>\n\t<meta property=\"og:image:width\" content=\"1024\" \/>\n\t<meta property=\"og:image:height\" content=\"681\" \/>\n\t<meta property=\"og:image:type\" content=\"image\/jpeg\" \/>\n<meta name=\"twitter:card\" content=\"summary_large_image\" \/>\n<script type=\"application\/ld+json\" class=\"yoast-schema-graph\">{\"@context\":\"https:\/\/schema.org\",\"@graph\":[{\"@type\":\"WebPage\",\"@id\":\"https:\/\/blog.europapark.de\/fr\/europa-park-fr\/voici-comment-europa-park-a-celebre-son-50eme-anniversaire\/attachment\/0182-skub-8572-2-2\/\",\"url\":\"https:\/\/blog.europapark.de\/fr\/europa-park-fr\/voici-comment-europa-park-a-celebre-son-50eme-anniversaire\/attachment\/0182-skub-8572-2-2\/\",\"name\":\"0182-SKUB-8572 - Le blog officiel d\u2019Europa-Park\",\"isPartOf\":{\"@id\":\"https:\/\/blog.europapark.de\/fr\/#website\"},\"datePublished\":\"2026-02-10T10:20:49+00:00\",\"dateModified\":\"2026-02-11T11:58:17+00:00\",\"breadcrumb\":{\"@id\":\"https:\/\/blog.europapark.de\/fr\/europa-park-fr\/voici-comment-europa-park-a-celebre-son-50eme-anniversaire\/attachment\/0182-skub-8572-2-2\/#breadcrumb\"},\"inLanguage\":\"fr-FR\",\"potentialAction\":[{\"@type\":\"ReadAction\",\"target\":[\"https:\/\/blog.europapark.de\/fr\/europa-park-fr\/voici-comment-europa-park-a-celebre-son-50eme-anniversaire\/attachment\/0182-skub-8572-2-2\/\"]}]},{\"@type\":\"BreadcrumbList\",\"@id\":\"https:\/\/blog.europapark.de\/fr\/europa-park-fr\/voici-comment-europa-park-a-celebre-son-50eme-anniversaire\/attachment\/0182-skub-8572-2-2\/#breadcrumb\",\"itemListElement\":[{\"@type\":\"ListItem\",\"position\":1,\"name\":\"Accueil\",\"item\":\"https:\/\/blog.europapark.de\/fr\/\"},{\"@type\":\"ListItem\",\"position\":2,\"name\":\"\u202fVoici comment Europa-Park a c\u00e9l\u00e9br\u00e9 son 50\u00e8me anniversaire\",\"item\":\"https:\/\/blog.europapark.de\/fr\/europa-park\/so-feierte-der-europa-park-sein-grosses-jubilaeumsjahr\/\"},{\"@type\":\"ListItem\",\"position\":3,\"name\":\"0182-SKUB-8572\"}]},{\"@type\":\"WebSite\",\"@id\":\"https:\/\/blog.europapark.de\/fr\/#website\",\"url\":\"https:\/\/blog.europapark.de\/fr\/\",\"name\":\"Le blog officiel d\u2019Europa-Park\",\"description\":\"\",\"potentialAction\":[{\"@type\":\"SearchAction\",\"target\":{\"@type\":\"EntryPoint\",\"urlTemplate\":\"https:\/\/blog.europapark.de\/fr\/?s={search_term_string}\"},\"query-input\":{\"@type\":\"PropertyValueSpecification\",\"valueRequired\":true,\"valueName\":\"search_term_string\"}}],\"inLanguage\":\"fr-FR\"}]}<\/script>\n<!-- \/ Yoast SEO plugin. -->","yoast_head_json":{"title":"0182-SKUB-8572 - Le blog officiel d\u2019Europa-Park","robots":{"index":"index","follow":"follow","max-snippet":"max-snippet:-1","max-image-preview":"max-image-preview:large","max-video-preview":"max-video-preview:-1"},"canonical":"https:\/\/blog.europapark.de\/fr\/europa-park-fr\/voici-comment-europa-park-a-celebre-son-50eme-anniversaire\/attachment\/0182-skub-8572-2-2\/","og_locale":"fr_FR","og_type":"article","og_title":"0182-SKUB-8572 - Le blog officiel d\u2019Europa-Park","og_url":"https:\/\/blog.europapark.de\/fr\/europa-park-fr\/voici-comment-europa-park-a-celebre-son-50eme-anniversaire\/attachment\/0182-skub-8572-2-2\/","og_site_name":"Le blog officiel d\u2019Europa-Park","article_modified_time":"2026-02-11T11:58:17+00:00","og_image":[{"width":1024,"height":681,"url":"https:\/\/blog.europapark.de\/wp-content\/uploads\/2026\/02\/0182-SKUB-8572-1-1024x681.jpg","type":"image\/jpeg"}],"twitter_card":"summary_large_image","schema":{"@context":"https:\/\/schema.org","@graph":[{"@type":"WebPage","@id":"https:\/\/blog.europapark.de\/fr\/europa-park-fr\/voici-comment-europa-park-a-celebre-son-50eme-anniversaire\/attachment\/0182-skub-8572-2-2\/","url":"https:\/\/blog.europapark.de\/fr\/europa-park-fr\/voici-comment-europa-park-a-celebre-son-50eme-anniversaire\/attachment\/0182-skub-8572-2-2\/","name":"0182-SKUB-8572 - Le blog officiel d\u2019Europa-Park","isPartOf":{"@id":"https:\/\/blog.europapark.de\/fr\/#website"},"datePublished":"2026-02-10T10:20:49+00:00","dateModified":"2026-02-11T11:58:17+00:00","breadcrumb":{"@id":"https:\/\/blog.europapark.de\/fr\/europa-park-fr\/voici-comment-europa-park-a-celebre-son-50eme-anniversaire\/attachment\/0182-skub-8572-2-2\/#breadcrumb"},"inLanguage":"fr-FR","potentialAction":[{"@type":"ReadAction","target":["https:\/\/blog.europapark.de\/fr\/europa-park-fr\/voici-comment-europa-park-a-celebre-son-50eme-anniversaire\/attachment\/0182-skub-8572-2-2\/"]}]},{"@type":"BreadcrumbList","@id":"https:\/\/blog.europapark.de\/fr\/europa-park-fr\/voici-comment-europa-park-a-celebre-son-50eme-anniversaire\/attachment\/0182-skub-8572-2-2\/#breadcrumb","itemListElement":[{"@type":"ListItem","position":1,"name":"Accueil","item":"https:\/\/blog.europapark.de\/fr\/"},{"@type":"ListItem","position":2,"name":"\u202fVoici comment Europa-Park a c\u00e9l\u00e9br\u00e9 son 50\u00e8me anniversaire","item":"https:\/\/blog.europapark.de\/fr\/europa-park\/so-feierte-der-europa-park-sein-grosses-jubilaeumsjahr\/"},{"@type":"ListItem","position":3,"name":"0182-SKUB-8572"}]},{"@type":"WebSite","@id":"https:\/\/blog.europapark.de\/fr\/#website","url":"https:\/\/blog.europapark.de\/fr\/","name":"Le blog officiel d\u2019Europa-Park","description":"","potentialAction":[{"@type":"SearchAction","target":{"@type":"EntryPoint","urlTemplate":"https:\/\/blog.europapark.de\/fr\/?s={search_term_string}"},"query-input":{"@type":"PropertyValueSpecification","valueRequired":true,"valueName":"search_term_string"}}],"inLanguage":"fr-FR"}]}},"description":{"rendered":"<p class=\"attachment\"><a href='https:\/\/blog.europapark.de\/wp-content\/uploads\/2026\/02\/0182-SKUB-8572-1.jpg'><img loading=\"lazy\" decoding=\"async\" width=\"400\" height=\"266\" src=\"https:\/\/blog.europapark.de\/wp-content\/uploads\/2026\/02\/0182-SKUB-8572-1-400x266.jpg\" class=\"attachment-medium size-medium\" alt=\"\" srcset=\"https:\/\/blog.europapark.de\/wp-content\/uploads\/2026\/02\/0182-SKUB-8572-1-400x266.jpg 400w, https:\/\/blog.europapark.de\/wp-content\/uploads\/2026\/02\/0182-SKUB-8572-1-1024x681.jpg 1024w, https:\/\/blog.europapark.de\/wp-content\/uploads\/2026\/02\/0182-SKUB-8572-1-768x511.jpg 768w, https:\/\/blog.europapark.de\/wp-content\/uploads\/2026\/02\/0182-SKUB-8572-1-1536x1022.jpg 1536w, https:\/\/blog.europapark.de\/wp-content\/uploads\/2026\/02\/0182-SKUB-8572-1-2048x1363.jpg 2048w, https:\/\/blog.europapark.de\/wp-content\/uploads\/2026\/02\/0182-SKUB-8572-1-1700x1131.jpg 1700w\" sizes=\"auto, (max-width: 400px) 100vw, 400px\" \/><\/a><\/p>\n"},"caption":{"rendered":""},"alt_text":"","media_type":"image","mime_type":"image\/jpeg","media_details":{"width":4973,"height":3309,"file":"2026\/02\/0182-SKUB-8572-1.jpg","filesize":9284229,"sizes":{"medium":{"file":"0182-SKUB-8572-1-400x266.jpg","width":400,"height":266,"filesize":79735,"mime_type":"image\/jpeg","source_url":"https:\/\/blog.europapark.de\/wp-content\/uploads\/2026\/02\/0182-SKUB-8572-1-400x266.jpg"},"large":{"file":"0182-SKUB-8572-1-1024x681.jpg","width":1024,"height":681,"filesize":243380,"mime_type":"image\/jpeg","source_url":"https:\/\/blog.europapark.de\/wp-content\/uploads\/2026\/02\/0182-SKUB-8572-1-1024x681.jpg"},"thumbnail":{"file":"0182-SKUB-8572-1-150x150.jpg","width":150,"height":150,"filesize":48930,"mime_type":"image\/jpeg","source_url":"https:\/\/blog.europapark.de\/wp-content\/uploads\/2026\/02\/0182-SKUB-8572-1-150x150.jpg"},"medium_large":{"file":"0182-SKUB-8572-1-768x511.jpg","width":768,"height":511,"filesize":164422,"mime_type":"image\/jpeg","source_url":"https:\/\/blog.europapark.de\/wp-content\/uploads\/2026\/02\/0182-SKUB-8572-1-768x511.jpg"},"1536x1536":{"file":"0182-SKUB-8572-1-1536x1022.jpg","width":1536,"height":1022,"filesize":435387,"mime_type":"image\/jpeg","source_url":"https:\/\/blog.europapark.de\/wp-content\/uploads\/2026\/02\/0182-SKUB-8572-1-1536x1022.jpg"},"2048x2048":{"file":"0182-SKUB-8572-1-2048x1363.jpg","width":2048,"height":1363,"filesize":669144,"mime_type":"image\/jpeg","source_url":"https:\/\/blog.europapark.de\/wp-content\/uploads\/2026\/02\/0182-SKUB-8572-1-2048x1363.jpg"},"header-thumb":{"file":"0182-SKUB-8572-1-1700x1131.jpg","width":1700,"height":1131,"filesize":507548,"mime_type":"image\/jpeg","source_url":"https:\/\/blog.europapark.de\/wp-content\/uploads\/2026\/02\/0182-SKUB-8572-1-1700x1131.jpg"},"full":{"file":"0182-SKUB-8572-1.jpg","width":4973,"height":3309,"mime_type":"image\/jpeg","source_url":"https:\/\/blog.europapark.de\/wp-content\/uploads\/2026\/02\/0182-SKUB-8572-1.jpg"}},"image_meta":{"aperture":"4","credit":"SKUB","camera":"NIKON Z 6","caption":"","created_timestamp":"1743259085","copyright":"SKUB","focal_length":"24","iso":"400","shutter_speed":"0.005","title":"","orientation":"0","keywords":[]}},"post":15712,"source_url":"https:\/\/blog.europapark.de\/wp-content\/uploads\/2026\/02\/0182-SKUB-8572-1.jpg","_links":{"self":[{"href":"https:\/\/blog.europapark.de\/fr\/wp-json\/wp\/v2\/media\/15684","targetHints":{"allow":["GET"]}}],"collection":[{"href":"https:\/\/blog.europapark.de\/fr\/wp-json\/wp\/v2\/media"}],"about":[{"href":"https:\/\/blog.europapark.de\/fr\/wp-json\/wp\/v2\/types\/attachment"}],"author":[{"embeddable":true,"href":"https:\/\/blog.europapark.de\/fr\/wp-json\/wp\/v2\/users\/30"}],"replies":[{"embeddable":true,"href":"https:\/\/blog.europapark.de\/fr\/wp-json\/wp\/v2\/comments?post=15684"}],"wp:attached-to":[{"embeddable":true,"post_type":"post","id":15712,"href":"https:\/\/blog.europapark.de\/fr\/wp-json\/wp\/v2\/posts\/15712"}],"curies":[{"name":"wp","href":"https:\/\/api.w.org\/{rel}","templated":true}]}}

<!-- This site is optimized with the Yoast SEO plugin v26.9 - https://yoast.com/product/yoast-seo-wordpress/ -->
<title>0182-SKUB-8572 - Le blog officiel d’Europa-Park</title>
<meta name="robots" content="index, follow, max-snippet:-1, max-image-preview:large, max-video-preview:-1" />
<link rel="canonical" href="https://blog.europapark.de/fr/europa-park-fr/voici-comment-europa-park-a-celebre-son-50eme-anniversaire/attachment/0182-skub-8572-2-2/" />
<meta property="og:locale" content="fr_FR" />
<meta property="og:type" content="article" />
<meta property="og:title" content="0182-SKUB-8572 - Le blog officiel d’Europa-Park" />
<meta property="og:url" content="https://blog.europapark.de/fr/europa-park-fr/voici-comment-europa-park-a-celebre-son-50eme-anniversaire/attachment/0182-skub-8572-2-2/" />
<meta property="og:site_name" content="Le blog officiel d’Europa-Park" />
<meta property="article:modified_time" content="2026-02-11T11:58:17+00:00" />
<meta property="og:image" content="https://blog.europapark.de/wp-content/uploads/2026/02/0182-SKUB-8572-1-1024x681.jpg" />
	<meta property="og:image:width" content="1024" />
	<meta property="og:image:height" content="681" />
	<meta property="og:image:type" content="image/jpeg" />
<meta name="twitter:card" content="summary_large_image" />
<script type="application/ld+json" class="yoast-schema-graph">{"@context":"https://schema.org","@graph":[{"@type":"WebPage","@id":"https://blog.europapark.de/fr/europa-park-fr/voici-comment-europa-park-a-celebre-son-50eme-anniversaire/attachment/0182-skub-8572-2-2/","url":"https://blog.europapark.de/fr/europa-park-fr/voici-comment-europa-park-a-celebre-son-50eme-anniversaire/attachment/0182-skub-8572-2-2/","name":"0182-SKUB-8572 - Le blog officiel d’Europa-Park","isPartOf":{"@id":"https://blog.europapark.de/fr/#website"},"datePublished":"2026-02-10T10:20:49+00:00","dateModified":"2026-02-11T11:58:17+00:00","breadcrumb":{"@id":"https://blog.europapark.de/fr/europa-park-fr/voici-comment-europa-park-a-celebre-son-50eme-anniversaire/attachment/0182-skub-8572-2-2/#breadcrumb"},"inLanguage":"fr-FR","potentialAction":[{"@type":"ReadAction","target":["https://blog.europapark.de/fr/europa-park-fr/voici-comment-europa-park-a-celebre-son-50eme-anniversaire/attachment/0182-skub-8572-2-2/"]}]},{"@type":"BreadcrumbList","@id":"https://blog.europapark.de/fr/europa-park-fr/voici-comment-europa-park-a-celebre-son-50eme-anniversaire/attachment/0182-skub-8572-2-2/#breadcrumb","itemListElement":[{"@type":"ListItem","position":1,"name":"Accueil","item":"https://blog.europapark.de/fr/"},{"@type":"ListItem","position":2,"name":" Voici comment Europa-Park a célébré son 50ème anniversaire","item":"https://blog.europapark.de/fr/europa-park/so-feierte-der-europa-park-sein-grosses-jubilaeumsjahr/"},{"@type":"ListItem","position":3,"name":"0182-SKUB-8572"}]},{"@type":"WebSite","@id":"https://blog.europapark.de/fr/#website","url":"https://blog.europapark.de/fr/","name":"Le blog officiel d’Europa-Park","description":"","potentialAction":[{"@type":"SearchAction","target":{"@type":"EntryPoint","urlTemplate":"https://blog.europapark.de/fr/?s={search_term_string}"},"query-input":{"@type":"PropertyValueSpecification","valueRequired":true,"valueName":"search_term_string"}}],"inLanguage":"fr-FR"}]}</script>
<!-- / Yoast SEO plugin. -->

Voici comment Europa-Park a célébré son 50ème anniversaire
