{"id":12820,"date":"2024-06-19T11:24:17","date_gmt":"2024-06-19T09:24:17","guid":{"rendered":"https:\/\/blog.europapark.de\/wp-content\/uploads\/2024\/06\/EP23_EVENTS_HAVNFEST_KRONASAR90.jpg"},"modified":"2024-06-21T14:32:50","modified_gmt":"2024-06-21T12:32:50","slug":"ep23_events_havnfest_kronasar90-2","status":"inherit","type":"attachment","link":"https:\/\/blog.europapark.de\/fr\/hotels\/celebrons-le-solstice-dete-avec-la-fete-midsommer-havn\/attachment\/ep23_events_havnfest_kronasar90-2\/","title":{"rendered":"EP23_EVENTS_HAVNFEST_KRONASAR90"},"author":30,"featured_media":0,"comment_status":"closed","ping_status":"closed","template":"","meta":{"_acf_changed":false},"class_list":["post-12820","attachment","type-attachment","status-inherit","hentry"],"acf":[],"yoast_head":"<!-- This site is optimized with the Yoast SEO plugin v26.9 - https:\/\/yoast.com\/product\/yoast-seo-wordpress\/ -->\n<title>EP23_EVENTS_HAVNFEST_KRONASAR90 - Le blog officiel d\u2019Europa-Park<\/title>\n<meta name=\"robots\" content=\"index, follow, max-snippet:-1, max-image-preview:large, max-video-preview:-1\" \/>\n<link rel=\"canonical\" href=\"https:\/\/blog.europapark.de\/fr\/hotels\/celebrons-le-solstice-dete-avec-la-fete-midsommer-havn\/attachment\/ep23_events_havnfest_kronasar90-2\/\" \/>\n<meta property=\"og:locale\" content=\"fr_FR\" \/>\n<meta property=\"og:type\" content=\"article\" \/>\n<meta property=\"og:title\" content=\"EP23_EVENTS_HAVNFEST_KRONASAR90 - Le blog officiel d\u2019Europa-Park\" \/>\n<meta property=\"og:url\" content=\"https:\/\/blog.europapark.de\/fr\/hotels\/celebrons-le-solstice-dete-avec-la-fete-midsommer-havn\/attachment\/ep23_events_havnfest_kronasar90-2\/\" \/>\n<meta property=\"og:site_name\" content=\"Le blog officiel d\u2019Europa-Park\" \/>\n<meta property=\"article:modified_time\" content=\"2024-06-21T12:32:50+00:00\" \/>\n<meta property=\"og:image\" content=\"https:\/\/blog.europapark.de\/wp-content\/uploads\/2024\/06\/EP23_EVENTS_HAVNFEST_KRONASAR90.jpg\" \/>\n\t<meta property=\"og:image:width\" content=\"2560\" \/>\n\t<meta property=\"og:image:height\" content=\"1707\" \/>\n\t<meta property=\"og:image:type\" content=\"image\/jpeg\" \/>\n<meta name=\"twitter:card\" content=\"summary_large_image\" \/>\n<script type=\"application\/ld+json\" class=\"yoast-schema-graph\">{\"@context\":\"https:\/\/schema.org\",\"@graph\":[{\"@type\":\"WebPage\",\"@id\":\"https:\/\/blog.europapark.de\/fr\/hotels\/celebrons-le-solstice-dete-avec-la-fete-midsommer-havn\/attachment\/ep23_events_havnfest_kronasar90-2\/\",\"url\":\"https:\/\/blog.europapark.de\/fr\/hotels\/celebrons-le-solstice-dete-avec-la-fete-midsommer-havn\/attachment\/ep23_events_havnfest_kronasar90-2\/\",\"name\":\"EP23_EVENTS_HAVNFEST_KRONASAR90 - Le blog officiel d\u2019Europa-Park\",\"isPartOf\":{\"@id\":\"https:\/\/blog.europapark.de\/fr\/#website\"},\"datePublished\":\"2024-06-19T09:24:17+00:00\",\"dateModified\":\"2024-06-21T12:32:50+00:00\",\"breadcrumb\":{\"@id\":\"https:\/\/blog.europapark.de\/fr\/hotels\/celebrons-le-solstice-dete-avec-la-fete-midsommer-havn\/attachment\/ep23_events_havnfest_kronasar90-2\/#breadcrumb\"},\"inLanguage\":\"fr-FR\",\"potentialAction\":[{\"@type\":\"ReadAction\",\"target\":[\"https:\/\/blog.europapark.de\/fr\/hotels\/celebrons-le-solstice-dete-avec-la-fete-midsommer-havn\/attachment\/ep23_events_havnfest_kronasar90-2\/\"]}]},{\"@type\":\"BreadcrumbList\",\"@id\":\"https:\/\/blog.europapark.de\/fr\/hotels\/celebrons-le-solstice-dete-avec-la-fete-midsommer-havn\/attachment\/ep23_events_havnfest_kronasar90-2\/#breadcrumb\",\"itemListElement\":[{\"@type\":\"ListItem\",\"position\":1,\"name\":\"Accueil\",\"item\":\"https:\/\/blog.europapark.de\/fr\/\"},{\"@type\":\"ListItem\",\"position\":2,\"name\":\"C\u00e9l\u00e9brons le solstice d&#8217;\u00e9t\u00e9 avec la f\u00eate Midsommer Havn\",\"item\":\"https:\/\/blog.europapark.de\/fr\/hotels\/celebrons-le-solstice-dete-avec-la-fete-midsommer-havn\/\"},{\"@type\":\"ListItem\",\"position\":3,\"name\":\"EP23_EVENTS_HAVNFEST_KRONASAR90\"}]},{\"@type\":\"WebSite\",\"@id\":\"https:\/\/blog.europapark.de\/fr\/#website\",\"url\":\"https:\/\/blog.europapark.de\/fr\/\",\"name\":\"Le blog officiel d\u2019Europa-Park\",\"description\":\"\",\"potentialAction\":[{\"@type\":\"SearchAction\",\"target\":{\"@type\":\"EntryPoint\",\"urlTemplate\":\"https:\/\/blog.europapark.de\/fr\/?s={search_term_string}\"},\"query-input\":{\"@type\":\"PropertyValueSpecification\",\"valueRequired\":true,\"valueName\":\"search_term_string\"}}],\"inLanguage\":\"fr-FR\"}]}<\/script>\n<!-- \/ Yoast SEO plugin. -->","yoast_head_json":{"title":"EP23_EVENTS_HAVNFEST_KRONASAR90 - Le blog officiel d\u2019Europa-Park","robots":{"index":"index","follow":"follow","max-snippet":"max-snippet:-1","max-image-preview":"max-image-preview:large","max-video-preview":"max-video-preview:-1"},"canonical":"https:\/\/blog.europapark.de\/fr\/hotels\/celebrons-le-solstice-dete-avec-la-fete-midsommer-havn\/attachment\/ep23_events_havnfest_kronasar90-2\/","og_locale":"fr_FR","og_type":"article","og_title":"EP23_EVENTS_HAVNFEST_KRONASAR90 - Le blog officiel d\u2019Europa-Park","og_url":"https:\/\/blog.europapark.de\/fr\/hotels\/celebrons-le-solstice-dete-avec-la-fete-midsommer-havn\/attachment\/ep23_events_havnfest_kronasar90-2\/","og_site_name":"Le blog officiel d\u2019Europa-Park","article_modified_time":"2024-06-21T12:32:50+00:00","og_image":[{"width":2560,"height":1707,"url":"https:\/\/blog.europapark.de\/wp-content\/uploads\/2024\/06\/EP23_EVENTS_HAVNFEST_KRONASAR90.jpg","type":"image\/jpeg"}],"twitter_card":"summary_large_image","schema":{"@context":"https:\/\/schema.org","@graph":[{"@type":"WebPage","@id":"https:\/\/blog.europapark.de\/fr\/hotels\/celebrons-le-solstice-dete-avec-la-fete-midsommer-havn\/attachment\/ep23_events_havnfest_kronasar90-2\/","url":"https:\/\/blog.europapark.de\/fr\/hotels\/celebrons-le-solstice-dete-avec-la-fete-midsommer-havn\/attachment\/ep23_events_havnfest_kronasar90-2\/","name":"EP23_EVENTS_HAVNFEST_KRONASAR90 - Le blog officiel d\u2019Europa-Park","isPartOf":{"@id":"https:\/\/blog.europapark.de\/fr\/#website"},"datePublished":"2024-06-19T09:24:17+00:00","dateModified":"2024-06-21T12:32:50+00:00","breadcrumb":{"@id":"https:\/\/blog.europapark.de\/fr\/hotels\/celebrons-le-solstice-dete-avec-la-fete-midsommer-havn\/attachment\/ep23_events_havnfest_kronasar90-2\/#breadcrumb"},"inLanguage":"fr-FR","potentialAction":[{"@type":"ReadAction","target":["https:\/\/blog.europapark.de\/fr\/hotels\/celebrons-le-solstice-dete-avec-la-fete-midsommer-havn\/attachment\/ep23_events_havnfest_kronasar90-2\/"]}]},{"@type":"BreadcrumbList","@id":"https:\/\/blog.europapark.de\/fr\/hotels\/celebrons-le-solstice-dete-avec-la-fete-midsommer-havn\/attachment\/ep23_events_havnfest_kronasar90-2\/#breadcrumb","itemListElement":[{"@type":"ListItem","position":1,"name":"Accueil","item":"https:\/\/blog.europapark.de\/fr\/"},{"@type":"ListItem","position":2,"name":"C\u00e9l\u00e9brons le solstice d&#8217;\u00e9t\u00e9 avec la f\u00eate Midsommer Havn","item":"https:\/\/blog.europapark.de\/fr\/hotels\/celebrons-le-solstice-dete-avec-la-fete-midsommer-havn\/"},{"@type":"ListItem","position":3,"name":"EP23_EVENTS_HAVNFEST_KRONASAR90"}]},{"@type":"WebSite","@id":"https:\/\/blog.europapark.de\/fr\/#website","url":"https:\/\/blog.europapark.de\/fr\/","name":"Le blog officiel d\u2019Europa-Park","description":"","potentialAction":[{"@type":"SearchAction","target":{"@type":"EntryPoint","urlTemplate":"https:\/\/blog.europapark.de\/fr\/?s={search_term_string}"},"query-input":{"@type":"PropertyValueSpecification","valueRequired":true,"valueName":"search_term_string"}}],"inLanguage":"fr-FR"}]}},"description":{"rendered":"<p class=\"attachment\"><a href='https:\/\/blog.europapark.de\/wp-content\/uploads\/2024\/06\/EP23_EVENTS_HAVNFEST_KRONASAR90.jpg'><img loading=\"lazy\" decoding=\"async\" width=\"400\" height=\"267\" src=\"https:\/\/blog.europapark.de\/wp-content\/uploads\/2024\/06\/EP23_EVENTS_HAVNFEST_KRONASAR90-400x267.jpg\" class=\"attachment-medium size-medium\" alt=\"\" srcset=\"https:\/\/blog.europapark.de\/wp-content\/uploads\/2024\/06\/EP23_EVENTS_HAVNFEST_KRONASAR90-400x267.jpg 400w, https:\/\/blog.europapark.de\/wp-content\/uploads\/2024\/06\/EP23_EVENTS_HAVNFEST_KRONASAR90-1024x683.jpg 1024w, https:\/\/blog.europapark.de\/wp-content\/uploads\/2024\/06\/EP23_EVENTS_HAVNFEST_KRONASAR90-768x512.jpg 768w, https:\/\/blog.europapark.de\/wp-content\/uploads\/2024\/06\/EP23_EVENTS_HAVNFEST_KRONASAR90-1536x1024.jpg 1536w, https:\/\/blog.europapark.de\/wp-content\/uploads\/2024\/06\/EP23_EVENTS_HAVNFEST_KRONASAR90-2048x1366.jpg 2048w, https:\/\/blog.europapark.de\/wp-content\/uploads\/2024\/06\/EP23_EVENTS_HAVNFEST_KRONASAR90-1700x1134.jpg 1700w\" sizes=\"auto, (max-width: 400px) 100vw, 400px\" \/><\/a><\/p>\n"},"caption":{"rendered":""},"alt_text":"","media_type":"image","mime_type":"image\/jpeg","media_details":{"width":2560,"height":1707,"file":"2024\/06\/EP23_EVENTS_HAVNFEST_KRONASAR90.jpg","filesize":1520921,"sizes":{"medium":{"file":"EP23_EVENTS_HAVNFEST_KRONASAR90-400x267.jpg","width":400,"height":267,"filesize":34293,"mime_type":"image\/jpeg","source_url":"https:\/\/blog.europapark.de\/wp-content\/uploads\/2024\/06\/EP23_EVENTS_HAVNFEST_KRONASAR90-400x267.jpg"},"large":{"file":"EP23_EVENTS_HAVNFEST_KRONASAR90-1024x683.jpg","width":1024,"height":683,"filesize":149325,"mime_type":"image\/jpeg","source_url":"https:\/\/blog.europapark.de\/wp-content\/uploads\/2024\/06\/EP23_EVENTS_HAVNFEST_KRONASAR90-1024x683.jpg"},"thumbnail":{"file":"EP23_EVENTS_HAVNFEST_KRONASAR90-150x150.jpg","width":150,"height":150,"filesize":11764,"mime_type":"image\/jpeg","source_url":"https:\/\/blog.europapark.de\/wp-content\/uploads\/2024\/06\/EP23_EVENTS_HAVNFEST_KRONASAR90-150x150.jpg"},"medium_large":{"file":"EP23_EVENTS_HAVNFEST_KRONASAR90-768x512.jpg","width":768,"height":512,"filesize":93348,"mime_type":"image\/jpeg","source_url":"https:\/\/blog.europapark.de\/wp-content\/uploads\/2024\/06\/EP23_EVENTS_HAVNFEST_KRONASAR90-768x512.jpg"},"1536x1536":{"file":"EP23_EVENTS_HAVNFEST_KRONASAR90-1536x1024.jpg","width":1536,"height":1024,"filesize":290719,"mime_type":"image\/jpeg","source_url":"https:\/\/blog.europapark.de\/wp-content\/uploads\/2024\/06\/EP23_EVENTS_HAVNFEST_KRONASAR90-1536x1024.jpg"},"2048x2048":{"file":"EP23_EVENTS_HAVNFEST_KRONASAR90-2048x1366.jpg","width":2048,"height":1366,"filesize":466458,"mime_type":"image\/jpeg","source_url":"https:\/\/blog.europapark.de\/wp-content\/uploads\/2024\/06\/EP23_EVENTS_HAVNFEST_KRONASAR90-2048x1366.jpg"},"header-thumb":{"file":"EP23_EVENTS_HAVNFEST_KRONASAR90-1700x1134.jpg","width":1700,"height":1134,"filesize":344308,"mime_type":"image\/jpeg","source_url":"https:\/\/blog.europapark.de\/wp-content\/uploads\/2024\/06\/EP23_EVENTS_HAVNFEST_KRONASAR90-1700x1134.jpg"},"full":{"file":"EP23_EVENTS_HAVNFEST_KRONASAR90.jpg","width":2560,"height":1707,"mime_type":"image\/jpeg","source_url":"https:\/\/blog.europapark.de\/wp-content\/uploads\/2024\/06\/EP23_EVENTS_HAVNFEST_KRONASAR90.jpg"}},"image_meta":{"aperture":"0","credit":"","camera":"","caption":"","created_timestamp":"0","copyright":"","focal_length":"0","iso":"0","shutter_speed":"0","title":"","orientation":"0","keywords":[]}},"post":12832,"source_url":"https:\/\/blog.europapark.de\/wp-content\/uploads\/2024\/06\/EP23_EVENTS_HAVNFEST_KRONASAR90.jpg","_links":{"self":[{"href":"https:\/\/blog.europapark.de\/fr\/wp-json\/wp\/v2\/media\/12820","targetHints":{"allow":["GET"]}}],"collection":[{"href":"https:\/\/blog.europapark.de\/fr\/wp-json\/wp\/v2\/media"}],"about":[{"href":"https:\/\/blog.europapark.de\/fr\/wp-json\/wp\/v2\/types\/attachment"}],"author":[{"embeddable":true,"href":"https:\/\/blog.europapark.de\/fr\/wp-json\/wp\/v2\/users\/30"}],"replies":[{"embeddable":true,"href":"https:\/\/blog.europapark.de\/fr\/wp-json\/wp\/v2\/comments?post=12820"}],"wp:attached-to":[{"embeddable":true,"post_type":"post","id":12832,"href":"https:\/\/blog.europapark.de\/fr\/wp-json\/wp\/v2\/posts\/12832"}],"curies":[{"name":"wp","href":"https:\/\/api.w.org\/{rel}","templated":true}]}}

<!-- This site is optimized with the Yoast SEO plugin v26.9 - https://yoast.com/product/yoast-seo-wordpress/ -->
<title>EP23_EVENTS_HAVNFEST_KRONASAR90 - Le blog officiel d’Europa-Park</title>
<meta name="robots" content="index, follow, max-snippet:-1, max-image-preview:large, max-video-preview:-1" />
<link rel="canonical" href="https://blog.europapark.de/fr/hotels/celebrons-le-solstice-dete-avec-la-fete-midsommer-havn/attachment/ep23_events_havnfest_kronasar90-2/" />
<meta property="og:locale" content="fr_FR" />
<meta property="og:type" content="article" />
<meta property="og:title" content="EP23_EVENTS_HAVNFEST_KRONASAR90 - Le blog officiel d’Europa-Park" />
<meta property="og:url" content="https://blog.europapark.de/fr/hotels/celebrons-le-solstice-dete-avec-la-fete-midsommer-havn/attachment/ep23_events_havnfest_kronasar90-2/" />
<meta property="og:site_name" content="Le blog officiel d’Europa-Park" />
<meta property="article:modified_time" content="2024-06-21T12:32:50+00:00" />
<meta property="og:image" content="https://blog.europapark.de/wp-content/uploads/2024/06/EP23_EVENTS_HAVNFEST_KRONASAR90.jpg" />
	<meta property="og:image:width" content="2560" />
	<meta property="og:image:height" content="1707" />
	<meta property="og:image:type" content="image/jpeg" />
<meta name="twitter:card" content="summary_large_image" />
<script type="application/ld+json" class="yoast-schema-graph">{"@context":"https://schema.org","@graph":[{"@type":"WebPage","@id":"https://blog.europapark.de/fr/hotels/celebrons-le-solstice-dete-avec-la-fete-midsommer-havn/attachment/ep23_events_havnfest_kronasar90-2/","url":"https://blog.europapark.de/fr/hotels/celebrons-le-solstice-dete-avec-la-fete-midsommer-havn/attachment/ep23_events_havnfest_kronasar90-2/","name":"EP23_EVENTS_HAVNFEST_KRONASAR90 - Le blog officiel d’Europa-Park","isPartOf":{"@id":"https://blog.europapark.de/fr/#website"},"datePublished":"2024-06-19T09:24:17+00:00","dateModified":"2024-06-21T12:32:50+00:00","breadcrumb":{"@id":"https://blog.europapark.de/fr/hotels/celebrons-le-solstice-dete-avec-la-fete-midsommer-havn/attachment/ep23_events_havnfest_kronasar90-2/#breadcrumb"},"inLanguage":"fr-FR","potentialAction":[{"@type":"ReadAction","target":["https://blog.europapark.de/fr/hotels/celebrons-le-solstice-dete-avec-la-fete-midsommer-havn/attachment/ep23_events_havnfest_kronasar90-2/"]}]},{"@type":"BreadcrumbList","@id":"https://blog.europapark.de/fr/hotels/celebrons-le-solstice-dete-avec-la-fete-midsommer-havn/attachment/ep23_events_havnfest_kronasar90-2/#breadcrumb","itemListElement":[{"@type":"ListItem","position":1,"name":"Accueil","item":"https://blog.europapark.de/fr/"},{"@type":"ListItem","position":2,"name":"Célébrons le solstice d&#8217;été avec la fête Midsommer Havn","item":"https://blog.europapark.de/fr/hotels/celebrons-le-solstice-dete-avec-la-fete-midsommer-havn/"},{"@type":"ListItem","position":3,"name":"EP23_EVENTS_HAVNFEST_KRONASAR90"}]},{"@type":"WebSite","@id":"https://blog.europapark.de/fr/#website","url":"https://blog.europapark.de/fr/","name":"Le blog officiel d’Europa-Park","description":"","potentialAction":[{"@type":"SearchAction","target":{"@type":"EntryPoint","urlTemplate":"https://blog.europapark.de/fr/?s={search_term_string}"},"query-input":{"@type":"PropertyValueSpecification","valueRequired":true,"valueName":"search_term_string"}}],"inLanguage":"fr-FR"}]}</script>
<!-- / Yoast SEO plugin. -->

Célébrons le solstice d&#8217;été avec la fête Midsommer Havn
