{"id":12110,"date":"2024-02-05T11:48:09","date_gmt":"2024-02-05T10:48:09","guid":{"rendered":"https:\/\/blog.europapark.de\/wp-content\/uploads\/2024\/02\/Soziales-Engagement-9-edited.jpg"},"modified":"2024-02-05T16:34:33","modified_gmt":"2024-02-05T15:34:33","slug":"soziales-engagement-9-2-2","status":"inherit","type":"attachment","link":"https:\/\/blog.europapark.de\/fr\/europa-park-fr\/lengagement-social-deuropa-park-une-histoire-de-longue-date\/attachment\/soziales-engagement-9-2-2\/","title":{"rendered":"Mauritia (\u00e0 gauche) et Marianne Mack sont chacune \u00e0 la t\u00eate de leur propre association de soutien."},"author":30,"featured_media":0,"comment_status":"closed","ping_status":"closed","template":"","meta":{"_acf_changed":false},"class_list":["post-12110","attachment","type-attachment","status-inherit","hentry"],"acf":[],"yoast_head":"<!-- This site is optimized with the Yoast SEO plugin v26.9 - https:\/\/yoast.com\/product\/yoast-seo-wordpress\/ -->\n<title>Mauritia (\u00e0 gauche) et Marianne Mack sont chacune \u00e0 la t\u00eate de leur propre association de soutien. - Le blog officiel d\u2019Europa-Park<\/title>\n<meta name=\"robots\" content=\"index, follow, max-snippet:-1, max-image-preview:large, max-video-preview:-1\" \/>\n<link rel=\"canonical\" href=\"https:\/\/blog.europapark.de\/fr\/europa-park-fr\/lengagement-social-deuropa-park-une-histoire-de-longue-date\/attachment\/soziales-engagement-9-2-2\/\" \/>\n<meta property=\"og:locale\" content=\"fr_FR\" \/>\n<meta property=\"og:type\" content=\"article\" \/>\n<meta property=\"og:title\" content=\"Mauritia (\u00e0 gauche) et Marianne Mack sont chacune \u00e0 la t\u00eate de leur propre association de soutien. - Le blog officiel d\u2019Europa-Park\" \/>\n<meta property=\"og:description\" content=\"Mauritia (\u00e0 gauche) et Marianne Mack sont chacune \u00e0 la t\u00eate de leur propre association de soutien. RADIO REGENBOGEN AWARD 2015 im Europa - Park Confertainment Center in Rust am 24.04.2015. Agency People Image(c.) Michael Tinnefeld *WARNING* STRICTLY NO FAN WEBSITE \/ NO BLOG \/ NO FACEBOOK \/ NO INSTAGRAM \/ NO SOCIAL WEB USE! ALL RIGHTS RESERVED!\" \/>\n<meta property=\"og:url\" content=\"https:\/\/blog.europapark.de\/fr\/europa-park-fr\/lengagement-social-deuropa-park-une-histoire-de-longue-date\/attachment\/soziales-engagement-9-2-2\/\" \/>\n<meta property=\"og:site_name\" content=\"Le blog officiel d\u2019Europa-Park\" \/>\n<meta property=\"article:modified_time\" content=\"2024-02-05T15:34:33+00:00\" \/>\n<meta property=\"og:image\" content=\"https:\/\/blog.europapark.de\/wp-content\/uploads\/2024\/02\/Soziales-Engagement-9-edited.jpg\" \/>\n\t<meta property=\"og:image:width\" content=\"1569\" \/>\n\t<meta property=\"og:image:height\" content=\"1046\" \/>\n\t<meta property=\"og:image:type\" content=\"image\/jpeg\" \/>\n<meta name=\"twitter:card\" content=\"summary_large_image\" \/>\n<script type=\"application\/ld+json\" class=\"yoast-schema-graph\">{\"@context\":\"https:\/\/schema.org\",\"@graph\":[{\"@type\":\"WebPage\",\"@id\":\"https:\/\/blog.europapark.de\/fr\/europa-park-fr\/lengagement-social-deuropa-park-une-histoire-de-longue-date\/attachment\/soziales-engagement-9-2-2\/\",\"url\":\"https:\/\/blog.europapark.de\/fr\/europa-park-fr\/lengagement-social-deuropa-park-une-histoire-de-longue-date\/attachment\/soziales-engagement-9-2-2\/\",\"name\":\"Mauritia (\u00e0 gauche) et Marianne Mack sont chacune \u00e0 la t\u00eate de leur propre association de soutien. - Le blog officiel d\u2019Europa-Park\",\"isPartOf\":{\"@id\":\"https:\/\/blog.europapark.de\/fr\/#website\"},\"datePublished\":\"2024-02-05T10:48:09+00:00\",\"dateModified\":\"2024-02-05T15:34:33+00:00\",\"breadcrumb\":{\"@id\":\"https:\/\/blog.europapark.de\/fr\/europa-park-fr\/lengagement-social-deuropa-park-une-histoire-de-longue-date\/attachment\/soziales-engagement-9-2-2\/#breadcrumb\"},\"inLanguage\":\"fr-FR\",\"potentialAction\":[{\"@type\":\"ReadAction\",\"target\":[\"https:\/\/blog.europapark.de\/fr\/europa-park-fr\/lengagement-social-deuropa-park-une-histoire-de-longue-date\/attachment\/soziales-engagement-9-2-2\/\"]}]},{\"@type\":\"BreadcrumbList\",\"@id\":\"https:\/\/blog.europapark.de\/fr\/europa-park-fr\/lengagement-social-deuropa-park-une-histoire-de-longue-date\/attachment\/soziales-engagement-9-2-2\/#breadcrumb\",\"itemListElement\":[{\"@type\":\"ListItem\",\"position\":1,\"name\":\"Accueil\",\"item\":\"https:\/\/blog.europapark.de\/fr\/\"},{\"@type\":\"ListItem\",\"position\":2,\"name\":\"L&#8217;engagement social et caritatif d&#8217;Europa-Park, une histoire de longue date\",\"item\":\"https:\/\/blog.europapark.de\/fr\/europa-park-fr\/lengagement-social-deuropa-park-une-histoire-de-longue-date\/\"},{\"@type\":\"ListItem\",\"position\":3,\"name\":\"Mauritia (\u00e0 gauche) et Marianne Mack sont chacune \u00e0 la t\u00eate de leur propre association de soutien.\"}]},{\"@type\":\"WebSite\",\"@id\":\"https:\/\/blog.europapark.de\/fr\/#website\",\"url\":\"https:\/\/blog.europapark.de\/fr\/\",\"name\":\"Le blog officiel d\u2019Europa-Park\",\"description\":\"\",\"potentialAction\":[{\"@type\":\"SearchAction\",\"target\":{\"@type\":\"EntryPoint\",\"urlTemplate\":\"https:\/\/blog.europapark.de\/fr\/?s={search_term_string}\"},\"query-input\":{\"@type\":\"PropertyValueSpecification\",\"valueRequired\":true,\"valueName\":\"search_term_string\"}}],\"inLanguage\":\"fr-FR\"}]}<\/script>\n<!-- \/ Yoast SEO plugin. -->","yoast_head_json":{"title":"Mauritia (\u00e0 gauche) et Marianne Mack sont chacune \u00e0 la t\u00eate de leur propre association de soutien. - Le blog officiel d\u2019Europa-Park","robots":{"index":"index","follow":"follow","max-snippet":"max-snippet:-1","max-image-preview":"max-image-preview:large","max-video-preview":"max-video-preview:-1"},"canonical":"https:\/\/blog.europapark.de\/fr\/europa-park-fr\/lengagement-social-deuropa-park-une-histoire-de-longue-date\/attachment\/soziales-engagement-9-2-2\/","og_locale":"fr_FR","og_type":"article","og_title":"Mauritia (\u00e0 gauche) et Marianne Mack sont chacune \u00e0 la t\u00eate de leur propre association de soutien. - Le blog officiel d\u2019Europa-Park","og_description":"Mauritia (\u00e0 gauche) et Marianne Mack sont chacune \u00e0 la t\u00eate de leur propre association de soutien. RADIO REGENBOGEN AWARD 2015 im Europa - Park Confertainment Center in Rust am 24.04.2015. Agency People Image(c.) Michael Tinnefeld *WARNING* STRICTLY NO FAN WEBSITE \/ NO BLOG \/ NO FACEBOOK \/ NO INSTAGRAM \/ NO SOCIAL WEB USE! ALL RIGHTS RESERVED!","og_url":"https:\/\/blog.europapark.de\/fr\/europa-park-fr\/lengagement-social-deuropa-park-une-histoire-de-longue-date\/attachment\/soziales-engagement-9-2-2\/","og_site_name":"Le blog officiel d\u2019Europa-Park","article_modified_time":"2024-02-05T15:34:33+00:00","og_image":[{"width":1569,"height":1046,"url":"https:\/\/blog.europapark.de\/wp-content\/uploads\/2024\/02\/Soziales-Engagement-9-edited.jpg","type":"image\/jpeg"}],"twitter_card":"summary_large_image","schema":{"@context":"https:\/\/schema.org","@graph":[{"@type":"WebPage","@id":"https:\/\/blog.europapark.de\/fr\/europa-park-fr\/lengagement-social-deuropa-park-une-histoire-de-longue-date\/attachment\/soziales-engagement-9-2-2\/","url":"https:\/\/blog.europapark.de\/fr\/europa-park-fr\/lengagement-social-deuropa-park-une-histoire-de-longue-date\/attachment\/soziales-engagement-9-2-2\/","name":"Mauritia (\u00e0 gauche) et Marianne Mack sont chacune \u00e0 la t\u00eate de leur propre association de soutien. - Le blog officiel d\u2019Europa-Park","isPartOf":{"@id":"https:\/\/blog.europapark.de\/fr\/#website"},"datePublished":"2024-02-05T10:48:09+00:00","dateModified":"2024-02-05T15:34:33+00:00","breadcrumb":{"@id":"https:\/\/blog.europapark.de\/fr\/europa-park-fr\/lengagement-social-deuropa-park-une-histoire-de-longue-date\/attachment\/soziales-engagement-9-2-2\/#breadcrumb"},"inLanguage":"fr-FR","potentialAction":[{"@type":"ReadAction","target":["https:\/\/blog.europapark.de\/fr\/europa-park-fr\/lengagement-social-deuropa-park-une-histoire-de-longue-date\/attachment\/soziales-engagement-9-2-2\/"]}]},{"@type":"BreadcrumbList","@id":"https:\/\/blog.europapark.de\/fr\/europa-park-fr\/lengagement-social-deuropa-park-une-histoire-de-longue-date\/attachment\/soziales-engagement-9-2-2\/#breadcrumb","itemListElement":[{"@type":"ListItem","position":1,"name":"Accueil","item":"https:\/\/blog.europapark.de\/fr\/"},{"@type":"ListItem","position":2,"name":"L&#8217;engagement social et caritatif d&#8217;Europa-Park, une histoire de longue date","item":"https:\/\/blog.europapark.de\/fr\/europa-park-fr\/lengagement-social-deuropa-park-une-histoire-de-longue-date\/"},{"@type":"ListItem","position":3,"name":"Mauritia (\u00e0 gauche) et Marianne Mack sont chacune \u00e0 la t\u00eate de leur propre association de soutien."}]},{"@type":"WebSite","@id":"https:\/\/blog.europapark.de\/fr\/#website","url":"https:\/\/blog.europapark.de\/fr\/","name":"Le blog officiel d\u2019Europa-Park","description":"","potentialAction":[{"@type":"SearchAction","target":{"@type":"EntryPoint","urlTemplate":"https:\/\/blog.europapark.de\/fr\/?s={search_term_string}"},"query-input":{"@type":"PropertyValueSpecification","valueRequired":true,"valueName":"search_term_string"}}],"inLanguage":"fr-FR"}]}},"description":{"rendered":"<p class=\"attachment\"><a href='https:\/\/blog.europapark.de\/wp-content\/uploads\/2024\/02\/Soziales-Engagement-9-edited.jpg'><img loading=\"lazy\" decoding=\"async\" width=\"400\" height=\"267\" src=\"https:\/\/blog.europapark.de\/wp-content\/uploads\/2024\/02\/Soziales-Engagement-9-edited-400x267.jpg\" class=\"attachment-medium size-medium\" alt=\"Mauritia (\u00e0 gauche) et Marianne Mack sont chacune \u00e0 la t\u00eate de leur propre association de soutien.\" srcset=\"https:\/\/blog.europapark.de\/wp-content\/uploads\/2024\/02\/Soziales-Engagement-9-edited-400x267.jpg 400w, https:\/\/blog.europapark.de\/wp-content\/uploads\/2024\/02\/Soziales-Engagement-9-edited-1024x683.jpg 1024w, https:\/\/blog.europapark.de\/wp-content\/uploads\/2024\/02\/Soziales-Engagement-9-edited-768x512.jpg 768w, https:\/\/blog.europapark.de\/wp-content\/uploads\/2024\/02\/Soziales-Engagement-9-edited-1536x1024.jpg 1536w, https:\/\/blog.europapark.de\/wp-content\/uploads\/2024\/02\/Soziales-Engagement-9-edited.jpg 1569w\" sizes=\"auto, (max-width: 400px) 100vw, 400px\" \/><\/a><\/p>\n<p>Mauritia (\u00e0 gauche) et Marianne Mack sont chacune \u00e0 la t\u00eate de leur propre association de soutien.<\/p>\n"},"caption":{"rendered":"<p>Mauritia (\u00e0 gauche) et Marianne Mack sont chacune \u00e0 la t\u00eate de leur propre association de soutien.<br \/>\nRADIO REGENBOGEN AWARD 2015 im Europa &#8211; Park Confertainment Center in Rust am 24.04.2015.<br \/>\nAgency People Image(c.) Michael Tinnefeld<\/p>\n<p>*WARNING*<br \/>\nSTRICTLY NO FAN WEBSITE \/ NO BLOG \/ NO FACEBOOK \/ NO INSTAGRAM \/ NO SOCIAL WEB USE!<\/p>\n<p>ALL RIGHTS RESERVED!<\/p>\n"},"alt_text":"Mauritia (\u00e0 gauche) et Marianne Mack sont chacune \u00e0 la t\u00eate de leur propre association de soutien.","media_type":"image","mime_type":"image\/jpeg","media_details":{"width":1569,"height":1046,"file":"2024\/02\/Soziales-Engagement-9-edited.jpg","filesize":226200,"sizes":{"medium":{"file":"Soziales-Engagement-9-edited-400x267.jpg","width":400,"height":267,"filesize":20013,"mime_type":"image\/jpeg","source_url":"https:\/\/blog.europapark.de\/wp-content\/uploads\/2024\/02\/Soziales-Engagement-9-edited-400x267.jpg"},"large":{"file":"Soziales-Engagement-9-edited-1024x683.jpg","width":1024,"height":683,"filesize":103163,"mime_type":"image\/jpeg","source_url":"https:\/\/blog.europapark.de\/wp-content\/uploads\/2024\/02\/Soziales-Engagement-9-edited-1024x683.jpg"},"thumbnail":{"file":"Soziales-Engagement-9-edited-150x150.jpg","width":150,"height":150,"filesize":6541,"mime_type":"image\/jpeg","source_url":"https:\/\/blog.europapark.de\/wp-content\/uploads\/2024\/02\/Soziales-Engagement-9-edited-150x150.jpg"},"medium_large":{"file":"Soziales-Engagement-9-edited-768x512.jpg","width":768,"height":512,"filesize":61710,"mime_type":"image\/jpeg","source_url":"https:\/\/blog.europapark.de\/wp-content\/uploads\/2024\/02\/Soziales-Engagement-9-edited-768x512.jpg"},"1536x1536":{"file":"Soziales-Engagement-9-edited-1536x1024.jpg","width":1536,"height":1024,"filesize":202053,"mime_type":"image\/jpeg","source_url":"https:\/\/blog.europapark.de\/wp-content\/uploads\/2024\/02\/Soziales-Engagement-9-edited-1536x1024.jpg"},"full":{"file":"Soziales-Engagement-9-edited.jpg","width":1569,"height":1046,"mime_type":"image\/jpeg","source_url":"https:\/\/blog.europapark.de\/wp-content\/uploads\/2024\/02\/Soziales-Engagement-9-edited.jpg"}},"image_meta":{"aperture":"0","credit":"Agency People Image","camera":"","caption":"Mauritia Mack, Roland Mack und Frau Marianne, Iris Berben\nRADIO REGENBOGEN AWARD 2015 im Europa - Park Confertainment Center in Rust am 24.04.2015.\nAgency People Image(c.) Michael Tinnefeld\n\n*WARNING*\nSTRICTLY NO FAN WEBSITE \/ NO BLOG \/ NO FACEBOOK \/ NO INSTAGRAM \/ NO SOCIAL WEB USE!\n\nALL RIGHTS RESERVED!","created_timestamp":"0","copyright":"API (c.) Michael Tinnefeld","focal_length":"0","iso":"0","shutter_speed":"0","title":"","orientation":"0","keywords":["PARTY","SCHLUSSAPPLAUS"]}},"post":12073,"source_url":"https:\/\/blog.europapark.de\/wp-content\/uploads\/2024\/02\/Soziales-Engagement-9-edited.jpg","_links":{"self":[{"href":"https:\/\/blog.europapark.de\/fr\/wp-json\/wp\/v2\/media\/12110","targetHints":{"allow":["GET"]}}],"collection":[{"href":"https:\/\/blog.europapark.de\/fr\/wp-json\/wp\/v2\/media"}],"about":[{"href":"https:\/\/blog.europapark.de\/fr\/wp-json\/wp\/v2\/types\/attachment"}],"author":[{"embeddable":true,"href":"https:\/\/blog.europapark.de\/fr\/wp-json\/wp\/v2\/users\/30"}],"replies":[{"embeddable":true,"href":"https:\/\/blog.europapark.de\/fr\/wp-json\/wp\/v2\/comments?post=12110"}],"wp:attached-to":[{"embeddable":true,"post_type":"post","id":12073,"href":"https:\/\/blog.europapark.de\/fr\/wp-json\/wp\/v2\/posts\/12073"}],"curies":[{"name":"wp","href":"https:\/\/api.w.org\/{rel}","templated":true}]}}

Mauritia (à gauche) et Marianne Mack sont chacune à la tête de leur propre association de soutien.

<!-- This site is optimized with the Yoast SEO plugin v26.9 - https://yoast.com/product/yoast-seo-wordpress/ -->
<title>Mauritia (à gauche) et Marianne Mack sont chacune à la tête de leur propre association de soutien. - Le blog officiel d’Europa-Park</title>
<meta name="robots" content="index, follow, max-snippet:-1, max-image-preview:large, max-video-preview:-1" />
<link rel="canonical" href="https://blog.europapark.de/fr/europa-park-fr/lengagement-social-deuropa-park-une-histoire-de-longue-date/attachment/soziales-engagement-9-2-2/" />
<meta property="og:locale" content="fr_FR" />
<meta property="og:type" content="article" />
<meta property="og:title" content="Mauritia (à gauche) et Marianne Mack sont chacune à la tête de leur propre association de soutien. - Le blog officiel d’Europa-Park" />
<meta property="og:description" content="Mauritia (à gauche) et Marianne Mack sont chacune à la tête de leur propre association de soutien. RADIO REGENBOGEN AWARD 2015 im Europa - Park Confertainment Center in Rust am 24.04.2015. Agency People Image(c.) Michael Tinnefeld *WARNING* STRICTLY NO FAN WEBSITE / NO BLOG / NO FACEBOOK / NO INSTAGRAM / NO SOCIAL WEB USE! ALL RIGHTS RESERVED!" />
<meta property="og:url" content="https://blog.europapark.de/fr/europa-park-fr/lengagement-social-deuropa-park-une-histoire-de-longue-date/attachment/soziales-engagement-9-2-2/" />
<meta property="og:site_name" content="Le blog officiel d’Europa-Park" />
<meta property="article:modified_time" content="2024-02-05T15:34:33+00:00" />
<meta property="og:image" content="https://blog.europapark.de/wp-content/uploads/2024/02/Soziales-Engagement-9-edited.jpg" />
	<meta property="og:image:width" content="1569" />
	<meta property="og:image:height" content="1046" />
	<meta property="og:image:type" content="image/jpeg" />
<meta name="twitter:card" content="summary_large_image" />
<script type="application/ld+json" class="yoast-schema-graph">{"@context":"https://schema.org","@graph":[{"@type":"WebPage","@id":"https://blog.europapark.de/fr/europa-park-fr/lengagement-social-deuropa-park-une-histoire-de-longue-date/attachment/soziales-engagement-9-2-2/","url":"https://blog.europapark.de/fr/europa-park-fr/lengagement-social-deuropa-park-une-histoire-de-longue-date/attachment/soziales-engagement-9-2-2/","name":"Mauritia (à gauche) et Marianne Mack sont chacune à la tête de leur propre association de soutien. - Le blog officiel d’Europa-Park","isPartOf":{"@id":"https://blog.europapark.de/fr/#website"},"datePublished":"2024-02-05T10:48:09+00:00","dateModified":"2024-02-05T15:34:33+00:00","breadcrumb":{"@id":"https://blog.europapark.de/fr/europa-park-fr/lengagement-social-deuropa-park-une-histoire-de-longue-date/attachment/soziales-engagement-9-2-2/#breadcrumb"},"inLanguage":"fr-FR","potentialAction":[{"@type":"ReadAction","target":["https://blog.europapark.de/fr/europa-park-fr/lengagement-social-deuropa-park-une-histoire-de-longue-date/attachment/soziales-engagement-9-2-2/"]}]},{"@type":"BreadcrumbList","@id":"https://blog.europapark.de/fr/europa-park-fr/lengagement-social-deuropa-park-une-histoire-de-longue-date/attachment/soziales-engagement-9-2-2/#breadcrumb","itemListElement":[{"@type":"ListItem","position":1,"name":"Accueil","item":"https://blog.europapark.de/fr/"},{"@type":"ListItem","position":2,"name":"L&#8217;engagement social et caritatif d&#8217;Europa-Park, une histoire de longue date","item":"https://blog.europapark.de/fr/europa-park-fr/lengagement-social-deuropa-park-une-histoire-de-longue-date/"},{"@type":"ListItem","position":3,"name":"Mauritia (à gauche) et Marianne Mack sont chacune à la tête de leur propre association de soutien."}]},{"@type":"WebSite","@id":"https://blog.europapark.de/fr/#website","url":"https://blog.europapark.de/fr/","name":"Le blog officiel d’Europa-Park","description":"","potentialAction":[{"@type":"SearchAction","target":{"@type":"EntryPoint","urlTemplate":"https://blog.europapark.de/fr/?s={search_term_string}"},"query-input":{"@type":"PropertyValueSpecification","valueRequired":true,"valueName":"search_term_string"}}],"inLanguage":"fr-FR"}]}</script>
<!-- / Yoast SEO plugin. -->

Mauritia (à gauche) et Marianne Mack sont chacune à la tête de leur propre association de soutien. - Le blog officiel d’Europa-Park

Mauritia (à gauche) et Marianne Mack sont chacune à la tête de leur propre association de soutien. RADIO REGENBOGEN AWARD 2015 im Europa - Park Confertainment Center in Rust am 24.04.2015. Agency People Image(c.) Michael Tinnefeld *WARNING* STRICTLY NO FAN WEBSITE / NO BLOG / NO FACEBOOK / NO INSTAGRAM / NO SOCIAL WEB USE! ALL RIGHTS RESERVED!

<p class="attachment"><a href='https://blog.europapark.de/wp-content/uploads/2024/02/Soziales-Engagement-9-edited.jpg'><img loading="lazy" decoding="async" width="400" height="267" src="https://blog.europapark.de/wp-content/uploads/2024/02/Soziales-Engagement-9-edited-400x267.jpg" class="attachment-medium size-medium" alt="Mauritia (à gauche) et Marianne Mack sont chacune à la tête de leur propre association de soutien." srcset="https://blog.europapark.de/wp-content/uploads/2024/02/Soziales-Engagement-9-edited-400x267.jpg 400w, https://blog.europapark.de/wp-content/uploads/2024/02/Soziales-Engagement-9-edited-1024x683.jpg 1024w, https://blog.europapark.de/wp-content/uploads/2024/02/Soziales-Engagement-9-edited-768x512.jpg 768w, https://blog.europapark.de/wp-content/uploads/2024/02/Soziales-Engagement-9-edited-1536x1024.jpg 1536w, https://blog.europapark.de/wp-content/uploads/2024/02/Soziales-Engagement-9-edited.jpg 1569w" sizes="auto, (max-width: 400px) 100vw, 400px" /></a></p>
<p>Mauritia (à gauche) et Marianne Mack sont chacune à la tête de leur propre association de soutien.</p>

<p>Mauritia (à gauche) et Marianne Mack sont chacune à la tête de leur propre association de soutien.<br />
RADIO REGENBOGEN AWARD 2015 im Europa &#8211; Park Confertainment Center in Rust am 24.04.2015.<br />
Agency People Image(c.) Michael Tinnefeld</p>
<p>*WARNING*<br />
STRICTLY NO FAN WEBSITE / NO BLOG / NO FACEBOOK / NO INSTAGRAM / NO SOCIAL WEB USE!</p>
<p>ALL RIGHTS RESERVED!</p>
