{"id":11121,"date":"2023-09-11T16:30:57","date_gmt":"2023-09-11T14:30:57","guid":{"rendered":"https:\/\/blog.europapark.de\/wp-content\/uploads\/2023\/09\/EP22_YullbePro_AmberBlake_Menschen_192.jpg"},"modified":"2023-09-11T16:38:24","modified_gmt":"2023-09-11T14:38:24","slug":"ep22_yullbepro_amberblake_menschen_192","status":"inherit","type":"attachment","link":"https:\/\/blog.europapark.de\/fr\/europa-park-fr\/la-fete-continue-apres-la-journee-a-europa-park\/attachment\/ep22_yullbepro_amberblake_menschen_192\/","title":{"rendered":"Pr\u00eats pour votre mission \u00e0 YULLBE ?"},"author":22,"featured_media":0,"comment_status":"open","ping_status":"closed","template":"","meta":{"_acf_changed":false},"class_list":["post-11121","attachment","type-attachment","status-inherit","hentry"],"acf":[],"yoast_head":"<!-- This site is optimized with the Yoast SEO plugin v26.9 - https:\/\/yoast.com\/product\/yoast-seo-wordpress\/ -->\n<title>Pr\u00eats pour votre mission \u00e0 YULLBE ? - Le blog officiel d\u2019Europa-Park<\/title>\n<meta name=\"robots\" content=\"index, follow, max-snippet:-1, max-image-preview:large, max-video-preview:-1\" \/>\n<link rel=\"canonical\" href=\"https:\/\/blog.europapark.de\/fr\/europa-park-fr\/la-fete-continue-apres-la-journee-a-europa-park\/attachment\/ep22_yullbepro_amberblake_menschen_192\/\" \/>\n<meta property=\"og:locale\" content=\"fr_FR\" \/>\n<meta property=\"og:type\" content=\"article\" \/>\n<meta property=\"og:title\" content=\"Pr\u00eats pour votre mission \u00e0 YULLBE ? - Le blog officiel d\u2019Europa-Park\" \/>\n<meta property=\"og:description\" content=\"Pr\u00eats pour votre mission \u00e0 YULLBE ?\" \/>\n<meta property=\"og:url\" content=\"https:\/\/blog.europapark.de\/fr\/europa-park-fr\/la-fete-continue-apres-la-journee-a-europa-park\/attachment\/ep22_yullbepro_amberblake_menschen_192\/\" \/>\n<meta property=\"og:site_name\" content=\"Le blog officiel d\u2019Europa-Park\" \/>\n<meta property=\"article:modified_time\" content=\"2023-09-11T14:38:24+00:00\" \/>\n<meta property=\"og:image\" content=\"https:\/\/blog.europapark.de\/wp-content\/uploads\/2023\/09\/EP22_YullbePro_AmberBlake_Menschen_192.jpg\" \/>\n\t<meta property=\"og:image:width\" content=\"2560\" \/>\n\t<meta property=\"og:image:height\" content=\"1708\" \/>\n\t<meta property=\"og:image:type\" content=\"image\/jpeg\" \/>\n<meta name=\"twitter:card\" content=\"summary_large_image\" \/>\n<script type=\"application\/ld+json\" class=\"yoast-schema-graph\">{\"@context\":\"https:\/\/schema.org\",\"@graph\":[{\"@type\":\"WebPage\",\"@id\":\"https:\/\/blog.europapark.de\/fr\/europa-park-fr\/la-fete-continue-apres-la-journee-a-europa-park\/attachment\/ep22_yullbepro_amberblake_menschen_192\/\",\"url\":\"https:\/\/blog.europapark.de\/fr\/europa-park-fr\/la-fete-continue-apres-la-journee-a-europa-park\/attachment\/ep22_yullbepro_amberblake_menschen_192\/\",\"name\":\"Pr\u00eats pour votre mission \u00e0 YULLBE ? - Le blog officiel d\u2019Europa-Park\",\"isPartOf\":{\"@id\":\"https:\/\/blog.europapark.de\/fr\/#website\"},\"datePublished\":\"2023-09-11T14:30:57+00:00\",\"dateModified\":\"2023-09-11T14:38:24+00:00\",\"breadcrumb\":{\"@id\":\"https:\/\/blog.europapark.de\/fr\/europa-park-fr\/la-fete-continue-apres-la-journee-a-europa-park\/attachment\/ep22_yullbepro_amberblake_menschen_192\/#breadcrumb\"},\"inLanguage\":\"fr-FR\",\"potentialAction\":[{\"@type\":\"ReadAction\",\"target\":[\"https:\/\/blog.europapark.de\/fr\/europa-park-fr\/la-fete-continue-apres-la-journee-a-europa-park\/attachment\/ep22_yullbepro_amberblake_menschen_192\/\"]}]},{\"@type\":\"BreadcrumbList\",\"@id\":\"https:\/\/blog.europapark.de\/fr\/europa-park-fr\/la-fete-continue-apres-la-journee-a-europa-park\/attachment\/ep22_yullbepro_amberblake_menschen_192\/#breadcrumb\",\"itemListElement\":[{\"@type\":\"ListItem\",\"position\":1,\"name\":\"Accueil\",\"item\":\"https:\/\/blog.europapark.de\/fr\/\"},{\"@type\":\"ListItem\",\"position\":2,\"name\":\"La f\u00eate continue apr\u00e8s la journ\u00e9e \u00e0 Europa-Park !\",\"item\":\"https:\/\/blog.europapark.de\/fr\/europa-park-fr\/la-fete-continue-apres-la-journee-a-europa-park\/\"},{\"@type\":\"ListItem\",\"position\":3,\"name\":\"Pr\u00eats pour votre mission \u00e0 YULLBE ?\"}]},{\"@type\":\"WebSite\",\"@id\":\"https:\/\/blog.europapark.de\/fr\/#website\",\"url\":\"https:\/\/blog.europapark.de\/fr\/\",\"name\":\"Le blog officiel d\u2019Europa-Park\",\"description\":\"\",\"potentialAction\":[{\"@type\":\"SearchAction\",\"target\":{\"@type\":\"EntryPoint\",\"urlTemplate\":\"https:\/\/blog.europapark.de\/fr\/?s={search_term_string}\"},\"query-input\":{\"@type\":\"PropertyValueSpecification\",\"valueRequired\":true,\"valueName\":\"search_term_string\"}}],\"inLanguage\":\"fr-FR\"}]}<\/script>\n<!-- \/ Yoast SEO plugin. -->","yoast_head_json":{"title":"Pr\u00eats pour votre mission \u00e0 YULLBE ? - Le blog officiel d\u2019Europa-Park","robots":{"index":"index","follow":"follow","max-snippet":"max-snippet:-1","max-image-preview":"max-image-preview:large","max-video-preview":"max-video-preview:-1"},"canonical":"https:\/\/blog.europapark.de\/fr\/europa-park-fr\/la-fete-continue-apres-la-journee-a-europa-park\/attachment\/ep22_yullbepro_amberblake_menschen_192\/","og_locale":"fr_FR","og_type":"article","og_title":"Pr\u00eats pour votre mission \u00e0 YULLBE ? - Le blog officiel d\u2019Europa-Park","og_description":"Pr\u00eats pour votre mission \u00e0 YULLBE ?","og_url":"https:\/\/blog.europapark.de\/fr\/europa-park-fr\/la-fete-continue-apres-la-journee-a-europa-park\/attachment\/ep22_yullbepro_amberblake_menschen_192\/","og_site_name":"Le blog officiel d\u2019Europa-Park","article_modified_time":"2023-09-11T14:38:24+00:00","og_image":[{"width":2560,"height":1708,"url":"https:\/\/blog.europapark.de\/wp-content\/uploads\/2023\/09\/EP22_YullbePro_AmberBlake_Menschen_192.jpg","type":"image\/jpeg"}],"twitter_card":"summary_large_image","schema":{"@context":"https:\/\/schema.org","@graph":[{"@type":"WebPage","@id":"https:\/\/blog.europapark.de\/fr\/europa-park-fr\/la-fete-continue-apres-la-journee-a-europa-park\/attachment\/ep22_yullbepro_amberblake_menschen_192\/","url":"https:\/\/blog.europapark.de\/fr\/europa-park-fr\/la-fete-continue-apres-la-journee-a-europa-park\/attachment\/ep22_yullbepro_amberblake_menschen_192\/","name":"Pr\u00eats pour votre mission \u00e0 YULLBE ? - Le blog officiel d\u2019Europa-Park","isPartOf":{"@id":"https:\/\/blog.europapark.de\/fr\/#website"},"datePublished":"2023-09-11T14:30:57+00:00","dateModified":"2023-09-11T14:38:24+00:00","breadcrumb":{"@id":"https:\/\/blog.europapark.de\/fr\/europa-park-fr\/la-fete-continue-apres-la-journee-a-europa-park\/attachment\/ep22_yullbepro_amberblake_menschen_192\/#breadcrumb"},"inLanguage":"fr-FR","potentialAction":[{"@type":"ReadAction","target":["https:\/\/blog.europapark.de\/fr\/europa-park-fr\/la-fete-continue-apres-la-journee-a-europa-park\/attachment\/ep22_yullbepro_amberblake_menschen_192\/"]}]},{"@type":"BreadcrumbList","@id":"https:\/\/blog.europapark.de\/fr\/europa-park-fr\/la-fete-continue-apres-la-journee-a-europa-park\/attachment\/ep22_yullbepro_amberblake_menschen_192\/#breadcrumb","itemListElement":[{"@type":"ListItem","position":1,"name":"Accueil","item":"https:\/\/blog.europapark.de\/fr\/"},{"@type":"ListItem","position":2,"name":"La f\u00eate continue apr\u00e8s la journ\u00e9e \u00e0 Europa-Park !","item":"https:\/\/blog.europapark.de\/fr\/europa-park-fr\/la-fete-continue-apres-la-journee-a-europa-park\/"},{"@type":"ListItem","position":3,"name":"Pr\u00eats pour votre mission \u00e0 YULLBE ?"}]},{"@type":"WebSite","@id":"https:\/\/blog.europapark.de\/fr\/#website","url":"https:\/\/blog.europapark.de\/fr\/","name":"Le blog officiel d\u2019Europa-Park","description":"","potentialAction":[{"@type":"SearchAction","target":{"@type":"EntryPoint","urlTemplate":"https:\/\/blog.europapark.de\/fr\/?s={search_term_string}"},"query-input":{"@type":"PropertyValueSpecification","valueRequired":true,"valueName":"search_term_string"}}],"inLanguage":"fr-FR"}]}},"description":{"rendered":"<p class=\"attachment\"><a href='https:\/\/blog.europapark.de\/wp-content\/uploads\/2023\/09\/EP22_YullbePro_AmberBlake_Menschen_192.jpg'><img loading=\"lazy\" decoding=\"async\" width=\"400\" height=\"267\" src=\"https:\/\/blog.europapark.de\/wp-content\/uploads\/2023\/09\/EP22_YullbePro_AmberBlake_Menschen_192-400x267.jpg\" class=\"attachment-medium size-medium\" alt=\"Pr\u00eats pour votre mission \u00e0 YULLBE ?\" srcset=\"https:\/\/blog.europapark.de\/wp-content\/uploads\/2023\/09\/EP22_YullbePro_AmberBlake_Menschen_192-400x267.jpg 400w, https:\/\/blog.europapark.de\/wp-content\/uploads\/2023\/09\/EP22_YullbePro_AmberBlake_Menschen_192-1024x683.jpg 1024w, https:\/\/blog.europapark.de\/wp-content\/uploads\/2023\/09\/EP22_YullbePro_AmberBlake_Menschen_192-768x512.jpg 768w, https:\/\/blog.europapark.de\/wp-content\/uploads\/2023\/09\/EP22_YullbePro_AmberBlake_Menschen_192-1536x1025.jpg 1536w, https:\/\/blog.europapark.de\/wp-content\/uploads\/2023\/09\/EP22_YullbePro_AmberBlake_Menschen_192-2048x1366.jpg 2048w, https:\/\/blog.europapark.de\/wp-content\/uploads\/2023\/09\/EP22_YullbePro_AmberBlake_Menschen_192-1700x1134.jpg 1700w\" sizes=\"auto, (max-width: 400px) 100vw, 400px\" \/><\/a><\/p>\n<p>Pr\u00eats pour votre mission \u00e0 YULLBE ?<\/p>\n"},"caption":{"rendered":"<p>Pr\u00eats pour votre mission \u00e0 YULLBE ?<\/p>\n"},"alt_text":"Pr\u00eats pour votre mission \u00e0 YULLBE ?","media_type":"image","mime_type":"image\/jpeg","media_details":{"width":2560,"height":1708,"file":"2023\/09\/EP22_YullbePro_AmberBlake_Menschen_192.jpg","filesize":1048816,"sizes":{"medium":{"file":"EP22_YullbePro_AmberBlake_Menschen_192-400x267.jpg","width":400,"height":267,"filesize":20484,"mime_type":"image\/jpeg","source_url":"https:\/\/blog.europapark.de\/wp-content\/uploads\/2023\/09\/EP22_YullbePro_AmberBlake_Menschen_192-400x267.jpg"},"large":{"file":"EP22_YullbePro_AmberBlake_Menschen_192-1024x683.jpg","width":1024,"height":683,"filesize":75612,"mime_type":"image\/jpeg","source_url":"https:\/\/blog.europapark.de\/wp-content\/uploads\/2023\/09\/EP22_YullbePro_AmberBlake_Menschen_192-1024x683.jpg"},"thumbnail":{"file":"EP22_YullbePro_AmberBlake_Menschen_192-150x150.jpg","width":150,"height":150,"filesize":9153,"mime_type":"image\/jpeg","source_url":"https:\/\/blog.europapark.de\/wp-content\/uploads\/2023\/09\/EP22_YullbePro_AmberBlake_Menschen_192-150x150.jpg"},"medium_large":{"file":"EP22_YullbePro_AmberBlake_Menschen_192-768x512.jpg","width":768,"height":512,"filesize":49479,"mime_type":"image\/jpeg","source_url":"https:\/\/blog.europapark.de\/wp-content\/uploads\/2023\/09\/EP22_YullbePro_AmberBlake_Menschen_192-768x512.jpg"},"1536x1536":{"file":"EP22_YullbePro_AmberBlake_Menschen_192-1536x1025.jpg","width":1536,"height":1025,"filesize":140159,"mime_type":"image\/jpeg","source_url":"https:\/\/blog.europapark.de\/wp-content\/uploads\/2023\/09\/EP22_YullbePro_AmberBlake_Menschen_192-1536x1025.jpg"},"2048x2048":{"file":"EP22_YullbePro_AmberBlake_Menschen_192-2048x1366.jpg","width":2048,"height":1366,"filesize":224504,"mime_type":"image\/jpeg","source_url":"https:\/\/blog.europapark.de\/wp-content\/uploads\/2023\/09\/EP22_YullbePro_AmberBlake_Menschen_192-2048x1366.jpg"},"header-thumb":{"file":"EP22_YullbePro_AmberBlake_Menschen_192-1700x1134.jpg","width":1700,"height":1134,"filesize":164223,"mime_type":"image\/jpeg","source_url":"https:\/\/blog.europapark.de\/wp-content\/uploads\/2023\/09\/EP22_YullbePro_AmberBlake_Menschen_192-1700x1134.jpg"},"full":{"file":"EP22_YullbePro_AmberBlake_Menschen_192.jpg","width":2560,"height":1708,"mime_type":"image\/jpeg","source_url":"https:\/\/blog.europapark.de\/wp-content\/uploads\/2023\/09\/EP22_YullbePro_AmberBlake_Menschen_192.jpg"}},"image_meta":{"aperture":"0","credit":"","camera":"","caption":"","created_timestamp":"0","copyright":"","focal_length":"0","iso":"0","shutter_speed":"0","title":"","orientation":"0","keywords":[]}},"post":10899,"source_url":"https:\/\/blog.europapark.de\/wp-content\/uploads\/2023\/09\/EP22_YullbePro_AmberBlake_Menschen_192.jpg","_links":{"self":[{"href":"https:\/\/blog.europapark.de\/fr\/wp-json\/wp\/v2\/media\/11121","targetHints":{"allow":["GET"]}}],"collection":[{"href":"https:\/\/blog.europapark.de\/fr\/wp-json\/wp\/v2\/media"}],"about":[{"href":"https:\/\/blog.europapark.de\/fr\/wp-json\/wp\/v2\/types\/attachment"}],"author":[{"embeddable":true,"href":"https:\/\/blog.europapark.de\/fr\/wp-json\/wp\/v2\/users\/22"}],"replies":[{"embeddable":true,"href":"https:\/\/blog.europapark.de\/fr\/wp-json\/wp\/v2\/comments?post=11121"}],"wp:attached-to":[{"embeddable":true,"post_type":"post","id":10899,"href":"https:\/\/blog.europapark.de\/fr\/wp-json\/wp\/v2\/posts\/10899"}],"curies":[{"name":"wp","href":"https:\/\/api.w.org\/{rel}","templated":true}]}}

Prêts pour votre mission à YULLBE ?

<!-- This site is optimized with the Yoast SEO plugin v26.9 - https://yoast.com/product/yoast-seo-wordpress/ -->
<title>Prêts pour votre mission à YULLBE ? - Le blog officiel d’Europa-Park</title>
<meta name="robots" content="index, follow, max-snippet:-1, max-image-preview:large, max-video-preview:-1" />
<link rel="canonical" href="https://blog.europapark.de/fr/europa-park-fr/la-fete-continue-apres-la-journee-a-europa-park/attachment/ep22_yullbepro_amberblake_menschen_192/" />
<meta property="og:locale" content="fr_FR" />
<meta property="og:type" content="article" />
<meta property="og:title" content="Prêts pour votre mission à YULLBE ? - Le blog officiel d’Europa-Park" />
<meta property="og:description" content="Prêts pour votre mission à YULLBE ?" />
<meta property="og:url" content="https://blog.europapark.de/fr/europa-park-fr/la-fete-continue-apres-la-journee-a-europa-park/attachment/ep22_yullbepro_amberblake_menschen_192/" />
<meta property="og:site_name" content="Le blog officiel d’Europa-Park" />
<meta property="article:modified_time" content="2023-09-11T14:38:24+00:00" />
<meta property="og:image" content="https://blog.europapark.de/wp-content/uploads/2023/09/EP22_YullbePro_AmberBlake_Menschen_192.jpg" />
	<meta property="og:image:width" content="2560" />
	<meta property="og:image:height" content="1708" />
	<meta property="og:image:type" content="image/jpeg" />
<meta name="twitter:card" content="summary_large_image" />
<script type="application/ld+json" class="yoast-schema-graph">{"@context":"https://schema.org","@graph":[{"@type":"WebPage","@id":"https://blog.europapark.de/fr/europa-park-fr/la-fete-continue-apres-la-journee-a-europa-park/attachment/ep22_yullbepro_amberblake_menschen_192/","url":"https://blog.europapark.de/fr/europa-park-fr/la-fete-continue-apres-la-journee-a-europa-park/attachment/ep22_yullbepro_amberblake_menschen_192/","name":"Prêts pour votre mission à YULLBE ? - Le blog officiel d’Europa-Park","isPartOf":{"@id":"https://blog.europapark.de/fr/#website"},"datePublished":"2023-09-11T14:30:57+00:00","dateModified":"2023-09-11T14:38:24+00:00","breadcrumb":{"@id":"https://blog.europapark.de/fr/europa-park-fr/la-fete-continue-apres-la-journee-a-europa-park/attachment/ep22_yullbepro_amberblake_menschen_192/#breadcrumb"},"inLanguage":"fr-FR","potentialAction":[{"@type":"ReadAction","target":["https://blog.europapark.de/fr/europa-park-fr/la-fete-continue-apres-la-journee-a-europa-park/attachment/ep22_yullbepro_amberblake_menschen_192/"]}]},{"@type":"BreadcrumbList","@id":"https://blog.europapark.de/fr/europa-park-fr/la-fete-continue-apres-la-journee-a-europa-park/attachment/ep22_yullbepro_amberblake_menschen_192/#breadcrumb","itemListElement":[{"@type":"ListItem","position":1,"name":"Accueil","item":"https://blog.europapark.de/fr/"},{"@type":"ListItem","position":2,"name":"La fête continue après la journée à Europa-Park !","item":"https://blog.europapark.de/fr/europa-park-fr/la-fete-continue-apres-la-journee-a-europa-park/"},{"@type":"ListItem","position":3,"name":"Prêts pour votre mission à YULLBE ?"}]},{"@type":"WebSite","@id":"https://blog.europapark.de/fr/#website","url":"https://blog.europapark.de/fr/","name":"Le blog officiel d’Europa-Park","description":"","potentialAction":[{"@type":"SearchAction","target":{"@type":"EntryPoint","urlTemplate":"https://blog.europapark.de/fr/?s={search_term_string}"},"query-input":{"@type":"PropertyValueSpecification","valueRequired":true,"valueName":"search_term_string"}}],"inLanguage":"fr-FR"}]}</script>
<!-- / Yoast SEO plugin. -->

Prêts pour votre mission à YULLBE ? - Le blog officiel d’Europa-Park

La fête continue après la journée à Europa-Park !

<p class="attachment"><a href='https://blog.europapark.de/wp-content/uploads/2023/09/EP22_YullbePro_AmberBlake_Menschen_192.jpg'><img loading="lazy" decoding="async" width="400" height="267" src="https://blog.europapark.de/wp-content/uploads/2023/09/EP22_YullbePro_AmberBlake_Menschen_192-400x267.jpg" class="attachment-medium size-medium" alt="Prêts pour votre mission à YULLBE ?" srcset="https://blog.europapark.de/wp-content/uploads/2023/09/EP22_YullbePro_AmberBlake_Menschen_192-400x267.jpg 400w, https://blog.europapark.de/wp-content/uploads/2023/09/EP22_YullbePro_AmberBlake_Menschen_192-1024x683.jpg 1024w, https://blog.europapark.de/wp-content/uploads/2023/09/EP22_YullbePro_AmberBlake_Menschen_192-768x512.jpg 768w, https://blog.europapark.de/wp-content/uploads/2023/09/EP22_YullbePro_AmberBlake_Menschen_192-1536x1025.jpg 1536w, https://blog.europapark.de/wp-content/uploads/2023/09/EP22_YullbePro_AmberBlake_Menschen_192-2048x1366.jpg 2048w, https://blog.europapark.de/wp-content/uploads/2023/09/EP22_YullbePro_AmberBlake_Menschen_192-1700x1134.jpg 1700w" sizes="auto, (max-width: 400px) 100vw, 400px" /></a></p>
<p>Prêts pour votre mission à YULLBE ?</p>

<p>Prêts pour votre mission à YULLBE ?</p>
